{"id":764096,"date":"2025-08-28T11:00:23","date_gmt":"2025-08-28T08:00:23","guid":{"rendered":"https:\/\/roveyayinevi.com.tr\/index.php\/urun\/insan-haklari-hukuku-5-baski-prof-dr-ilyas-dogan\/"},"modified":"2026-04-15T03:29:51","modified_gmt":"2026-04-15T00:29:51","slug":"insan-haklari-hukuku-5-baski-prof-dr-ilyas-dogan","status":"publish","type":"product","link":"https:\/\/roveyayinevi.com.tr\/index.php\/urun\/insan-haklari-hukuku-5-baski-prof-dr-ilyas-dogan\/","title":{"rendered":"\u0130nsan Haklar\u0131 Hukuku (5. Bask\u0131) &#8211; Prof. Dr. \u0130lyas Do\u011fan"},"content":{"rendered":"<p>Eserimiz mod\u00fcler sistemde yaz\u0131lm\u0131\u015ft\u0131r. Her b\u00f6l\u00fcm, kendi i\u00e7inde yeterli i\u00e7erikte kurgulanm\u0131\u015ft\u0131r. Bu nedenle anlat\u0131mda kitab\u0131n se\u00e7ilen b\u00f6l\u00fcm\u00fc ba\u011f\u0131ms\u0131z olarak i\u015flenebilir. Bu durum \u00f6\u011frenme s\u00fcre\u00e7leri bak\u0131m\u0131ndan bir kesintiye yol a\u00e7maz. Ders anlat\u0131m\u0131nda konular\u0131n g\u00f6rsel malzemelerle desteklenmesi \u00f6\u011frencilerin dersleri daha iyi kavramas\u0131 ve peki\u015ftirmesinde kolayl\u0131k sa\u011flayacakt\u0131r. \u00d6z itibariyle \u00f6\u011frencilerin bilmesi gerekenlere a\u011f\u0131rl\u0131k verdik ve 2019\u2019da \u00e7\u0131kan yeni yay\u0131nlar\u0131 da kullanma f\u0131rsat\u0131n\u0131 bulduk. Eseri k\u0131saltmay\u0131 bu defa da ba\u015faramad\u0131k! G\u00f6zden ge\u00e7irilmi\u015f 3. bask\u0131 bir\u00e7ok yenilik i\u00e7ermektedir: Bu bask\u0131da her b\u00f6l\u00fcm\u00fcn sonunda hem s\u0131navlara haz\u0131rl\u0131k hem de ara\u015ft\u0131rma ama\u00e7l\u0131 sorular\u0131 &#8220;tart\u0131\u015fma konular\u0131\u201d ba\u015fl\u0131\u011f\u0131 alt\u0131nda ekledik. \u00d6nceden oldu\u011fu gibi \u00f6nemli g\u00f6rd\u00fc\u011f\u00fcm\u00fcz s\u00f6zle\u015fmelerin \u00f6ng\u00f6rd\u00fc\u011f\u00fc insan haklar\u0131n\u0131 koruma mekanizmalar\u0131n\u0131 ilgili b\u00f6l\u00fcm\u00fcn\u00fcn sonuna \u00e7izim olarak ekledik. Bu \u00e7izimler taraf\u0131m\u0131zca ger\u00e7ekle\u015ftirilmi\u015ftir. Eserimizle ilgili geri bildirimleri de g\u00f6z \u00f6n\u00fcne ald\u0131k. Bu bask\u0131da ikinci bask\u0131dan daha ayr\u0131nt\u0131l\u0131 bir kavram dizinine yer verilmi\u015ftir. Bu defa ki\u015fi ve terim dizinini de ay\u0131rd\u0131k. B\u00f6ylece konunun merakl\u0131lar\u0131, \u00f6\u011frenciler ve kamu sekt\u00f6r\u00fcnde s\u0131navlara haz\u0131rlananlar i\u00e7in daha ku\u015fat\u0131c\u0131 ve \u00f6zl\u00fc bir bak\u0131\u015f a\u00e7\u0131s\u0131 sunmay\u0131 hedefledik. Unutmay\u0131n\u0131z! \u0130nsan haklar\u0131na sayg\u0131 i\u00e7in \u00f6ncelikle bilgiye ve olumlu bir zihniyete ihtiya\u00e7 vard\u0131r. Bu zihniyetin, sadece yurtta\u015flarda olmas\u0131 yetmez. Daha \u00f6nemlisi devlet yetkisi kullananlar\u0131n, zihin d\u00fcnyas\u0131nda insan haklar\u0131na yer a\u00e7malar\u0131d\u0131r. Bu ba\u011flamda y\u00fcr\u00fctmenin yan\u0131 s\u0131ra yarg\u0131n\u0131n b\u00fct\u00fcn akt\u00f6rlerine b\u00fcy\u00fck bir g\u00f6rev d\u00fc\u015fmektedir.<\/p>\n","protected":false},"excerpt":{"rendered":"<p>Eserimiz mod\u00fcler sistemde yaz\u0131lm\u0131\u015ft\u0131r. Her b\u00f6l\u00fcm, kendi i\u00e7inde yeterli i\u00e7erikte kurgulanm\u0131\u015ft\u0131r. Bu nedenle anlat\u0131mda kitab\u0131n se\u00e7ilen b\u00f6l\u00fcm\u00fc ba\u011f\u0131ms\u0131z olarak i\u015flenebilir. Bu durum \u00f6\u011frenme s\u00fcre\u00e7leri bak\u0131m\u0131ndan bir<span class=\"excerpt-hellip\"> [\u2026]<\/span><\/p>\n","protected":false},"featured_media":0,"template":"","meta":{"_monsterinsights_skip_tracking":false,"_monsterinsights_sitenote_active":false,"_monsterinsights_sitenote_note":"","_monsterinsights_sitenote_category":0},"product_brand":[],"product_cat":[15350,17602],"product_tag":[],"class_list":{"0":"post-764096","1":"product","2":"type-product","3":"status-publish","5":"product_cat-hukuk","6":"product_cat-hukuk-uzerine","7":"pa_cilt-ciltsiz","8":"pa_tur-kitap","9":"pa_yayinevi-astana-yayinlari","10":"pa_yazar-prof-dr-ilyas-dogan","12":"first","13":"instock","14":"sale","15":"shipping-taxable","16":"purchasable","17":"product-type-simple"},"_links":{"self":[{"href":"https:\/\/roveyayinevi.com.tr\/index.php\/wp-json\/wp\/v2\/product\/764096","targetHints":{"allow":["GET"]}}],"collection":[{"href":"https:\/\/roveyayinevi.com.tr\/index.php\/wp-json\/wp\/v2\/product"}],"about":[{"href":"https:\/\/roveyayinevi.com.tr\/index.php\/wp-json\/wp\/v2\/types\/product"}],"wp:attachment":[{"href":"https:\/\/roveyayinevi.com.tr\/index.php\/wp-json\/wp\/v2\/media?parent=764096"}],"wp:term":[{"taxonomy":"product_brand","embeddable":true,"href":"https:\/\/roveyayinevi.com.tr\/index.php\/wp-json\/wp\/v2\/product_brand?post=764096"},{"taxonomy":"product_cat","embeddable":true,"href":"https:\/\/roveyayinevi.com.tr\/index.php\/wp-json\/wp\/v2\/product_cat?post=764096"},{"taxonomy":"product_tag","embeddable":true,"href":"https:\/\/roveyayinevi.com.tr\/index.php\/wp-json\/wp\/v2\/product_tag?post=764096"}],"curies":[{"name":"wp","href":"https:\/\/api.w.org\/{rel}","templated":true}]}}