{"id":764080,"date":"2025-08-28T11:00:03","date_gmt":"2025-08-28T08:00:03","guid":{"rendered":"https:\/\/roveyayinevi.com.tr\/index.php\/urun\/negatif-din-ozgurlugu\/"},"modified":"2026-04-15T03:29:51","modified_gmt":"2026-04-15T00:29:51","slug":"negatif-din-ozgurlugu","status":"publish","type":"product","link":"https:\/\/roveyayinevi.com.tr\/index.php\/urun\/negatif-din-ozgurlugu\/","title":{"rendered":"Negatif Din \u00d6zg\u00fcrl\u00fc\u011f\u00fc"},"content":{"rendered":"<p>Bu \u00e7al\u0131\u015fmada de\u011ferlendirilen temel varsay\u0131mlar \u015funlard\u0131r:Din ve vicdan \u00f6zg\u00fcrl\u00fc\u011f\u00fc hem modernle\u015fme hem de laikle\u015fmenin bir \u00fcr\u00fcn\u00fcd\u00fcr.Laikle\u015fme ile modernle\u015fme aras\u0131nda kuvvetli bir ba\u011f bulunmaktad\u0131r ancak bu bir zorunluluk ili\u015fkisi de\u011fildir.Negatif din \u00f6zg\u00fcrl\u00fc\u011f\u00fcn\u00fcn, temel bir yurtta\u015f hakk\u0131 oldu\u011funu; laikli\u011fin ve dinden \u00f6zg\u00fcrl\u00fc\u011f\u00fcn niteli\u011fi itibar\u0131yla talep edilebilir ve devlete pozitif y\u00fck\u00fcml\u00fcl\u00fckler y\u00fckleyen bir hak oldu\u011funu hem felsefi olarak hem de pozitif hukuk metinleri ba\u011flam\u0131nda savunmak olanakl\u0131d\u0131r.\u00c7al\u0131\u015fman\u0131n \u00e7\u0131k\u0131\u015f noktas\u0131 k\u00fcresel olarak laikle\u015fme tezinin ger\u00e7ekle\u015fmedi\u011fi ve post-laik olarak adland\u0131r\u0131labilecek bir D\u00fcnya\u2019da ya\u015fad\u0131\u011f\u0131m\u0131z tezi kar\u015f\u0131s\u0131nda negatif din \u00f6zg\u00fcrl\u00fc\u011f\u00fcn\u00fcn korunmas\u0131 gereklili\u011fi ya da hem bireysel hem de toplumsal seviyede laikli\u011fin bir hak olarak g\u00f6r\u00fcl\u00fcp g\u00f6r\u00fclemeyece\u011fi sorunudur.Negatif din \u00f6zg\u00fcrl\u00fc\u011f\u00fcn\u00fcn incelenmesi ve laikli\u011fin bir hak olarak tan\u0131nmas\u0131n\u0131n m\u00fcmk\u00fcn olup olmad\u0131\u011f\u0131n\u0131n tart\u0131\u015f\u0131labilmesi amac\u0131yla \u00e7al\u0131\u015fma giri\u015f b\u00f6l\u00fcm\u00fc haricinde en nihayetinde dinden \u00f6zg\u00fcrl\u00fc\u011f\u00fcn ve bu anlamdaki laikli\u011fin hak olarak anlam\u0131n\u0131 tart\u0131\u015facak b\u00fct\u00fcn kuramsal ve hukuki savlar\u0131 kar\u015f\u0131layacak \u015fekilde yap\u0131land\u0131r\u0131lacak d\u00f6rt b\u00f6l\u00fcmden olu\u015fmaktad\u0131r.<\/p>\n","protected":false},"excerpt":{"rendered":"<p>Bu \u00e7al\u0131\u015fmada de\u011ferlendirilen temel varsay\u0131mlar \u015funlard\u0131r:Din ve vicdan \u00f6zg\u00fcrl\u00fc\u011f\u00fc hem modernle\u015fme hem de laikle\u015fmenin bir \u00fcr\u00fcn\u00fcd\u00fcr.Laikle\u015fme ile modernle\u015fme aras\u0131nda kuvvetli bir ba\u011f bulunmaktad\u0131r ancak bu bir<span class=\"excerpt-hellip\"> [\u2026]<\/span><\/p>\n","protected":false},"featured_media":0,"template":"","meta":{"_monsterinsights_skip_tracking":false,"_monsterinsights_sitenote_active":false,"_monsterinsights_sitenote_note":"","_monsterinsights_sitenote_category":0},"product_brand":[],"product_cat":[13488],"product_tag":[],"class_list":{"0":"post-764080","1":"product","2":"type-product","3":"status-publish","5":"product_cat-toplum-ve-insan","6":"pa_cilt-ciltsiz","7":"pa_tur-kitap","8":"pa_yayinevi-astana-yayinlari","9":"pa_yazar-serdar-unver","11":"first","12":"instock","13":"sale","14":"shipping-taxable","15":"purchasable","16":"product-type-simple"},"_links":{"self":[{"href":"https:\/\/roveyayinevi.com.tr\/index.php\/wp-json\/wp\/v2\/product\/764080","targetHints":{"allow":["GET"]}}],"collection":[{"href":"https:\/\/roveyayinevi.com.tr\/index.php\/wp-json\/wp\/v2\/product"}],"about":[{"href":"https:\/\/roveyayinevi.com.tr\/index.php\/wp-json\/wp\/v2\/types\/product"}],"wp:attachment":[{"href":"https:\/\/roveyayinevi.com.tr\/index.php\/wp-json\/wp\/v2\/media?parent=764080"}],"wp:term":[{"taxonomy":"product_brand","embeddable":true,"href":"https:\/\/roveyayinevi.com.tr\/index.php\/wp-json\/wp\/v2\/product_brand?post=764080"},{"taxonomy":"product_cat","embeddable":true,"href":"https:\/\/roveyayinevi.com.tr\/index.php\/wp-json\/wp\/v2\/product_cat?post=764080"},{"taxonomy":"product_tag","embeddable":true,"href":"https:\/\/roveyayinevi.com.tr\/index.php\/wp-json\/wp\/v2\/product_tag?post=764080"}],"curies":[{"name":"wp","href":"https:\/\/api.w.org\/{rel}","templated":true}]}}