{"id":764074,"date":"2025-08-28T10:59:55","date_gmt":"2025-08-28T07:59:55","guid":{"rendered":"https:\/\/roveyayinevi.com.tr\/index.php\/urun\/abd-rusya-iliskilerinde-nukleer-silahsizlanma-adimlari\/"},"modified":"2026-04-15T03:29:51","modified_gmt":"2026-04-15T00:29:51","slug":"abd-rusya-iliskilerinde-nukleer-silahsizlanma-adimlari","status":"publish","type":"product","link":"https:\/\/roveyayinevi.com.tr\/index.php\/urun\/abd-rusya-iliskilerinde-nukleer-silahsizlanma-adimlari\/","title":{"rendered":"ABD &#8211; Rusya \u0130li\u015fkilerinde N\u00fckleer Silahs\u0131zlanma Ad\u0131mlar\u0131"},"content":{"rendered":"<p>G\u00fcn\u00fcm\u00fcz uluslararas\u0131 g\u00fcvenlik g\u00fcndeminin temel konular\u0131ndan birini, n\u00fckleer silahlar\/ n\u00fckleer silahlanma konusu olu\u015fturmaktad\u0131r. N\u00fckleer silahlar\u0131n kullan\u0131lmas\u0131 olas\u0131l\u0131\u011f\u0131na dayal\u0131 endi\u015fe, 2000\u2019li y\u0131llar\u0131n d\u00fcnyas\u0131nda de\u011fi\u015fen ve \u00e7e\u015fitlenen uluslararas\u0131 g\u00fcvenlik tehditlerinin olu\u015fturdu\u011fu endi\u015feler aras\u0131nda en \u00fcst s\u0131ralarda yer almaktad\u0131r.N\u00fckleer silahlar kaynakl\u0131 endi\u015feler, 1945\u2019te ilk kez kullan\u0131ld\u0131klar\u0131ndan beri d\u00fcnya i\u00e7in s\u00fcregelen bir endi\u015fe kayna\u011f\u0131 olmu\u015flard\u0131r. Bu endi\u015feler beraberinde uluslararas\u0131 alanda \u00e7\u00f6z\u00fcm aray\u0131\u015flar\u0131 da gelmi\u015f, n\u00fckleer silahlar\/ n\u00fckleer silahlanma sorununa \u00e7\u00f6z\u00fcm aray\u0131\u015flar\u0131nda ABD ve Rusya \u00f6nemli ad\u0131mlar atm\u0131\u015flard\u0131r.Tarihsel kronolojik bir de\u011ferlendirmeyle, \u201cABD-Rusya \u0130li\u015fkilerinde N\u00fckleer Silahs\u0131zlanma Ad\u0131mlar\u0131\u201dn\u0131 ele alan \u00e7al\u0131\u015fmada, ABD ve Rusya\u2019n\u0131n s\u00fcre\u00e7 i\u00e7inde n\u00fckleer silahs\u0131zlanma yolunda hangi ad\u0131mlar\u0131 att\u0131klar\u0131, iki \u00fclkenin n\u00fckleer silahs\u0131zlanmaya kar\u015f\u0131l\u0131kl\u0131 yakla\u015f\u0131mlar\u0131 \u00e7er\u00e7evesinde de\u011ferlendirilmektedir.<\/p>\n","protected":false},"excerpt":{"rendered":"<p>G\u00fcn\u00fcm\u00fcz uluslararas\u0131 g\u00fcvenlik g\u00fcndeminin temel konular\u0131ndan birini, n\u00fckleer silahlar\/ n\u00fckleer silahlanma konusu olu\u015fturmaktad\u0131r. N\u00fckleer silahlar\u0131n kullan\u0131lmas\u0131 olas\u0131l\u0131\u011f\u0131na dayal\u0131 endi\u015fe, 2000\u2019li y\u0131llar\u0131n d\u00fcnyas\u0131nda de\u011fi\u015fen ve \u00e7e\u015fitlenen uluslararas\u0131<span class=\"excerpt-hellip\"> [\u2026]<\/span><\/p>\n","protected":false},"featured_media":0,"template":"","meta":{"_monsterinsights_skip_tracking":false,"_monsterinsights_sitenote_active":false,"_monsterinsights_sitenote_note":"","_monsterinsights_sitenote_category":0},"product_brand":[],"product_cat":[12338,12337],"product_tag":[],"class_list":{"0":"post-764074","1":"product","2":"type-product","3":"status-publish","5":"product_cat-dunya-siyaseti-ve-politikasi","6":"product_cat-politika-siyaset","7":"pa_cilt-ciltsiz","8":"pa_tur-kitap","9":"pa_yayinevi-astana-yayinlari","10":"pa_yazar-sibel-kavuncu","12":"first","13":"instock","14":"sale","15":"shipping-taxable","16":"purchasable","17":"product-type-simple"},"_links":{"self":[{"href":"https:\/\/roveyayinevi.com.tr\/index.php\/wp-json\/wp\/v2\/product\/764074","targetHints":{"allow":["GET"]}}],"collection":[{"href":"https:\/\/roveyayinevi.com.tr\/index.php\/wp-json\/wp\/v2\/product"}],"about":[{"href":"https:\/\/roveyayinevi.com.tr\/index.php\/wp-json\/wp\/v2\/types\/product"}],"wp:attachment":[{"href":"https:\/\/roveyayinevi.com.tr\/index.php\/wp-json\/wp\/v2\/media?parent=764074"}],"wp:term":[{"taxonomy":"product_brand","embeddable":true,"href":"https:\/\/roveyayinevi.com.tr\/index.php\/wp-json\/wp\/v2\/product_brand?post=764074"},{"taxonomy":"product_cat","embeddable":true,"href":"https:\/\/roveyayinevi.com.tr\/index.php\/wp-json\/wp\/v2\/product_cat?post=764074"},{"taxonomy":"product_tag","embeddable":true,"href":"https:\/\/roveyayinevi.com.tr\/index.php\/wp-json\/wp\/v2\/product_tag?post=764074"}],"curies":[{"name":"wp","href":"https:\/\/api.w.org\/{rel}","templated":true}]}}