{"id":764063,"date":"2025-08-28T10:59:42","date_gmt":"2025-08-28T07:59:42","guid":{"rendered":"https:\/\/roveyayinevi.com.tr\/index.php\/urun\/bagimsizliginin-30-yilinda-kirgiz-cumhuriyeti-dis-politika-ve-uluslararasi-iliskiler\/"},"modified":"2026-04-15T03:29:51","modified_gmt":"2026-04-15T00:29:51","slug":"bagimsizliginin-30-yilinda-kirgiz-cumhuriyeti-dis-politika-ve-uluslararasi-iliskiler","status":"publish","type":"product","link":"https:\/\/roveyayinevi.com.tr\/index.php\/urun\/bagimsizliginin-30-yilinda-kirgiz-cumhuriyeti-dis-politika-ve-uluslararasi-iliskiler\/","title":{"rendered":"Ba\u011f\u0131ms\u0131zl\u0131\u011f\u0131n\u0131n 30. Y\u0131l\u0131nda K\u0131rg\u0131z Cumhuriyeti: D\u0131\u015f Politika ve Uluslararas\u0131 \u0130li\u015fkiler"},"content":{"rendered":"<p>G\u00fcn\u00fcm\u00fczde K\u0131rg\u0131zistan&#8217;\u0131n d\u00fcnyadaki politik ve ekonomik geli\u015fimini, d\u0131\u015f politikadaki rol\u00fcn\u00fc belirlerken, d\u0131\u015f politikas\u0131n\u0131n olu\u015fumunu incelemek \u00f6nemlidir. Zira k\u00fcreselle\u015fme ba\u011flam\u0131nda K\u0131rg\u0131zistan&#8217;\u0131n istikrarl\u0131 bir d\u0131\u015f politika geli\u015ftirmesi \u00e7ok zordur. K\u0131rg\u0131zistan&#8217;daki kalk\u0131nma s\u00fcreci, onunla i\u015fbirli\u011fi yapan di\u011fer yap\u0131lar i\u00e7in de ge\u00e7erlidir. SSCB\u2019nin y\u0131k\u0131lmas\u0131 sonucu uluslararas\u0131 arenaya \u00e7\u0131km\u0131\u015f olan K\u0131rg\u0131zistan\u2019\u0131n d\u00fcnya sistemindeki yerini tespit etmek Uluslararas\u0131 \u0130li\u015fkiler bilimi a\u00e7\u0131s\u0131ndan son derece \u00f6nemlidir. Bu eserde ba\u011f\u0131ms\u0131zl\u0131\u011f\u0131n\u0131 kazand\u0131ktan sonra d\u00fcnya siyasetinde ba\u011f\u0131ms\u0131z bir siyasi akt\u00f6r olarak yer almaya \u00e7al\u0131\u015fan K\u0131rg\u0131zistan\u2019\u0131n de\u011fi\u015fen uluslararas\u0131 sistemdeki yeri, \u00fclkenin d\u0131\u015f politikas\u0131n\u0131 ve uluslararas\u0131 ili\u015fkilerini inceleyerek tespit edilmeye \u00e7al\u0131\u015facakt\u0131r. K\u00fcreselle\u015fme ve b\u00f6lgeselle\u015fmenin h\u0131zla yayg\u0131n duruma gelmi\u015f oldu\u011fu g\u00fcn\u00fcm\u00fczde K\u0131rg\u0131zistan\u2019\u0131n 30 y\u0131ll\u0131k ba\u011f\u0131ms\u0131zl\u0131k tecr\u00fcbesi ve ger\u00e7ekle\u015ftirmekte oldu\u011fu d\u0131\u015f politikas\u0131 ve uluslararas\u0131 ili\u015fkilerinin durumu merak konusudur. K\u0131rg\u0131zistan, 30 y\u0131ll\u0131k ba\u011f\u0131ms\u0131zl\u0131k d\u00f6nemi i\u00e7in h\u00e2lihaz\u0131rda 3 cumhurba\u015fkan\u0131n\u0131 deviren, toplamda 6 cumhurba\u015fkan\u0131na sahip olmu\u015f, \u00fc\u00e7 devrim ya\u015fayan, iki etnik \u00e7at\u0131\u015fmay\u0131 atlatan ve yine de sa\u011flam kalan nispeten zay\u0131f bir devletin ilgin\u00e7 bir \u00f6rne\u011fidir. D\u0131\u015f politika i\u00e7 politikan\u0131n devam\u0131d\u0131r. Dolay\u0131s\u0131yla, K\u0131rg\u0131zistan\u2019\u0131n d\u0131\u015f politikas\u0131n\u0131n ba\u015far\u0131l\u0131\/s\u0131z oldu\u011funu de\u011ferlendirirken, \u00fclkeyi y\u00f6netenlerin rejimlerini dikkate almam\u0131z gerekmektedir. \u00dclkede cumhurba\u015fkan\u0131 ve etraf\u0131ndaki yetkililerin kendi \u00e7\u0131karlar\u0131n\u0131 \u00f6n planda tuttuklar\u0131 i\u00e7in hem i\u00e7 politikay\u0131 hem de d\u0131\u015f politikay\u0131 etkilediklerini s\u00f6ylemek m\u00fcmk\u00fcnd\u00fcr. Genel olarak kitap, geni\u015f jeopolitik g\u00fc\u00e7lerin ve karma\u015f\u0131k yerel fakt\u00f6rlerin birlikte K\u0131rg\u0131z d\u0131\u015f politikas\u0131n\u0131n olu\u015fumunda ne kadar b\u00fcy\u00fck bir etkiye sahip oldu\u011funu g\u00f6stermektedir.<\/p>\n","protected":false},"excerpt":{"rendered":"<p>G\u00fcn\u00fcm\u00fczde K\u0131rg\u0131zistan&#8217;\u0131n d\u00fcnyadaki politik ve ekonomik geli\u015fimini, d\u0131\u015f politikadaki rol\u00fcn\u00fc belirlerken, d\u0131\u015f politikas\u0131n\u0131n olu\u015fumunu incelemek \u00f6nemlidir. Zira k\u00fcreselle\u015fme ba\u011flam\u0131nda K\u0131rg\u0131zistan&#8217;\u0131n istikrarl\u0131 bir d\u0131\u015f politika geli\u015ftirmesi \u00e7ok<span class=\"excerpt-hellip\"> [\u2026]<\/span><\/p>\n","protected":false},"featured_media":0,"template":"","meta":{"_monsterinsights_skip_tracking":false,"_monsterinsights_sitenote_active":false,"_monsterinsights_sitenote_note":"","_monsterinsights_sitenote_category":0},"product_brand":[],"product_cat":[13590,12337],"product_tag":[],"class_list":{"0":"post-764063","1":"product","2":"type-product","3":"status-publish","5":"product_cat-arastirma-inceleme-politika-siyaset","6":"product_cat-politika-siyaset","7":"pa_cilt-ciltsiz","8":"pa_tur-kitap","9":"pa_yayinevi-astana-yayinlari","10":"pa_yazar-dr-burulkan-abdibaitova-pala","12":"first","13":"instock","14":"sale","15":"shipping-taxable","16":"purchasable","17":"product-type-simple"},"_links":{"self":[{"href":"https:\/\/roveyayinevi.com.tr\/index.php\/wp-json\/wp\/v2\/product\/764063","targetHints":{"allow":["GET"]}}],"collection":[{"href":"https:\/\/roveyayinevi.com.tr\/index.php\/wp-json\/wp\/v2\/product"}],"about":[{"href":"https:\/\/roveyayinevi.com.tr\/index.php\/wp-json\/wp\/v2\/types\/product"}],"wp:attachment":[{"href":"https:\/\/roveyayinevi.com.tr\/index.php\/wp-json\/wp\/v2\/media?parent=764063"}],"wp:term":[{"taxonomy":"product_brand","embeddable":true,"href":"https:\/\/roveyayinevi.com.tr\/index.php\/wp-json\/wp\/v2\/product_brand?post=764063"},{"taxonomy":"product_cat","embeddable":true,"href":"https:\/\/roveyayinevi.com.tr\/index.php\/wp-json\/wp\/v2\/product_cat?post=764063"},{"taxonomy":"product_tag","embeddable":true,"href":"https:\/\/roveyayinevi.com.tr\/index.php\/wp-json\/wp\/v2\/product_tag?post=764063"}],"curies":[{"name":"wp","href":"https:\/\/api.w.org\/{rel}","templated":true}]}}