{"id":764062,"date":"2025-08-28T10:59:40","date_gmt":"2025-08-28T07:59:40","guid":{"rendered":"https:\/\/roveyayinevi.com.tr\/index.php\/urun\/nlogit-ile-temel-ekonometri-ornekler-ve-program-kodlari\/"},"modified":"2026-04-15T03:29:51","modified_gmt":"2026-04-15T00:29:51","slug":"nlogit-ile-temel-ekonometri-ornekler-ve-program-kodlari","status":"publish","type":"product","link":"https:\/\/roveyayinevi.com.tr\/index.php\/urun\/nlogit-ile-temel-ekonometri-ornekler-ve-program-kodlari\/","title":{"rendered":"NLOGIT \u0130le Temel Ekonometri \u00d6rnekler ve Program Kodlar\u0131"},"content":{"rendered":"<p>Ekonometri, uygulamal\u0131 bilimler alan\u0131nda kullan\u0131lanmetodolojilerin bir b\u00fct\u00fcn\u00fcd\u00fcr. Matematik ve istatistik biliminin yo\u011fun \u015fekildekullan\u0131ld\u0131\u011f\u0131 ekonometri, g\u00fcn\u00fcm\u00fcz\u00fcn vazge\u00e7ilmezi haline gelmi\u015f bir bilimdir.Teorik ekonometrinin, say\u0131sal \u00e7\u00f6z\u00fcmlemeler ve programlama diliyle harmanlanmas\u0131neticesinde geli\u015fen uygulamal\u0131 ekonometri, paket programlar\u0131n kullan\u0131m\u0131n\u0131zorunlu hale getirmi\u015ftir. Sosyal bilimler alan\u0131nda ekonometrik analizlerinyap\u0131labilece\u011fi pek \u00e7ok paket bilgisayar program\u0131 mevcuttur. Bu programlar\u0131n\u00e7o\u011fu, men\u00fc yollar\u0131na sahipken, bir k\u0131sm\u0131 sadece komut sat\u0131r\u0131 kullanarak\u00e7al\u0131\u015ft\u0131r\u0131labilmektedir. Kitap kapsam\u0131nda ele al\u0131nan NLOGIT program\u0131 ise, hemmen\u00fc yard\u0131m\u0131yla hem de komut sat\u0131r\u0131na ilgili kod giri\u015fleri yap\u0131larakkullan\u0131labilmektedir. NLOGIT program\u0131n\u0131n bu kitapta tercih edilmesindeki en\u00f6nemli sebep budur.   Kitapta, giri\u015f d\u00fczeyinde ekonometrik analizlerin NLOGITprogram\u0131nda uygulamalar\u0131na yer verilmi\u015ftir. Kitapta her b\u00f6l\u00fcm, ilgili konuyaait k\u0131sa teorik bilgilere sahiptir ve bu bilgilerin akabinde NLOGIT program\u0131n\u0131nkendi i\u00e7inde yer alan veriler kullan\u0131larak \u00f6rnek uygulamalara yer verilmi\u015ftir.\u00d6zellikle uygulamal\u0131 bilimler alan\u0131nda \u00e7al\u0131\u015fan akademisyenlere, \u00f6\u011frencilere vet\u00fcm ilgililere bu anlamda faydal\u0131 olaca\u011f\u0131 d\u00fc\u015f\u00fcn\u00fclmektedir. Kitab\u0131n bir sonrakibask\u0131s\u0131nda ileri d\u00fczey ekonometrik analizlerin programda uygulan\u0131\u015f\u0131 eleal\u0131nacakt\u0131r.<\/p>\n","protected":false},"excerpt":{"rendered":"<p>Ekonometri, uygulamal\u0131 bilimler alan\u0131nda kullan\u0131lanmetodolojilerin bir b\u00fct\u00fcn\u00fcd\u00fcr. Matematik ve istatistik biliminin yo\u011fun \u015fekildekullan\u0131ld\u0131\u011f\u0131 ekonometri, g\u00fcn\u00fcm\u00fcz\u00fcn vazge\u00e7ilmezi haline gelmi\u015f bir bilimdir.Teorik ekonometrinin, say\u0131sal \u00e7\u00f6z\u00fcmlemeler ve programlama diliyle<span class=\"excerpt-hellip\"> [\u2026]<\/span><\/p>\n","protected":false},"featured_media":0,"template":"","meta":{"_monsterinsights_skip_tracking":false,"_monsterinsights_sitenote_active":false,"_monsterinsights_sitenote_note":"","_monsterinsights_sitenote_category":0},"product_brand":[],"product_cat":[13005,37328],"product_tag":[],"class_list":{"0":"post-764062","1":"product","2":"type-product","3":"status-publish","5":"product_cat-bilim-muhendislik","6":"product_cat-diger-bilim-muhendislik","7":"pa_cilt-ciltsiz","8":"pa_tur-kitap","9":"pa_yayinevi-astana-yayinlari","10":"pa_yazar-dr-isin-kiriskan","12":"first","13":"instock","14":"sale","15":"shipping-taxable","16":"purchasable","17":"product-type-simple"},"_links":{"self":[{"href":"https:\/\/roveyayinevi.com.tr\/index.php\/wp-json\/wp\/v2\/product\/764062","targetHints":{"allow":["GET"]}}],"collection":[{"href":"https:\/\/roveyayinevi.com.tr\/index.php\/wp-json\/wp\/v2\/product"}],"about":[{"href":"https:\/\/roveyayinevi.com.tr\/index.php\/wp-json\/wp\/v2\/types\/product"}],"wp:attachment":[{"href":"https:\/\/roveyayinevi.com.tr\/index.php\/wp-json\/wp\/v2\/media?parent=764062"}],"wp:term":[{"taxonomy":"product_brand","embeddable":true,"href":"https:\/\/roveyayinevi.com.tr\/index.php\/wp-json\/wp\/v2\/product_brand?post=764062"},{"taxonomy":"product_cat","embeddable":true,"href":"https:\/\/roveyayinevi.com.tr\/index.php\/wp-json\/wp\/v2\/product_cat?post=764062"},{"taxonomy":"product_tag","embeddable":true,"href":"https:\/\/roveyayinevi.com.tr\/index.php\/wp-json\/wp\/v2\/product_tag?post=764062"}],"curies":[{"name":"wp","href":"https:\/\/api.w.org\/{rel}","templated":true}]}}