{"id":764058,"date":"2025-08-28T10:59:35","date_gmt":"2025-08-28T07:59:35","guid":{"rendered":"https:\/\/roveyayinevi.com.tr\/index.php\/urun\/cevre-sorunlarina-iliskin-egemen-aciklama-bicimleri\/"},"modified":"2026-04-15T03:29:50","modified_gmt":"2026-04-15T00:29:50","slug":"cevre-sorunlarina-iliskin-egemen-aciklama-bicimleri","status":"publish","type":"product","link":"https:\/\/roveyayinevi.com.tr\/index.php\/urun\/cevre-sorunlarina-iliskin-egemen-aciklama-bicimleri\/","title":{"rendered":"\u00c7evre Sorunlar\u0131na \u0130li\u015fkin Egemen A\u00e7\u0131klama Bi\u00e7imleri"},"content":{"rendered":"<p>Son y\u00fczy\u0131lda \u00e7evre krizi k\u00fcresel, d\u00fcnyay\u0131 tehdit edenve \u00e7\u00f6z\u00fcm\u00fc zor bir hal alm\u0131\u015ft\u0131r. Bu krizin \u00e7\u00f6z\u00fcm\u00fcnde, her ne kadar k\u00fcresel i\u015fbirli\u011fi \u00e7er\u00e7evesinde modeller olu\u015fturulmaya \u00e7al\u0131\u015f\u0131lsa da birtak\u0131m teknolojikyenilikler veya artan n\u00fcfusu \u00f6nlemeye y\u00f6nelik uygulamalardan \u00f6teyegidememektedir.  \u00c7evre, insan\u0131n da i\u00e7inde oldu\u011fu canl\u0131 ve cans\u0131z varl\u0131klar\u0131n olu\u015fturdu\u011fu t\u00fcmunsurlar\u0131n etkile\u015fim halinde bulunduklar\u0131 bir ortam olarak tan\u0131mland\u0131\u011f\u0131nda, buortamda t\u00fcm unsurlar bir denge i\u00e7inde varl\u0131klar\u0131n\u0131 s\u00fcrd\u00fcrmesi gerekirken neoldu da \u00e7evre krizi ortaya \u00e7\u0131kt\u0131? sorusunun cevab\u0131n\u0131\u00e7o\u011fu g\u00f6r\u00fc\u015flere g\u00f6re Sanayi Devrimi ile ba\u015flayan ve do\u011fan\u0131n \u00f6l\u00e7\u00fcs\u00fczkullan\u0131lmas\u0131yla ortaya \u00e7\u0131kan \u00e7evre sorunlar\u0131 ile s\u0131n\u0131rland\u0131r\u0131lmaktad\u0131r. K\u00fcresel\u00e7evre krizinin \u00e7\u00f6z\u00fcm\u00fc i\u00e7in geli\u015ftirilen uluslararas\u0131 politikalarda iktisadi \u00fcretim tarz\u0131 ve toplumsal ili\u015fkiler g\u00f6z ard\u0131edilmektedir. \u00c7o\u011funlukla olu\u015fturulan bu \u00e7evre politikalar\u0131 egemen iktisadi sistemin rasyonel \u00e7\u0131karlar\u0131do\u011frultusunda egemen olan anlat\u0131 \u00e7er\u00e7evesinde bi\u00e7imlenmektedir. Ancak, \u00e7evre sorunlar\u0131n\u0131n\u00e7\u00f6z\u00fcm\u00fcnde toplumsal, iktisadi, siyasal k\u00f6kleri tarihsel arka planda ortaya\u00e7\u0131kmas\u0131na etken olan olaylar, faaliyetler ve\/veya y\u00f6ntemler gibi neden- sonu\u00e7kapsam\u0131nda incelenmesi daha \u00e7\u00f6z\u00fcmleyici olacakt\u0131r. Bu kitapta \u00e7evre sorunlar\u0131ve politikalar\u0131 tarihsel bir yakla\u015f\u0131mla incelenmi\u015f ve \u00e7evresorunlar\u0131n\u0131n temelinde yatan sosyo- ekonomik nedenler toplumsal ili\u015fkilerintarihsel de\u011fi\u015fimi d\u00f6nemler ve ekonomi politik temelinde ele al\u0131nm\u0131\u015ft\u0131r.<\/p>\n","protected":false},"excerpt":{"rendered":"<p>Son y\u00fczy\u0131lda \u00e7evre krizi k\u00fcresel, d\u00fcnyay\u0131 tehdit edenve \u00e7\u00f6z\u00fcm\u00fc zor bir hal alm\u0131\u015ft\u0131r. Bu krizin \u00e7\u00f6z\u00fcm\u00fcnde, her ne kadar k\u00fcresel i\u015fbirli\u011fi \u00e7er\u00e7evesinde modeller olu\u015fturulmaya \u00e7al\u0131\u015f\u0131lsa da<span class=\"excerpt-hellip\"> [\u2026]<\/span><\/p>\n","protected":false},"featured_media":0,"template":"","meta":{"_monsterinsights_skip_tracking":false,"_monsterinsights_sitenote_active":false,"_monsterinsights_sitenote_note":"","_monsterinsights_sitenote_category":0},"product_brand":[],"product_cat":[23323,12364],"product_tag":[],"class_list":{"0":"post-764058","1":"product","2":"type-product","3":"status-publish","5":"product_cat-ekoloji","6":"product_cat-genel-konular","7":"pa_cilt-ciltsiz","8":"pa_tur-kitap","9":"pa_yayinevi-astana-yayinlari","10":"pa_yazar-dr-sonay-sahin","12":"first","13":"instock","14":"sale","15":"shipping-taxable","16":"purchasable","17":"product-type-simple"},"_links":{"self":[{"href":"https:\/\/roveyayinevi.com.tr\/index.php\/wp-json\/wp\/v2\/product\/764058","targetHints":{"allow":["GET"]}}],"collection":[{"href":"https:\/\/roveyayinevi.com.tr\/index.php\/wp-json\/wp\/v2\/product"}],"about":[{"href":"https:\/\/roveyayinevi.com.tr\/index.php\/wp-json\/wp\/v2\/types\/product"}],"wp:attachment":[{"href":"https:\/\/roveyayinevi.com.tr\/index.php\/wp-json\/wp\/v2\/media?parent=764058"}],"wp:term":[{"taxonomy":"product_brand","embeddable":true,"href":"https:\/\/roveyayinevi.com.tr\/index.php\/wp-json\/wp\/v2\/product_brand?post=764058"},{"taxonomy":"product_cat","embeddable":true,"href":"https:\/\/roveyayinevi.com.tr\/index.php\/wp-json\/wp\/v2\/product_cat?post=764058"},{"taxonomy":"product_tag","embeddable":true,"href":"https:\/\/roveyayinevi.com.tr\/index.php\/wp-json\/wp\/v2\/product_tag?post=764058"}],"curies":[{"name":"wp","href":"https:\/\/api.w.org\/{rel}","templated":true}]}}