{"id":764055,"date":"2025-08-28T10:59:31","date_gmt":"2025-08-28T07:59:31","guid":{"rendered":"https:\/\/roveyayinevi.com.tr\/index.php\/urun\/turk-tarihinde-salginlar-ve-afetler\/"},"modified":"2026-04-15T03:29:50","modified_gmt":"2026-04-15T00:29:50","slug":"turk-tarihinde-salginlar-ve-afetler","status":"publish","type":"product","link":"https:\/\/roveyayinevi.com.tr\/index.php\/urun\/turk-tarihinde-salginlar-ve-afetler\/","title":{"rendered":"T\u00fcrk Tarihinde Salg\u0131nlar ve Afetler"},"content":{"rendered":"<p>Elinizdeki eser, birka\u00e7 a\u00e7\u0131dan tarih\u00e7ilerin al\u0131\u015fkanl\u0131klar\u0131n\u0131 bozuyor. Bir tarih anlat\u0131s\u0131 bug\u00fcne ula\u015fabilmeli bug\u00fcn\u00fc d\u00f6n\u00fc\u015ft\u00fcrebilmelidir. Fakat bu denli bir etki g\u00fcc\u00fc, sosyo-politik saiklerle tarihin k\u00f6t\u00fcye kullan\u0131ld\u0131\u011f\u0131 \u00f6rneklerin d\u0131\u015f\u0131nda fazla g\u00f6r\u00fclmez. Tarihin, pek \u00e7oklar\u0131n\u0131n d\u00fc\u015f\u00fcnd\u00fc\u011f\u00fcn\u00fcn ve inanmak istedi\u011finin tersine, bug\u00fcn\u00fc belirleyen de\u011fi\u015fkenlerden \u201cyaln\u0131zca biri\u201d olmas\u0131, tarih metinlerinin s\u00f6z\u00fc edilen durumunu a\u00e7\u0131klayabilir. \u015eu an elinizde tuttu\u011funuz eser, i\u015fte bu noktada farkl\u0131la\u015f\u0131yor. O, ge\u00e7mi\u015fte belirlenmi\u015f bir d\u00f6nemdeki bir bilinmezden yola \u00e7\u0131km\u0131yor. \u015ea\u015f\u0131rt\u0131c\u0131 bir cesaretle, bug\u00fcnden yola \u00e7\u0131k\u0131yor. \u00dcstelik bug\u00fcn\u00fc hani neredeyse b\u00fct\u00fcn\u00fcyle belirleyen yak\u0131c\u0131 bir sorundan yola \u00e7\u0131k\u0131yor. Bug\u00fcn\u00fc b\u00fct\u00fcn\u00fcyle belirleyen bir de\u011fi\u015fkenin tarihsel boyutlar\u0131n\u0131, benzer de\u011fi\u015fkenlerin ge\u00e7mi\u015fte g\u00f6sterdikleri belirleyici g\u00fcc\u00fcn derecesini ve elbette insano\u011flunun bu de\u011fi\u015fken kar\u015f\u0131s\u0131nda sergiledi\u011fi kudret ya da acziyetin nedenlerini, sonu\u00e7lar\u0131n\u0131 ve boyutlar\u0131n\u0131 ara\u015ft\u0131rmak, \u00f6nemli bir fark yarat\u0131yor. Esas\u0131nda yukar\u0131da \u201cbug\u00fcnden yola \u00e7\u0131kmak\u201d olarak adland\u0131r\u0131lan tutum, tam olarak budur.Eserin bir di\u011fer fark\u0131, se\u00e7ti\u011fi \u201c\u00f6zne\u201d ile ilgili. Ge\u00e7mi\u015fte olup bitenlerin ger\u00e7ek \u201c\u00f6znesinin\u201d kim ya da ne oldu\u011fu sorununa yakla\u015f\u0131m, zaman i\u00e7inde de\u011fi\u015fiklik g\u00f6sterir. Fakat tarih\u00e7iler birka\u00e7 y\u00fczy\u0131ld\u0131r, ge\u00e7mi\u015fte olup biten her \u015feyi insan akl\u0131na ve onun etki g\u00fcc\u00fcne s\u0131\u011fd\u0131rmaya \u00e7al\u0131\u015f\u0131yorlar. Bu y\u00f6nelimde belli \u00f6l\u00e7\u00fcde hakl\u0131lar, \u00e7\u00fcnk\u00fc insan hem d\u00fcnyay\u0131 ve hem kendini en fazla d\u00f6n\u00fc\u015ft\u00fcrebilen canl\u0131 t\u00fcr\u00fc. Bu d\u00f6n\u00fc\u015f\u00fcm\u00fcn \u00f6znesi de elbette yine insan.Dolay\u0131s\u0131yla ge\u00e7mi\u015fe ili\u015fkin anlat\u0131lar\u0131n \u00f6znesinin insan olmas\u0131 olduk\u00e7a normal. Ancak, bu muhakemede g\u00f6zden ka\u00e7an husus, insan\u0131 belirleyen yeg\u00e2ne \u015feyin sadece \u201cinsan\u201d olmad\u0131\u011f\u0131 ger\u00e7e\u011fi. Bug\u00fcn g\u00f6r\u00fcyoruz ki, vir\u00fcsler bile, insan\u0131n ger\u00e7ekli\u011fi \u00fczerinde insan\u0131n kendisi kadar belirleyici olabiliyor. \u0130nsan, kendi d\u0131\u015f\u0131ndaki bu zorlay\u0131c\u0131lar\u0131n etkisiyle kendini d\u00f6n\u00fc\u015ft\u00fcrmeye \u00e7al\u0131\u015f\u0131yor ise, d\u00f6n\u00fc\u015f\u00fcm\u00fcn \u00f6znesi, insan kadar o zorlay\u0131c\u0131d\u0131r da. Elinizdeki eser, bu zorlay\u0131c\u0131lar\u0131 \u201csalg\u0131n\u201d ve \u201cafet\u201d olarak iki kategoriye ay\u0131r\u0131yor ve onlar\u0131 tastamam birer \u201c\u00f6zne\u201d olarak kabul ediyor. Tarihi biraz da, insan\u0131n d\u0131\u015f\u0131ndaki \u201c\u00f6znelerle\u201d, esas \u201c\u00f6zne\u201d olan insan\u0131n etkile\u015fimi olarak g\u00f6r\u00fcyor.K\u0131saca de\u011finilen bu iki farkl\u0131l\u0131\u011f\u0131n, elinizde tuttu\u011funuz bu eser \u00fczerinde \u00e7al\u0131\u015f\u0131rken, bug\u00fcne, ge\u00e7mi\u015fe, insan olarak kendinize ve sizi belirleyen di\u011fer \u201c\u00f6znelere\u201d bak\u0131\u015f\u0131n\u0131z\u0131 de\u011fi\u015ftirece\u011fini umuyor ve iyi okumalar diliyorum.Prof. Dr. H\u00fcseyin K\u00d6KSAL<\/p>\n","protected":false},"excerpt":{"rendered":"<p>Elinizdeki eser, birka\u00e7 a\u00e7\u0131dan tarih\u00e7ilerin al\u0131\u015fkanl\u0131klar\u0131n\u0131 bozuyor. Bir tarih anlat\u0131s\u0131 bug\u00fcne ula\u015fabilmeli bug\u00fcn\u00fc d\u00f6n\u00fc\u015ft\u00fcrebilmelidir. Fakat bu denli bir etki g\u00fcc\u00fc, sosyo-politik saiklerle tarihin k\u00f6t\u00fcye kullan\u0131ld\u0131\u011f\u0131 \u00f6rneklerin<span class=\"excerpt-hellip\"> [\u2026]<\/span><\/p>\n","protected":false},"featured_media":0,"template":"","meta":{"_monsterinsights_skip_tracking":false,"_monsterinsights_sitenote_active":false,"_monsterinsights_sitenote_note":"","_monsterinsights_sitenote_category":0},"product_brand":[],"product_cat":[13005],"product_tag":[],"class_list":{"0":"post-764055","1":"product","2":"type-product","3":"status-publish","5":"product_cat-bilim-muhendislik","6":"pa_cilt-ciltsiz","7":"pa_tur-kitap","8":"pa_yayinevi-astana-yayinlari","9":"pa_yazar-prof-dr-musa-samil-yuksel-doc-dr-hasan-isik","11":"first","12":"instock","13":"sale","14":"shipping-taxable","15":"purchasable","16":"product-type-simple"},"_links":{"self":[{"href":"https:\/\/roveyayinevi.com.tr\/index.php\/wp-json\/wp\/v2\/product\/764055","targetHints":{"allow":["GET"]}}],"collection":[{"href":"https:\/\/roveyayinevi.com.tr\/index.php\/wp-json\/wp\/v2\/product"}],"about":[{"href":"https:\/\/roveyayinevi.com.tr\/index.php\/wp-json\/wp\/v2\/types\/product"}],"wp:attachment":[{"href":"https:\/\/roveyayinevi.com.tr\/index.php\/wp-json\/wp\/v2\/media?parent=764055"}],"wp:term":[{"taxonomy":"product_brand","embeddable":true,"href":"https:\/\/roveyayinevi.com.tr\/index.php\/wp-json\/wp\/v2\/product_brand?post=764055"},{"taxonomy":"product_cat","embeddable":true,"href":"https:\/\/roveyayinevi.com.tr\/index.php\/wp-json\/wp\/v2\/product_cat?post=764055"},{"taxonomy":"product_tag","embeddable":true,"href":"https:\/\/roveyayinevi.com.tr\/index.php\/wp-json\/wp\/v2\/product_tag?post=764055"}],"curies":[{"name":"wp","href":"https:\/\/api.w.org\/{rel}","templated":true}]}}