{"id":764051,"date":"2025-08-28T10:59:26","date_gmt":"2025-08-28T07:59:26","guid":{"rendered":"https:\/\/roveyayinevi.com.tr\/index.php\/urun\/iktisat-ve-doga-bilimleri\/"},"modified":"2026-04-15T03:29:50","modified_gmt":"2026-04-15T00:29:50","slug":"iktisat-ve-doga-bilimleri","status":"publish","type":"product","link":"https:\/\/roveyayinevi.com.tr\/index.php\/urun\/iktisat-ve-doga-bilimleri\/","title":{"rendered":"\u0130ktisat ve Do\u011fa Bilimleri"},"content":{"rendered":"<p>\u0130ktisad\u0131n yak\u0131n kom\u015fusu olan sosyal ve be\u015feri bilimler (siyaset bilimi, hukuk, sosyoloji, psikoloji vs.) ile yak\u0131n ileti\u015fim ve etkile\u015fimi \u00e7ok verimli bir\u00e7ok yeni ara\u015ft\u0131rma program\u0131n\u0131n do\u011fmas\u0131na f\u0131rsat vermi\u015ftir. Hukuk ve iktisat, kurumsal iktisat, kamu tercihi, anayasal iktisat, davran\u0131\u015fsal iktisat bunlar aras\u0131nda say\u0131labilir. Ancak iktisat \u00f6ylesine emperyal bir bilim dal\u0131d\u0131r ki, sosyal bilimlerin t\u00fcm alanlar\u0131na yay\u0131lmakla kalmam\u0131\u015f, geni\u015flemeci e\u011filimini do\u011fa bilimlerinin bir\u00e7ok alan\u0131na kadar s\u00fcrd\u00fcrm\u00fc\u015ft\u00fcr. \u0130ktisad\u0131n \u00f6nc\u00fc isimlerinin bir k\u0131sm\u0131 bundan memnun, di\u011fer bir k\u0131sm\u0131 ise bu iktisat emperyalizminden ho\u015fnut de\u011fildir. Alfred Marshall iktisat\u00e7\u0131n\u0131n Mekke\u2019si biyolojidir derken, di\u011fer tarafta a\u015f\u0131r\u0131 matematiksel formalizme kar\u015f\u0131 \u00e7\u0131karak \u201cmatemati\u011fi yak-at\u201d der. \u0130ktisatta formalizm ak\u0131m\u0131n\u0131n en g\u00fc\u00e7l\u00fc savunucular\u0131n\u0131n ba\u015f\u0131nda gelen Paul Samuelson ise Marshall\u2019\u0131n aksine matematiksel iktisad\u0131 tahta \u00e7\u0131kar\u0131rken biyoloji ve fizik gibi alanlara iktisat\u00e7\u0131lar\u0131n d\u00e2hil olmas\u0131n\u0131 ele\u015ftirir. Samuelson, \u201cp\u00fcr iktisat teorisi her a\u00e7\u0131dan matematiksel fizi\u011fe benzeyen bir bilimdir\u201d diyen L\u00e9on Walras\u2019a kar\u015f\u0131 \u201cfizi\u011fin kavramlar\u0131 ile ekonominin kavramlar\u0131 aras\u0131nda zoraki paralellikler kurmaya \u00e7al\u0131\u015fan bir iktisat\u00e7\u0131 veya emekli bir m\u00fchendise sahip olmaktan daha ac\u0131kl\u0131 bir \u015fey yoktur\u201d diyerek mekanik iktisat\u00e7\u0131lar\u0131 alaya al\u0131r. Baz\u0131 ciddi itiraz ve tart\u0131\u015fmalara ra\u011fmen bug\u00fcn biyolojik iktisat, evrimsel iktisat, deneysel iktisat, mekanik iktisat, ekonofizik, biyofizik iktisad\u0131, kompleksite iktisad\u0131, komp\u00fctasyonel iktisat, termo-iktisat, molek\u00fcler genetik iktisad\u0131, geno-iktisat, n\u00f6ro-iktisat ve daha bir\u00e7ok ara\u015ft\u0131rma alan\u0131 do\u011fa bilimleri ile iktisad\u0131n kar\u015f\u0131l\u0131kl\u0131 ili\u015fki ve etkile\u015fiminden do\u011fan yeni ara\u015ft\u0131rma programlar\u0131 olarak geli\u015fimlerini s\u00fcrd\u00fcrmektedirler.Acaba adeta matematiksel formalizmin esareti alt\u0131nda ya\u015fayan iktisad\u0131n sosyal ve be\u015feri bilimlerin \u00f6tesine ge\u00e7erek do\u011fa bilimlerinin s\u0131n\u0131rlar\u0131na girmesi ne \u00f6l\u00e7\u00fcde do\u011frudur, ne yarar sa\u011flar, neye hizmet eder?<\/p>\n","protected":false},"excerpt":{"rendered":"<p>\u0130ktisad\u0131n yak\u0131n kom\u015fusu olan sosyal ve be\u015feri bilimler (siyaset bilimi, hukuk, sosyoloji, psikoloji vs.) ile yak\u0131n ileti\u015fim ve etkile\u015fimi \u00e7ok verimli bir\u00e7ok yeni ara\u015ft\u0131rma program\u0131n\u0131n do\u011fmas\u0131na<span class=\"excerpt-hellip\"> [\u2026]<\/span><\/p>\n","protected":false},"featured_media":0,"template":"","meta":{"_monsterinsights_skip_tracking":false,"_monsterinsights_sitenote_active":false,"_monsterinsights_sitenote_note":"","_monsterinsights_sitenote_category":0},"product_brand":[],"product_cat":[13005,13010],"product_tag":[],"class_list":{"0":"post-764051","1":"product","2":"type-product","3":"status-publish","5":"product_cat-bilim-muhendislik","6":"product_cat-doga-bilimleri","7":"pa_cilt-ciltsiz","8":"pa_tur-kitap","9":"pa_yayinevi-astana-yayinlari","10":"pa_yazar-coskun-can-aktan","12":"first","13":"instock","14":"sale","15":"shipping-taxable","16":"purchasable","17":"product-type-simple"},"_links":{"self":[{"href":"https:\/\/roveyayinevi.com.tr\/index.php\/wp-json\/wp\/v2\/product\/764051","targetHints":{"allow":["GET"]}}],"collection":[{"href":"https:\/\/roveyayinevi.com.tr\/index.php\/wp-json\/wp\/v2\/product"}],"about":[{"href":"https:\/\/roveyayinevi.com.tr\/index.php\/wp-json\/wp\/v2\/types\/product"}],"wp:attachment":[{"href":"https:\/\/roveyayinevi.com.tr\/index.php\/wp-json\/wp\/v2\/media?parent=764051"}],"wp:term":[{"taxonomy":"product_brand","embeddable":true,"href":"https:\/\/roveyayinevi.com.tr\/index.php\/wp-json\/wp\/v2\/product_brand?post=764051"},{"taxonomy":"product_cat","embeddable":true,"href":"https:\/\/roveyayinevi.com.tr\/index.php\/wp-json\/wp\/v2\/product_cat?post=764051"},{"taxonomy":"product_tag","embeddable":true,"href":"https:\/\/roveyayinevi.com.tr\/index.php\/wp-json\/wp\/v2\/product_tag?post=764051"}],"curies":[{"name":"wp","href":"https:\/\/api.w.org\/{rel}","templated":true}]}}