{"id":764039,"date":"2025-08-28T10:59:11","date_gmt":"2025-08-28T07:59:11","guid":{"rendered":"https:\/\/roveyayinevi.com.tr\/index.php\/urun\/uluslararasi-hukukta-bireyin-onarim-hakki\/"},"modified":"2026-04-15T03:29:50","modified_gmt":"2026-04-15T00:29:50","slug":"uluslararasi-hukukta-bireyin-onarim-hakki","status":"publish","type":"product","link":"https:\/\/roveyayinevi.com.tr\/index.php\/urun\/uluslararasi-hukukta-bireyin-onarim-hakki\/","title":{"rendered":"Uluslararas\u0131 Hukukta Bireyin Onar\u0131m Hakk\u0131"},"content":{"rendered":"<p>Bu kitapta bireyin uluslararas\u0131 hukukta onar\u0131m hakk\u0131 vekapsam\u0131 incelenmektedir. Birey u\u011frad\u0131\u011f\u0131 zarar\u0131 ulusal hukuk yoluyla giderebilmektedir.Ancak zarar\u0131n giderilmesi her zaman bu yolla m\u00fcmk\u00fcn de\u011fildir. B\u00f6ylece birey ulusalhukukta zarar\u0131n\u0131 gideremedi\u011fi takdirde uluslararas\u0131 hukuk yoluyla zarar\u0131n\u0131ngiderilmesi g\u00fcndeme gelecektir.   \u00c7al\u0131\u015fmada bireyin onar\u0131m hakk\u0131 uluslararas\u0131 s\u00f6zle\u015fmeler vefarkl\u0131 d\u00fczenlemelerle birlikte mahkemeler, komiteler ve komisyon kararlar\u0131\u0131\u015f\u0131\u011f\u0131nda ele al\u0131nmaktad\u0131r. Bu ba\u011flamda uluslararas\u0131 hukukta zarar giderimiinsan haklar\u0131 ve insanc\u0131l hukuk olmak \u00fczere iki farkl\u0131 \u015fekilde de\u011ferlendirilmektedir.\u0130nsan haklar\u0131 sisteminde, b\u00f6lgesel ve evrensel d\u00fczenlemeler \u00e7er\u00e7evesindebireyin onar\u0131m hakk\u0131na de\u011finilmektedir. \u0130nsanc\u0131l hukuk a\u00e7\u0131s\u0131ndan ise 1907 IVNo.lu Lahey S\u00f6zle\u015fmesi ile 1977 Ek Protokol I, Ulusal Hukuk, TalepKomisyonlar\u0131, Uluslararas\u0131 Ceza Mahkemeleri ile BM Uluslararas\u0131 \u0130nsan Haklar\u0131Hukukunun A\u011f\u0131r \u0130hlalleri ve Uluslararas\u0131 \u0130nsanc\u0131l Hukukun Ciddi \u0130hlalleriMa\u011fdurlar\u0131n\u0131n \u00c7\u00f6z\u00fcm ve Onar\u0131m Hakk\u0131na Dair Temel \u0130lkeler ve Esaslar kapsam\u0131nda de\u011ferlendirmeyap\u0131lmaktad\u0131r.<\/p>\n","protected":false},"excerpt":{"rendered":"<p>Bu kitapta bireyin uluslararas\u0131 hukukta onar\u0131m hakk\u0131 vekapsam\u0131 incelenmektedir. Birey u\u011frad\u0131\u011f\u0131 zarar\u0131 ulusal hukuk yoluyla giderebilmektedir.Ancak zarar\u0131n giderilmesi her zaman bu yolla m\u00fcmk\u00fcn de\u011fildir. B\u00f6ylece birey<span class=\"excerpt-hellip\"> [\u2026]<\/span><\/p>\n","protected":false},"featured_media":0,"template":"","meta":{"_monsterinsights_skip_tracking":false,"_monsterinsights_sitenote_active":false,"_monsterinsights_sitenote_note":"","_monsterinsights_sitenote_category":0},"product_brand":[],"product_cat":[15350,17602],"product_tag":[],"class_list":{"0":"post-764039","1":"product","2":"type-product","3":"status-publish","5":"product_cat-hukuk","6":"product_cat-hukuk-uzerine","7":"pa_cilt-ciltsiz","8":"pa_tur-kitap","9":"pa_yayinevi-astana-yayinlari","10":"pa_yazar-seher-cakan","12":"first","13":"instock","14":"sale","15":"shipping-taxable","16":"purchasable","17":"product-type-simple"},"_links":{"self":[{"href":"https:\/\/roveyayinevi.com.tr\/index.php\/wp-json\/wp\/v2\/product\/764039","targetHints":{"allow":["GET"]}}],"collection":[{"href":"https:\/\/roveyayinevi.com.tr\/index.php\/wp-json\/wp\/v2\/product"}],"about":[{"href":"https:\/\/roveyayinevi.com.tr\/index.php\/wp-json\/wp\/v2\/types\/product"}],"wp:attachment":[{"href":"https:\/\/roveyayinevi.com.tr\/index.php\/wp-json\/wp\/v2\/media?parent=764039"}],"wp:term":[{"taxonomy":"product_brand","embeddable":true,"href":"https:\/\/roveyayinevi.com.tr\/index.php\/wp-json\/wp\/v2\/product_brand?post=764039"},{"taxonomy":"product_cat","embeddable":true,"href":"https:\/\/roveyayinevi.com.tr\/index.php\/wp-json\/wp\/v2\/product_cat?post=764039"},{"taxonomy":"product_tag","embeddable":true,"href":"https:\/\/roveyayinevi.com.tr\/index.php\/wp-json\/wp\/v2\/product_tag?post=764039"}],"curies":[{"name":"wp","href":"https:\/\/api.w.org\/{rel}","templated":true}]}}