{"id":764032,"date":"2025-08-28T10:59:01","date_gmt":"2025-08-28T07:59:01","guid":{"rendered":"https:\/\/roveyayinevi.com.tr\/index.php\/urun\/toplum-5-0a-dogru\/"},"modified":"2026-04-15T03:29:50","modified_gmt":"2026-04-15T00:29:50","slug":"toplum-5-0a-dogru","status":"publish","type":"product","link":"https:\/\/roveyayinevi.com.tr\/index.php\/urun\/toplum-5-0a-dogru\/","title":{"rendered":"Toplum 5.0&#8217;a Do\u011fru"},"content":{"rendered":"<p>Bu kitap, Toplum 5.0 a\u015famas\u0131na dair \u00f6nemli bilgiler i\u00e7ermektedir. B\u00f6yle bir gelecek i\u00e7in hangi alanlarda nas\u0131l d\u00fczenlemeler gerekti\u011fi, insanl\u0131\u011f\u0131n yeni a\u015famas\u0131na haz\u0131r olabilmesi i\u00e7in nelerin yap\u0131ld\u0131\u011f\u0131 ve yap\u0131lmas\u0131 gerekti\u011fi ile bu d\u00f6neme ula\u015f\u0131ld\u0131\u011f\u0131nda ortaya \u00e7\u0131kabilecek sonu\u00e7lara dair kan\u0131tlara dayal\u0131 bilgileri bar\u0131nd\u0131rmaktad\u0131r. Ayr\u0131ca T\u00fcrk\u00e7e dilinde CPSS Cyber-Fiziksel-Sosyal Sistem gibi teknolojik altyap\u0131 ve Toplum 5.0a ula\u015ft\u0131racak bir y\u00f6ntem olarak ACP Artifical Society-Compitational Experiment-Paraller Execution ile ilgili ilk \u00e7al\u0131\u015fma olma \u00f6zelli\u011fi de ta\u015f\u0131maktad\u0131r. Bu y\u00f6ntem, sosyal bilimlere laboratuvar ortam\u0131 imk\u00e2nlar\u0131nda deney ve g\u00f6zlem imkan\u0131 da sunmaktad\u0131r. Dolay\u0131s\u0131yla bu kitap ak\u0131ll\u0131 toplumlarla ilgili fikir edinmek ve bu a\u015famaya ula\u015fmak i\u00e7in ba\u015flat\u0131lan \u00e7al\u0131\u015fmalar\u0131n faydalanabilece\u011fi de\u011ferli bir ba\u015fvuru kayna\u011f\u0131 niteli\u011fi ta\u015f\u0131maktad\u0131r.<\/p>\n","protected":false},"excerpt":{"rendered":"<p>Bu kitap, Toplum 5.0 a\u015famas\u0131na dair \u00f6nemli bilgiler i\u00e7ermektedir. B\u00f6yle bir gelecek i\u00e7in hangi alanlarda nas\u0131l d\u00fczenlemeler gerekti\u011fi, insanl\u0131\u011f\u0131n yeni a\u015famas\u0131na haz\u0131r olabilmesi i\u00e7in nelerin yap\u0131ld\u0131\u011f\u0131<span class=\"excerpt-hellip\"> [\u2026]<\/span><\/p>\n","protected":false},"featured_media":0,"template":"","meta":{"_monsterinsights_skip_tracking":false,"_monsterinsights_sitenote_active":false,"_monsterinsights_sitenote_note":"","_monsterinsights_sitenote_category":0},"product_brand":[],"product_cat":[13005],"product_tag":[],"class_list":{"0":"post-764032","1":"product","2":"type-product","3":"status-publish","5":"product_cat-bilim-muhendislik","6":"pa_cilt-ciltsiz","7":"pa_tur-kitap","8":"pa_yayinevi-astana-yayinlari","9":"pa_yazar-abdulkadir-buyukbingol","11":"first","12":"instock","13":"sale","14":"shipping-taxable","15":"purchasable","16":"product-type-simple"},"_links":{"self":[{"href":"https:\/\/roveyayinevi.com.tr\/index.php\/wp-json\/wp\/v2\/product\/764032","targetHints":{"allow":["GET"]}}],"collection":[{"href":"https:\/\/roveyayinevi.com.tr\/index.php\/wp-json\/wp\/v2\/product"}],"about":[{"href":"https:\/\/roveyayinevi.com.tr\/index.php\/wp-json\/wp\/v2\/types\/product"}],"wp:attachment":[{"href":"https:\/\/roveyayinevi.com.tr\/index.php\/wp-json\/wp\/v2\/media?parent=764032"}],"wp:term":[{"taxonomy":"product_brand","embeddable":true,"href":"https:\/\/roveyayinevi.com.tr\/index.php\/wp-json\/wp\/v2\/product_brand?post=764032"},{"taxonomy":"product_cat","embeddable":true,"href":"https:\/\/roveyayinevi.com.tr\/index.php\/wp-json\/wp\/v2\/product_cat?post=764032"},{"taxonomy":"product_tag","embeddable":true,"href":"https:\/\/roveyayinevi.com.tr\/index.php\/wp-json\/wp\/v2\/product_tag?post=764032"}],"curies":[{"name":"wp","href":"https:\/\/api.w.org\/{rel}","templated":true}]}}