{"id":764009,"date":"2025-08-28T10:58:21","date_gmt":"2025-08-28T07:58:21","guid":{"rendered":"https:\/\/roveyayinevi.com.tr\/index.php\/urun\/bireysel-emeklilik-sistemi-ve-yatirimci-davranisi-iliskisi\/"},"modified":"2026-04-15T03:29:49","modified_gmt":"2026-04-15T00:29:49","slug":"bireysel-emeklilik-sistemi-ve-yatirimci-davranisi-iliskisi","status":"publish","type":"product","link":"https:\/\/roveyayinevi.com.tr\/index.php\/urun\/bireysel-emeklilik-sistemi-ve-yatirimci-davranisi-iliskisi\/","title":{"rendered":"Bireysel Emeklilik Sistemi ve Yat\u0131r\u0131mc\u0131 Davran\u0131\u015f\u0131 \u0130li\u015fkisi"},"content":{"rendered":"<p>Sosyal g\u00fcvenlik tan\u0131m\u0131 \u00e7er\u00e7evesinde bireysel emeklilik sistemi, \u00fclkemizde de kanun h\u00fck\u00fcmleri ile \u00e7er\u00e7evesi belirlenmi\u015f bir \u00f6zel emeklilik sistemidir. Zaman i\u00e7erisinde bireyler, yat\u0131r\u0131mlar\u0131n\u0131, \u00f6zel emeklilik sistemlerinde de\u011ferlendirmeye ba\u015flam\u0131\u015flard\u0131r. Bu da, bireysel emeklilik sistemini, de\u011ferlendirilmesi gereken bir alan haline getirmi\u015ftir. Bu \u00e7al\u0131\u015fma, Dr. I\u015f\u0131n K\u0131r\u0131\u015fkan\u2019\u0131n doktora tezinin kitapla\u015ft\u0131r\u0131lm\u0131\u015f halidir. \u00c7al\u0131\u015fmada, \u00f6zel emeklilik sistemleri, bu sistemler \u00e7er\u00e7evesinde, D\u00fcnya\u2019da ve T\u00fcrkiye\u2019de Bireysel Emeklilik Sisteminin i\u015fleyi\u015fi ile Marmara B\u00f6lgesi\u2019ne dair ampirik bir uygulama \u00f6rne\u011fi mevcuttur. \u00c7al\u0131\u015fman\u0131n \u00f6zellikle uygulamal\u0131 ampirik k\u0131sm\u0131n\u0131n, literat\u00fcre katk\u0131 sa\u011flayabilecek \u00f6rnek bir uygulama oldu\u011fu d\u00fc\u015f\u00fcn\u00fcld\u00fc\u011f\u00fcnden ilgililerine faydal\u0131 olmas\u0131 beklenmektedir. Bu kitap, teorik ve ampirik sosyal bilimler alanlar\u0131nda \u00e7al\u0131\u015fan geni\u015f kitlelere ula\u015fabilmek amac\u0131yla sunulmaktad\u0131r.<\/p>\n","protected":false},"excerpt":{"rendered":"<p>Sosyal g\u00fcvenlik tan\u0131m\u0131 \u00e7er\u00e7evesinde bireysel emeklilik sistemi, \u00fclkemizde de kanun h\u00fck\u00fcmleri ile \u00e7er\u00e7evesi belirlenmi\u015f bir \u00f6zel emeklilik sistemidir. Zaman i\u00e7erisinde bireyler, yat\u0131r\u0131mlar\u0131n\u0131, \u00f6zel emeklilik sistemlerinde de\u011ferlendirmeye<span class=\"excerpt-hellip\"> [\u2026]<\/span><\/p>\n","protected":false},"featured_media":0,"template":"","meta":{"_monsterinsights_skip_tracking":false,"_monsterinsights_sitenote_active":false,"_monsterinsights_sitenote_note":"","_monsterinsights_sitenote_category":0},"product_brand":[],"product_cat":[20333,13043],"product_tag":[],"class_list":{"0":"post-764009","1":"product","2":"type-product","3":"status-publish","5":"product_cat-diger-ekonomi","6":"product_cat-ekonomi","7":"pa_cilt-ciltsiz","8":"pa_tur-kitap","9":"pa_yayinevi-astana-yayinlari","10":"pa_yazar-dr-isin-kiriskan","12":"first","13":"instock","14":"sale","15":"shipping-taxable","16":"purchasable","17":"product-type-simple"},"_links":{"self":[{"href":"https:\/\/roveyayinevi.com.tr\/index.php\/wp-json\/wp\/v2\/product\/764009","targetHints":{"allow":["GET"]}}],"collection":[{"href":"https:\/\/roveyayinevi.com.tr\/index.php\/wp-json\/wp\/v2\/product"}],"about":[{"href":"https:\/\/roveyayinevi.com.tr\/index.php\/wp-json\/wp\/v2\/types\/product"}],"wp:attachment":[{"href":"https:\/\/roveyayinevi.com.tr\/index.php\/wp-json\/wp\/v2\/media?parent=764009"}],"wp:term":[{"taxonomy":"product_brand","embeddable":true,"href":"https:\/\/roveyayinevi.com.tr\/index.php\/wp-json\/wp\/v2\/product_brand?post=764009"},{"taxonomy":"product_cat","embeddable":true,"href":"https:\/\/roveyayinevi.com.tr\/index.php\/wp-json\/wp\/v2\/product_cat?post=764009"},{"taxonomy":"product_tag","embeddable":true,"href":"https:\/\/roveyayinevi.com.tr\/index.php\/wp-json\/wp\/v2\/product_tag?post=764009"}],"curies":[{"name":"wp","href":"https:\/\/api.w.org\/{rel}","templated":true}]}}