{"id":764003,"date":"2025-08-28T10:58:13","date_gmt":"2025-08-28T07:58:13","guid":{"rendered":"https:\/\/roveyayinevi.com.tr\/index.php\/urun\/iktisat-nereye-gidiyor\/"},"modified":"2026-04-15T03:29:49","modified_gmt":"2026-04-15T00:29:49","slug":"iktisat-nereye-gidiyor","status":"publish","type":"product","link":"https:\/\/roveyayinevi.com.tr\/index.php\/urun\/iktisat-nereye-gidiyor\/","title":{"rendered":"\u0130ktisat Nereye Gidiyor?"},"content":{"rendered":"<p>Domine quo vadis? \u0130ktisat nereye gidiyor? \u0130ktisat \u00fczerine yap\u0131\u015fm\u0131\u015f olan \u201ckasvetli bilim\u201d su\u00e7lamas\u0131na ilave olarak iki yeni su\u00e7lamayla daha kar\u015f\u0131 kar\u015f\u0131yad\u0131r: \u201cemperyal bilim\u201d ve \u201csapk\u0131n bilim\u201d \u0130lk tespitimiz \u015fudur: \u0130ktisat \u201cemperyal bilim\u201d olma yolunda ilerlemektedir. \u0130ktisat biliminin sosyal bilimler alan\u0131ndaki \u201cgeni\u015flemecilik\u201d ya da \u201cyay\u0131lmac\u0131l\u0131k\u201d e\u011filimi hem iktisat bilimine hem de di\u011fer sosyal bilim dallar\u0131na bereket ve zenginlik katm\u0131\u015ft\u0131r. \u0130kinci tespitimiz \u015fudur: Ba\u015flang\u0131\u00e7ta Adam Smith ve 18. Y\u00fczy\u0131l bilgeli\u011finin izlerini takip eden; sosyal bilimlerin muhtelif disiplinleri ile evlilikler yapan ve bu evliliklerden \u201cverimli-\u00fcretken\u201d sonu\u00e7lar alarak \u201csa\u011fl\u0131kl\u0131\u201d bebekler d\u00fcnyaya getiren iktisad\u0131n yolunu iyice \u015fa\u015f\u0131rarak bir bilim oldu\u011funu kan\u0131tlamak kompleksi ad\u0131na \u201cformel bilimler\u201d ve \u201cdo\u011fa bilimleri\u201d ile a\u015f\u0131r\u0131 ve gereksiz fl\u00f6rt etmeye ba\u015flamas\u0131 neticesinde \u201ciktisadi sapk\u0131nl\u0131k\u201d ad\u0131 verilen bir yeni e\u011filim ortaya \u00e7\u0131km\u0131\u015ft\u0131r. \u0130ktisat bilimi uzun y\u0131llar a\u015f\u0131r\u0131 ve gereksiz matematik\u00e7ilik, istatistik\u00e7ilik, ekonometricilik, modelcilik vs. hastal\u0131klar\u0131 alt\u0131nda ezilmi\u015f; ruhunu ve kimli\u011fini kaybetmi\u015f, yolundan ve rotas\u0131ndan uzakla\u015fm\u0131\u015ft\u0131r. \u0130ktisat e\u011fitimi de ger\u00e7ek d\u00fcnyan\u0131n sorunlar\u0131n\u0131 anlamak ve \u00e7\u00f6z\u00fcm \u00fcretmekten uzak kalm\u0131\u015f; fazlas\u0131yla teorik, soyut, karma\u015f\u0131k grafikler, denklemler ve form\u00fcllerle dolu bir batakl\u0131k i\u00e7erisine g\u00f6m\u00fclm\u00fc\u015ft\u00fcr. <\/p>\n","protected":false},"excerpt":{"rendered":"<p>Domine quo vadis? \u0130ktisat nereye gidiyor? \u0130ktisat \u00fczerine yap\u0131\u015fm\u0131\u015f olan \u201ckasvetli bilim\u201d su\u00e7lamas\u0131na ilave olarak iki yeni su\u00e7lamayla daha kar\u015f\u0131 kar\u015f\u0131yad\u0131r: \u201cemperyal bilim\u201d ve \u201csapk\u0131n bilim\u201d<span class=\"excerpt-hellip\"> [\u2026]<\/span><\/p>\n","protected":false},"featured_media":0,"template":"","meta":{"_monsterinsights_skip_tracking":false,"_monsterinsights_sitenote_active":false,"_monsterinsights_sitenote_note":"","_monsterinsights_sitenote_category":0},"product_brand":[],"product_cat":[13590,12337],"product_tag":[],"class_list":{"0":"post-764003","1":"product","2":"type-product","3":"status-publish","5":"product_cat-arastirma-inceleme-politika-siyaset","6":"product_cat-politika-siyaset","7":"pa_cilt-ciltsiz","8":"pa_tur-kitap","9":"pa_yayinevi-astana-yayinlari","10":"pa_yazar-prof-dr-coskun-can-aktan","12":"first","13":"instock","14":"sale","15":"shipping-taxable","16":"purchasable","17":"product-type-simple"},"_links":{"self":[{"href":"https:\/\/roveyayinevi.com.tr\/index.php\/wp-json\/wp\/v2\/product\/764003","targetHints":{"allow":["GET"]}}],"collection":[{"href":"https:\/\/roveyayinevi.com.tr\/index.php\/wp-json\/wp\/v2\/product"}],"about":[{"href":"https:\/\/roveyayinevi.com.tr\/index.php\/wp-json\/wp\/v2\/types\/product"}],"wp:attachment":[{"href":"https:\/\/roveyayinevi.com.tr\/index.php\/wp-json\/wp\/v2\/media?parent=764003"}],"wp:term":[{"taxonomy":"product_brand","embeddable":true,"href":"https:\/\/roveyayinevi.com.tr\/index.php\/wp-json\/wp\/v2\/product_brand?post=764003"},{"taxonomy":"product_cat","embeddable":true,"href":"https:\/\/roveyayinevi.com.tr\/index.php\/wp-json\/wp\/v2\/product_cat?post=764003"},{"taxonomy":"product_tag","embeddable":true,"href":"https:\/\/roveyayinevi.com.tr\/index.php\/wp-json\/wp\/v2\/product_tag?post=764003"}],"curies":[{"name":"wp","href":"https:\/\/api.w.org\/{rel}","templated":true}]}}