{"id":763986,"date":"2025-08-28T10:57:50","date_gmt":"2025-08-28T07:57:50","guid":{"rendered":"https:\/\/roveyayinevi.com.tr\/index.php\/urun\/vergi-hukuku-soru-bankasi-cozumlu\/"},"modified":"2026-04-15T03:29:49","modified_gmt":"2026-04-15T00:29:49","slug":"vergi-hukuku-soru-bankasi-cozumlu","status":"publish","type":"product","link":"https:\/\/roveyayinevi.com.tr\/index.php\/urun\/vergi-hukuku-soru-bankasi-cozumlu\/","title":{"rendered":"Vergi Hukuku Soru Bankas\u0131 \u00c7\u00f6z\u00fcml\u00fc"},"content":{"rendered":"<p>Vergi t\u00fcrleri itibariyle ayr\u0131 ayr\u0131 olmak \u00fczere T\u00fcrk Vergi Sisteminin ve vergiye ili\u015fkin usul h\u00fck\u00fcmlerinin kanundaki s\u0131ralan\u0131\u015f\u0131na g\u00f6re ayr\u0131nt\u0131l\u0131 ve a\u00e7\u0131klamal\u0131 sorularla ortaya konuldu\u011fu bu kitap, idari yarg\u0131 h\u00e2kimli\u011fi ba\u015fta olmak \u00fczere, kamu kurumlar\u0131 s\u0131navlar\u0131 ve a\u00e7\u0131k \u00f6\u011fretim fak\u00fcltesi ile hukuk ve iktisadi idari bilimler fak\u00fcltelerindeki vergi hukuku derslerinde yararlan\u0131labilecek bir kaynakt\u0131r. \u00d6zg\u00fcn \u015fekilde haz\u0131rlanm\u0131\u015f 528 sorudan olu\u015fan bu kitapta, vergi hukukunun t\u00fcm konular\u0131na ili\u015fkin ayr\u0131nt\u0131l\u0131 sorular yer almaktad\u0131r. Vergi Usul Hukuku ile T\u00fcrk Vergi Sisteminin kolayca \u00f6\u011frenilmesine katk\u0131 sunabilecek bir ba\u015fucu kitab\u0131 olmas\u0131 dile\u011fiyle.<\/p>\n","protected":false},"excerpt":{"rendered":"<p>Vergi t\u00fcrleri itibariyle ayr\u0131 ayr\u0131 olmak \u00fczere T\u00fcrk Vergi Sisteminin ve vergiye ili\u015fkin usul h\u00fck\u00fcmlerinin kanundaki s\u0131ralan\u0131\u015f\u0131na g\u00f6re ayr\u0131nt\u0131l\u0131 ve a\u00e7\u0131klamal\u0131 sorularla ortaya konuldu\u011fu bu kitap,<span class=\"excerpt-hellip\"> [\u2026]<\/span><\/p>\n","protected":false},"featured_media":0,"template":"","meta":{"_monsterinsights_skip_tracking":false,"_monsterinsights_sitenote_active":false,"_monsterinsights_sitenote_note":"","_monsterinsights_sitenote_category":0},"product_brand":[],"product_cat":[13043,14381],"product_tag":[],"class_list":{"0":"post-763986","1":"product","2":"type-product","3":"status-publish","5":"product_cat-ekonomi","6":"product_cat-isletme-muhasebe-maliye","7":"pa_cilt-ciltsiz","8":"pa_tur-kitap","9":"pa_yayinevi-astana-yayinlari","10":"pa_yazar-erdogan-duman","12":"first","13":"instock","14":"sale","15":"shipping-taxable","16":"purchasable","17":"product-type-simple"},"_links":{"self":[{"href":"https:\/\/roveyayinevi.com.tr\/index.php\/wp-json\/wp\/v2\/product\/763986","targetHints":{"allow":["GET"]}}],"collection":[{"href":"https:\/\/roveyayinevi.com.tr\/index.php\/wp-json\/wp\/v2\/product"}],"about":[{"href":"https:\/\/roveyayinevi.com.tr\/index.php\/wp-json\/wp\/v2\/types\/product"}],"wp:attachment":[{"href":"https:\/\/roveyayinevi.com.tr\/index.php\/wp-json\/wp\/v2\/media?parent=763986"}],"wp:term":[{"taxonomy":"product_brand","embeddable":true,"href":"https:\/\/roveyayinevi.com.tr\/index.php\/wp-json\/wp\/v2\/product_brand?post=763986"},{"taxonomy":"product_cat","embeddable":true,"href":"https:\/\/roveyayinevi.com.tr\/index.php\/wp-json\/wp\/v2\/product_cat?post=763986"},{"taxonomy":"product_tag","embeddable":true,"href":"https:\/\/roveyayinevi.com.tr\/index.php\/wp-json\/wp\/v2\/product_tag?post=763986"}],"curies":[{"name":"wp","href":"https:\/\/api.w.org\/{rel}","templated":true}]}}