{"id":763983,"date":"2025-08-28T10:57:46","date_gmt":"2025-08-28T07:57:46","guid":{"rendered":"https:\/\/roveyayinevi.com.tr\/index.php\/urun\/afganistanda-parlamenter-sistemin-uygulanabilirligi-karsilastirmali-parlamenter-hukumet-sistemleri-isiginda\/"},"modified":"2026-04-15T03:29:49","modified_gmt":"2026-04-15T00:29:49","slug":"afganistanda-parlamenter-sistemin-uygulanabilirligi-karsilastirmali-parlamenter-hukumet-sistemleri-isiginda","status":"publish","type":"product","link":"https:\/\/roveyayinevi.com.tr\/index.php\/urun\/afganistanda-parlamenter-sistemin-uygulanabilirligi-karsilastirmali-parlamenter-hukumet-sistemleri-isiginda\/","title":{"rendered":"Afganistan\u2019da Parlamenter Sistemin Uygulanabilirli\u011fi (Kar\u015f\u0131la\u015ft\u0131rmal\u0131 Parlamenter H\u00fck\u00fcmet Sistemleri I\u015f\u0131\u011f\u0131nda)"},"content":{"rendered":"<p>Toplum, devlet ve h\u00fck\u00fcmet gibi konular hakk\u0131nda d\u00fc\u015f\u00fcnmek eski \u00e7a\u011flardan beri insan akl\u0131n\u0131 me\u015fgul etmi\u015ftir. Filozof ve d\u00fc\u015f\u00fcn\u00fcrler, en iyi h\u00fck\u00fcmet \u015fekli ve ideal topluma (\u00dctopya) ula\u015fman\u0131n yollar\u0131n\u0131 bulma \u00e7abas\u0131na giri\u015fmi\u015ftir. S\u00f6z konusu d\u00f6nemlere ait de\u011ferli ve dikkat \u00e7ekici eserler, g\u00fcn\u00fcm\u00fcz d\u00fcnyas\u0131nda halen tart\u0131\u015f\u0131lmakta ve incelenmektedir. \u00c7\u00fcnk\u00fc insanlar, sosyal ve \u00e7evresel kaderini d\u00fc\u015f\u00fcnd\u00fc\u011f\u00fcnde h\u00fck\u00fcmet ve h\u00fck\u00fcmetle ilgili di\u011fer konular\u0131n \u00f6nem ve hassasiyetini anlam\u0131\u015f, yine birey ve toplumlar\u0131n maddi ve manevi mutlulu\u011funun da siyasi kurumsalla\u015fma, iktidar\u0131n kullan\u0131m\u0131, devletin \u015fekli ve i\u00e7eri\u011fi ile ba\u011flant\u0131l\u0131 oldu\u011funun fark\u0131na varm\u0131\u015ft\u0131r. Bu ba\u011flamda, son y\u0131llarda kar\u015f\u0131la\u015ft\u0131rmal\u0131 h\u00fck\u00fcmet sistemleri kapsam\u0131nda demokrasi ve istikrar i\u00e7in en iyi h\u00fck\u00fcmet bi\u00e7iminin tan\u0131mlamas\u0131na ili\u015fkin \u00e7ok say\u0131da bilimsel eser yay\u0131mlanm\u0131\u015f ve parlamenter sistemin, ba\u015fkanl\u0131k sisteminden daha uygun olup olmad\u0131\u011f\u0131 hakk\u0131nda tart\u0131\u015fmalar yap\u0131lm\u0131\u015ft\u0131r. Bu kitapta, hangi h\u00fck\u00fcmet sisteminin en iyi olup olmad\u0131\u011f\u0131 tart\u0131\u015fmas\u0131n\u0131n yan\u0131 s\u0131ra Afganistan\u2019\u0131n bulundu\u011fu sosyal, k\u00fclt\u00fcrel ve tarihi ko\u015fullar\u0131na g\u00f6re hangi sistemin daha uygun oldu\u011fu konusu ele al\u0131nm\u0131\u015ft\u0131r.<\/p>\n","protected":false},"excerpt":{"rendered":"<p>Toplum, devlet ve h\u00fck\u00fcmet gibi konular hakk\u0131nda d\u00fc\u015f\u00fcnmek eski \u00e7a\u011flardan beri insan akl\u0131n\u0131 me\u015fgul etmi\u015ftir. Filozof ve d\u00fc\u015f\u00fcn\u00fcrler, en iyi h\u00fck\u00fcmet \u015fekli ve ideal topluma (\u00dctopya)<span class=\"excerpt-hellip\"> [\u2026]<\/span><\/p>\n","protected":false},"featured_media":0,"template":"","meta":{"_monsterinsights_skip_tracking":false,"_monsterinsights_sitenote_active":false,"_monsterinsights_sitenote_note":"","_monsterinsights_sitenote_category":0},"product_brand":[],"product_cat":[13590,12337],"product_tag":[],"class_list":{"0":"post-763983","1":"product","2":"type-product","3":"status-publish","5":"product_cat-arastirma-inceleme-politika-siyaset","6":"product_cat-politika-siyaset","7":"pa_cilt-ciltsiz","8":"pa_tur-kitap","9":"pa_yayinevi-astana-yayinlari","10":"pa_yazar-qaisar-nasrat","12":"first","13":"instock","14":"sale","15":"shipping-taxable","16":"purchasable","17":"product-type-simple"},"_links":{"self":[{"href":"https:\/\/roveyayinevi.com.tr\/index.php\/wp-json\/wp\/v2\/product\/763983","targetHints":{"allow":["GET"]}}],"collection":[{"href":"https:\/\/roveyayinevi.com.tr\/index.php\/wp-json\/wp\/v2\/product"}],"about":[{"href":"https:\/\/roveyayinevi.com.tr\/index.php\/wp-json\/wp\/v2\/types\/product"}],"wp:attachment":[{"href":"https:\/\/roveyayinevi.com.tr\/index.php\/wp-json\/wp\/v2\/media?parent=763983"}],"wp:term":[{"taxonomy":"product_brand","embeddable":true,"href":"https:\/\/roveyayinevi.com.tr\/index.php\/wp-json\/wp\/v2\/product_brand?post=763983"},{"taxonomy":"product_cat","embeddable":true,"href":"https:\/\/roveyayinevi.com.tr\/index.php\/wp-json\/wp\/v2\/product_cat?post=763983"},{"taxonomy":"product_tag","embeddable":true,"href":"https:\/\/roveyayinevi.com.tr\/index.php\/wp-json\/wp\/v2\/product_tag?post=763983"}],"curies":[{"name":"wp","href":"https:\/\/api.w.org\/{rel}","templated":true}]}}