{"id":763970,"date":"2025-08-28T10:57:27","date_gmt":"2025-08-28T07:57:27","guid":{"rendered":"https:\/\/roveyayinevi.com.tr\/index.php\/urun\/kuran-i-kerimde-sefaat\/"},"modified":"2026-04-15T03:29:48","modified_gmt":"2026-04-15T00:29:48","slug":"kuran-i-kerimde-sefaat","status":"publish","type":"product","link":"https:\/\/roveyayinevi.com.tr\/index.php\/urun\/kuran-i-kerimde-sefaat\/","title":{"rendered":"Kur\u2019an-\u0131 Kerim\u2019de \u015eefaat"},"content":{"rendered":"<p>Baz\u0131 \u0130slam bilginleri ve ara\u015ft\u0131rmac\u0131lar, ink\u00e2rc\u0131lar ve m\u00fc\u015frikler i\u00e7in ahirette \u015fef\u00e2atin s\u00f6z konusu olmayaca\u011f\u0131n\u0131 ifade eden ayetleri genelle\u015ftirerek &#8220;Allah\u2019a iman eden m\u00fcsl\u00fcmanlar i\u00e7in dahi \u015fef\u00e2at s\u00f6z konusu olmayacakt\u0131r\u201d iddias\u0131nda bulundular. Bu \u00e7al\u0131\u015fmam\u0131zda, bu yorumlar\u0131n ne \u00f6l\u00e7\u00fcde sahih oldu\u011fu ve Kur\u2019an ve Hadislerin b\u00fct\u00fcnl\u00fc\u011f\u00fc a\u00e7\u0131s\u0131ndan ne \u00f6l\u00e7\u00fcde tutarl\u0131 veya tutars\u0131z olduklar\u0131 izah edilecektir. Takdir edilmelidir ki, bu \u00e7al\u0131\u015fmayla,\u011fayb alan\u0131na giren \u015fef\u00e2at konusunda, insanlar\u0131n akl\u0131na gelen b\u00fct\u00fcn istifhamlara cevap verilmesi ve meselenin tamamen rasyonalize edilmesi m\u00fcmk\u00fcn de\u011fildir. Bizim yapt\u0131\u011f\u0131m\u0131z, \u015fef\u00e2at meselesini Kur\u2019an ayetlerini merkeze alarak objektif bi\u00e7imde ortaya koymaktan ibarettir. <\/p>\n","protected":false},"excerpt":{"rendered":"<p>Baz\u0131 \u0130slam bilginleri ve ara\u015ft\u0131rmac\u0131lar, ink\u00e2rc\u0131lar ve m\u00fc\u015frikler i\u00e7in ahirette \u015fef\u00e2atin s\u00f6z konusu olmayaca\u011f\u0131n\u0131 ifade eden ayetleri genelle\u015ftirerek &#8220;Allah\u2019a iman eden m\u00fcsl\u00fcmanlar i\u00e7in dahi \u015fef\u00e2at s\u00f6z<span class=\"excerpt-hellip\"> [\u2026]<\/span><\/p>\n","protected":false},"featured_media":0,"template":"","meta":{"_monsterinsights_skip_tracking":false,"_monsterinsights_sitenote_active":false,"_monsterinsights_sitenote_note":"","_monsterinsights_sitenote_category":0},"product_brand":[],"product_cat":[12718,12719],"product_tag":[],"class_list":{"0":"post-763970","1":"product","2":"type-product","3":"status-publish","5":"product_cat-din","6":"product_cat-islam","7":"pa_cilt-ciltsiz","8":"pa_tur-kitap","9":"pa_yayinevi-astana-yayinlari","10":"pa_yazar-prof-dr-mesut-erdal","12":"first","13":"instock","14":"sale","15":"shipping-taxable","16":"purchasable","17":"product-type-simple"},"_links":{"self":[{"href":"https:\/\/roveyayinevi.com.tr\/index.php\/wp-json\/wp\/v2\/product\/763970","targetHints":{"allow":["GET"]}}],"collection":[{"href":"https:\/\/roveyayinevi.com.tr\/index.php\/wp-json\/wp\/v2\/product"}],"about":[{"href":"https:\/\/roveyayinevi.com.tr\/index.php\/wp-json\/wp\/v2\/types\/product"}],"wp:attachment":[{"href":"https:\/\/roveyayinevi.com.tr\/index.php\/wp-json\/wp\/v2\/media?parent=763970"}],"wp:term":[{"taxonomy":"product_brand","embeddable":true,"href":"https:\/\/roveyayinevi.com.tr\/index.php\/wp-json\/wp\/v2\/product_brand?post=763970"},{"taxonomy":"product_cat","embeddable":true,"href":"https:\/\/roveyayinevi.com.tr\/index.php\/wp-json\/wp\/v2\/product_cat?post=763970"},{"taxonomy":"product_tag","embeddable":true,"href":"https:\/\/roveyayinevi.com.tr\/index.php\/wp-json\/wp\/v2\/product_tag?post=763970"}],"curies":[{"name":"wp","href":"https:\/\/api.w.org\/{rel}","templated":true}]}}