{"id":763968,"date":"2025-08-28T10:57:24","date_gmt":"2025-08-28T07:57:24","guid":{"rendered":"https:\/\/roveyayinevi.com.tr\/index.php\/urun\/zor-zamanlarda-evdeki-okul\/"},"modified":"2026-04-15T03:29:48","modified_gmt":"2026-04-15T00:29:48","slug":"zor-zamanlarda-evdeki-okul","status":"publish","type":"product","link":"https:\/\/roveyayinevi.com.tr\/index.php\/urun\/zor-zamanlarda-evdeki-okul\/","title":{"rendered":"Zor Zamanlarda Evdeki Okul"},"content":{"rendered":"<p>Ailelerin \u00e7ocuklar\u0131na temel ya\u015fam becerilerini ve iyi insan olma \u00f6zelliklerini benimsetme yolculu\u011funda e\u011fitim kurumlar\u0131yla ortak hareket etmesi ve ayn\u0131 dili konu\u015fmas\u0131n\u0131n son derece \u00f6nemli oldu\u011funu y\u0131llard\u0131r vurguluyoruz. \u00c7a\u011f\u0131m\u0131zda e\u011fitimin temel amac\u0131n\u0131n; \u2018\u00d6\u011frenmeyi \u00f6\u011frenmi\u015f, ya\u015fam boyu \u00f6\u011frenci olmay\u0131 \u00f6z\u00fcmsemi\u015f \u00f6zellikte yeni ku\u015faklar yeti\u015ftirmek\u201d oldu\u011funu da biliyoruz. Zaman\u0131m\u0131zda \u2018Nitelikli \u0130nsan\u2019 yeti\u015ftirebilmek ancak b\u00f6yle bir hedefle m\u00fcmk\u00fcn. Zor zamanlardan biri olan Pandemi s\u00fcreci belki de bu t\u00fcr bir e\u011fitimde anne ve babaya d\u00fc\u015fen rol\u00fcn daha i\u015flevsel bir hale gelebilece\u011fi bir f\u0131rsat d\u00f6nemi olabilir. Evler art\u0131k daha sa\u011fl\u0131kl\u0131 ve emin ortamlar. Bu zor zamanda, sanal ortamda verilen e\u011fitimlerin anne ve baban\u0131n da deste\u011fiyle &#8220;EVDEK\u0130 OKUL\u201d anlay\u0131\u015f\u0131na d\u00f6n\u00fc\u015ft\u00fcr\u00fclme zaman\u0131 geldi. Umuyorum ki bu kaynak kitap, ya\u015fad\u0131\u011f\u0131m\u0131z zorlu s\u00fcre\u00e7te t\u00fcm e\u011fitim payda\u015flar\u0131m\u0131za bir nebze de olsa zaman\u0131 birlikte keyifle ge\u00e7irme f\u0131rsat\u0131 yarat\u0131r, \u00e7ocuklar\u0131m\u0131z\u0131n ufkunu a\u00e7ar. Sa\u011fl\u0131kla ve mutlulukla kal\u0131n\u0131z. Olumlu d\u00fc\u015f\u00fcn\u00fcn\u00fcz, \u00f6nlemlere uyunuz. Sevgilerimle\u2026<\/p>\n","protected":false},"excerpt":{"rendered":"<p>Ailelerin \u00e7ocuklar\u0131na temel ya\u015fam becerilerini ve iyi insan olma \u00f6zelliklerini benimsetme yolculu\u011funda e\u011fitim kurumlar\u0131yla ortak hareket etmesi ve ayn\u0131 dili konu\u015fmas\u0131n\u0131n son derece \u00f6nemli oldu\u011funu y\u0131llard\u0131r<span class=\"excerpt-hellip\"> [\u2026]<\/span><\/p>\n","protected":false},"featured_media":0,"template":"","meta":{"_monsterinsights_skip_tracking":false,"_monsterinsights_sitenote_active":false,"_monsterinsights_sitenote_note":"","_monsterinsights_sitenote_category":0},"product_brand":[],"product_cat":[13488],"product_tag":[],"class_list":{"0":"post-763968","1":"product","2":"type-product","3":"status-publish","5":"product_cat-toplum-ve-insan","6":"pa_cilt-ciltsiz","7":"pa_tur-kitap","8":"pa_yayinevi-astana-yayinlari","9":"pa_yazar-hayal-koksal","11":"first","12":"instock","13":"sale","14":"shipping-taxable","15":"purchasable","16":"product-type-simple"},"_links":{"self":[{"href":"https:\/\/roveyayinevi.com.tr\/index.php\/wp-json\/wp\/v2\/product\/763968","targetHints":{"allow":["GET"]}}],"collection":[{"href":"https:\/\/roveyayinevi.com.tr\/index.php\/wp-json\/wp\/v2\/product"}],"about":[{"href":"https:\/\/roveyayinevi.com.tr\/index.php\/wp-json\/wp\/v2\/types\/product"}],"wp:attachment":[{"href":"https:\/\/roveyayinevi.com.tr\/index.php\/wp-json\/wp\/v2\/media?parent=763968"}],"wp:term":[{"taxonomy":"product_brand","embeddable":true,"href":"https:\/\/roveyayinevi.com.tr\/index.php\/wp-json\/wp\/v2\/product_brand?post=763968"},{"taxonomy":"product_cat","embeddable":true,"href":"https:\/\/roveyayinevi.com.tr\/index.php\/wp-json\/wp\/v2\/product_cat?post=763968"},{"taxonomy":"product_tag","embeddable":true,"href":"https:\/\/roveyayinevi.com.tr\/index.php\/wp-json\/wp\/v2\/product_tag?post=763968"}],"curies":[{"name":"wp","href":"https:\/\/api.w.org\/{rel}","templated":true}]}}