{"id":763965,"date":"2025-08-28T10:57:20","date_gmt":"2025-08-28T07:57:20","guid":{"rendered":"https:\/\/roveyayinevi.com.tr\/index.php\/urun\/balkanlarda-turk-kimliginin-bakiyesi\/"},"modified":"2026-04-15T03:29:48","modified_gmt":"2026-04-15T00:29:48","slug":"balkanlarda-turk-kimliginin-bakiyesi","status":"publish","type":"product","link":"https:\/\/roveyayinevi.com.tr\/index.php\/urun\/balkanlarda-turk-kimliginin-bakiyesi\/","title":{"rendered":"Balkanlar\u2019da T\u00fcrk Kimli\u011finin Bakiyesi"},"content":{"rendered":"<p>Kuzey Makedonya ve Kosova T\u00fcrkleri \u00f6nce Osmanl\u0131 Devleti\u2019nin, ard\u0131ndan da Yugoslavya\u2019n\u0131n balkanla\u015fmas\u0131ndan sonra n\u00fcfus ve n\u00fcfuz bak\u0131m\u0131ndan az\u0131nl\u0131\u011fa d\u00f6n\u00fc\u015fm\u00fc\u015f bir milletin mensuplar\u0131 haline gelmi\u015flerdir. Kitapta Kuzey Makedonya ve Kosova T\u00fcrklerinin az\u0131nl\u0131k olarak ya\u015fad\u0131klar\u0131 \u00fclkelerdeki di\u011fer mill\u00ee-din\u00ee unsurlar ile kurduklar\u0131 sosyal ve k\u00fclt\u00fcrel m\u00fcnasebetler \u00fczerinde durulmaktad\u0131r. Ara\u015ft\u0131rma b\u00fcnyesinde teorik d\u00fczeyde ele al\u0131nan kimlik ve k\u00fclt\u00fcrle\u015fme kuramlar\u0131yla birlikte balkanla\u015fma kavram\u0131 da sosyolojik bir bak\u0131\u015f a\u00e7\u0131s\u0131yla sosyal mesafe ba\u011flam\u0131nda ele al\u0131nm\u0131\u015ft\u0131r. Yap\u0131lan saha ara\u015ft\u0131rmas\u0131nda Kuzey Makedonya ve Kosova T\u00fcrklerine T\u00fcrk kimlik ve k\u00fclt\u00fcr\u00fcne ili\u015fkin baz\u0131 sorular y\u00f6neltilmi\u015ftir. Nitel ara\u015ft\u0131rma y\u00f6ntemlerinden fenomenolojik y\u00f6ntemle desenlenen \u00e7al\u0131\u015fmada kat\u0131l\u0131mc\u0131lar\u0131n k\u00fclt\u00fcrle\u015fme y\u00f6nelimlerinin yan\u0131 s\u0131ra kimlik alg\u0131lamalar\u0131 mill\u00ee, din\u00ee, etnik ve k\u00fclt\u00fcrel kimlikler ba\u011flam\u0131nda kat\u0131l\u0131mc\u0131lar\u0131n d\u00fcnyas\u0131ndan anla\u015f\u0131lmaya \u00e7al\u0131\u015f\u0131lm\u0131\u015ft\u0131r. Kat\u0131l\u0131mc\u0131lar\u0131n T\u00fcrk kimlik ve k\u00fclt\u00fcr\u00fcn\u00fc s\u00fcrd\u00fcrme ve koruma m\u00fccadeleleriyle birlikte vatan alg\u0131lar\u0131 ve T\u00fcrkiye\u2019nin Kuzey Makedonya ve Kosova T\u00fcrklerine ili\u015fkin politikalar\u0131na dair g\u00f6r\u00fc\u015fleri de \u00e7al\u0131\u015fma kapsam\u0131na d\u00e2hil edilmi\u015ftir.<\/p>\n","protected":false},"excerpt":{"rendered":"<p>Kuzey Makedonya ve Kosova T\u00fcrkleri \u00f6nce Osmanl\u0131 Devleti\u2019nin, ard\u0131ndan da Yugoslavya\u2019n\u0131n balkanla\u015fmas\u0131ndan sonra n\u00fcfus ve n\u00fcfuz bak\u0131m\u0131ndan az\u0131nl\u0131\u011fa d\u00f6n\u00fc\u015fm\u00fc\u015f bir milletin mensuplar\u0131 haline gelmi\u015flerdir. Kitapta Kuzey<span class=\"excerpt-hellip\"> [\u2026]<\/span><\/p>\n","protected":false},"featured_media":0,"template":"","meta":{"_monsterinsights_skip_tracking":false,"_monsterinsights_sitenote_active":false,"_monsterinsights_sitenote_note":"","_monsterinsights_sitenote_category":0},"product_brand":[],"product_cat":[12370,12304],"product_tag":[],"class_list":{"0":"post-763965","1":"product","2":"type-product","3":"status-publish","5":"product_cat-arastirma-inceleme","6":"product_cat-tarih","7":"pa_cilt-ciltsiz","8":"pa_tur-kitap","9":"pa_yayinevi-astana-yayinlari","10":"pa_yazar-umit-ozturk","12":"first","13":"instock","14":"sale","15":"shipping-taxable","16":"purchasable","17":"product-type-simple"},"_links":{"self":[{"href":"https:\/\/roveyayinevi.com.tr\/index.php\/wp-json\/wp\/v2\/product\/763965","targetHints":{"allow":["GET"]}}],"collection":[{"href":"https:\/\/roveyayinevi.com.tr\/index.php\/wp-json\/wp\/v2\/product"}],"about":[{"href":"https:\/\/roveyayinevi.com.tr\/index.php\/wp-json\/wp\/v2\/types\/product"}],"wp:attachment":[{"href":"https:\/\/roveyayinevi.com.tr\/index.php\/wp-json\/wp\/v2\/media?parent=763965"}],"wp:term":[{"taxonomy":"product_brand","embeddable":true,"href":"https:\/\/roveyayinevi.com.tr\/index.php\/wp-json\/wp\/v2\/product_brand?post=763965"},{"taxonomy":"product_cat","embeddable":true,"href":"https:\/\/roveyayinevi.com.tr\/index.php\/wp-json\/wp\/v2\/product_cat?post=763965"},{"taxonomy":"product_tag","embeddable":true,"href":"https:\/\/roveyayinevi.com.tr\/index.php\/wp-json\/wp\/v2\/product_tag?post=763965"}],"curies":[{"name":"wp","href":"https:\/\/api.w.org\/{rel}","templated":true}]}}

Balkanlar’da Türk Kimliğinin Bakiyesi

<p>Kuzey Makedonya ve Kosova Türkleri önce Osmanlı Devleti’nin, ardından da Yugoslavya’nın balkanlaşmasından sonra nüfus ve nüfuz bakımından azınlığa dönüşmüş bir milletin mensupları haline gelmişlerdir. Kitapta Kuzey Makedonya ve Kosova Türklerinin azınlık olarak yaşadıkları ülkelerdeki diğer millî-dinî unsurlar ile kurdukları sosyal ve kültürel münasebetler üzerinde durulmaktadır. Araştırma bünyesinde teorik düzeyde ele alınan kimlik ve kültürleşme kuramlarıyla birlikte balkanlaşma kavramı da sosyolojik bir bakış açısıyla sosyal mesafe bağlamında ele alınmıştır. Yapılan saha araştırmasında Kuzey Makedonya ve Kosova Türklerine Türk kimlik ve kültürüne ilişkin bazı sorular yöneltilmiştir. Nitel araştırma yöntemlerinden fenomenolojik yöntemle desenlenen çalışmada katılımcıların kültürleşme yönelimlerinin yanı sıra kimlik algılamaları millî, dinî, etnik ve kültürel kimlikler bağlamında katılımcıların dünyasından anlaşılmaya çalışılmıştır. Katılımcıların Türk kimlik ve kültürünü sürdürme ve koruma mücadeleleriyle birlikte vatan algıları ve Türkiye’nin Kuzey Makedonya ve Kosova Türklerine ilişkin politikalarına dair görüşleri de çalışma kapsamına dâhil edilmiştir.</p>

<p>Kuzey Makedonya ve Kosova Türkleri önce Osmanlı Devleti’nin, ardından da Yugoslavya’nın balkanlaşmasından sonra nüfus ve nüfuz bakımından azınlığa dönüşmüş bir milletin mensupları haline gelmişlerdir. Kitapta Kuzey<span class="excerpt-hellip"> […]</span></p>
