{"id":763959,"date":"2025-08-28T10:57:12","date_gmt":"2025-08-28T07:57:12","guid":{"rendered":"https:\/\/roveyayinevi.com.tr\/index.php\/urun\/saglik-sektorunde-acik-etme\/"},"modified":"2026-04-15T03:29:48","modified_gmt":"2026-04-15T00:29:48","slug":"saglik-sektorunde-acik-etme","status":"publish","type":"product","link":"https:\/\/roveyayinevi.com.tr\/index.php\/urun\/saglik-sektorunde-acik-etme\/","title":{"rendered":"Sa\u011fl\u0131k Sekt\u00f6r\u00fcnde A\u00e7\u0131k Etme"},"content":{"rendered":"<p>\u0130\u015fletmelerde \u00e7e\u015fitli sebeplerle meydana gelen etik\/ahlaki olmayan ya da kanun d\u0131\u015f\u0131 olumsuz bir\u00e7ok olay ya\u015fanmakta ve bu olaylar gizli bir \u015fekilde ger\u00e7ekle\u015fmektedir. R\u00fc\u015fvet, yolsuzluk, vergi ka\u00e7\u0131rma, taciz vb. etik veya yasa d\u0131\u015f\u0131 bu olaylar\u0131n \u00f6rg\u00fct i\u00e7erisinde ve gerekti\u011finde \u00f6rg\u00fct d\u0131\u015f\u0131nda yetkililere bildirilmesi eylemi a\u00e7\u0131k etme (whistleblowing) kavram\u0131n\u0131 ifade etmektedir. \u0130\u015fletmelerde yap\u0131c\u0131 ve olumlu bir fikir bildirilmesi ise i\u015fg\u00f6ren seslili\u011fini tan\u0131mlamaktad\u0131r. \u00d6rg\u00fcte olan duygusal ba\u011f ise \u00f6rg\u00fctsel ba\u011fl\u0131l\u0131k kavram\u0131n\u0131 ifade etmekte ve bu eylemleri etkilemektedir. Kitab\u0131n temel konusu ve \u00f6rg\u00fctsel bir davran\u0131\u015f olan a\u00e7\u0131k etme kavram\u0131 ile i\u015fg\u00f6ren seslili\u011fi kavram\u0131na, y\u00f6neticilerin sahip oldu\u011fu liderlik t\u00fcr\u00fcn\u00fcn etkisinde \u00f6rg\u00fctsel ba\u011fl\u0131l\u0131k kavram\u0131n\u0131n rol\u00fcn\u00fcn ne oldu\u011funun ortaya konulmas\u0131 ama\u00e7lanm\u0131\u015ft\u0131r. \u00c7al\u0131\u015fman\u0131n uygulama k\u0131sm\u0131 ise insan hayat\u0131 ve sa\u011fl\u0131\u011f\u0131n\u0131n s\u00f6z konusu oldu\u011fu sa\u011fl\u0131k sekt\u00f6r\u00fc olarak belirlenmi\u015ftir. \u00c7\u00fcnk\u00fc a\u00e7\u0131k etme konusu, bu sekt\u00f6rde kurum i\u00e7i ve d\u0131\u015f\u0131 yetkililere bildirilmemesi halinde insan hayat\u0131na mal olmas\u0131 a\u00e7\u0131s\u0131ndan \u00f6nem arz etmektedir.<\/p>\n","protected":false},"excerpt":{"rendered":"<p>\u0130\u015fletmelerde \u00e7e\u015fitli sebeplerle meydana gelen etik\/ahlaki olmayan ya da kanun d\u0131\u015f\u0131 olumsuz bir\u00e7ok olay ya\u015fanmakta ve bu olaylar gizli bir \u015fekilde ger\u00e7ekle\u015fmektedir. R\u00fc\u015fvet, yolsuzluk, vergi ka\u00e7\u0131rma,<span class=\"excerpt-hellip\"> [\u2026]<\/span><\/p>\n","protected":false},"featured_media":0,"template":"","meta":{"_monsterinsights_skip_tracking":false,"_monsterinsights_sitenote_active":false,"_monsterinsights_sitenote_note":"","_monsterinsights_sitenote_category":0},"product_brand":[],"product_cat":[13365],"product_tag":[],"class_list":{"0":"post-763959","1":"product","2":"type-product","3":"status-publish","5":"product_cat-saglik","6":"pa_cilt-ciltsiz","7":"pa_tur-kitap","8":"pa_yayinevi-astana-yayinlari","9":"pa_yazar-murat-ayar","11":"first","12":"instock","13":"sale","14":"shipping-taxable","15":"purchasable","16":"product-type-simple"},"_links":{"self":[{"href":"https:\/\/roveyayinevi.com.tr\/index.php\/wp-json\/wp\/v2\/product\/763959","targetHints":{"allow":["GET"]}}],"collection":[{"href":"https:\/\/roveyayinevi.com.tr\/index.php\/wp-json\/wp\/v2\/product"}],"about":[{"href":"https:\/\/roveyayinevi.com.tr\/index.php\/wp-json\/wp\/v2\/types\/product"}],"wp:attachment":[{"href":"https:\/\/roveyayinevi.com.tr\/index.php\/wp-json\/wp\/v2\/media?parent=763959"}],"wp:term":[{"taxonomy":"product_brand","embeddable":true,"href":"https:\/\/roveyayinevi.com.tr\/index.php\/wp-json\/wp\/v2\/product_brand?post=763959"},{"taxonomy":"product_cat","embeddable":true,"href":"https:\/\/roveyayinevi.com.tr\/index.php\/wp-json\/wp\/v2\/product_cat?post=763959"},{"taxonomy":"product_tag","embeddable":true,"href":"https:\/\/roveyayinevi.com.tr\/index.php\/wp-json\/wp\/v2\/product_tag?post=763959"}],"curies":[{"name":"wp","href":"https:\/\/api.w.org\/{rel}","templated":true}]}}