{"id":763950,"date":"2025-08-28T10:56:55","date_gmt":"2025-08-28T07:56:55","guid":{"rendered":"https:\/\/roveyayinevi.com.tr\/index.php\/urun\/yakinlarin-kitabi\/"},"modified":"2026-04-15T03:29:48","modified_gmt":"2026-04-15T00:29:48","slug":"yakinlarin-kitabi","status":"publish","type":"product","link":"https:\/\/roveyayinevi.com.tr\/index.php\/urun\/yakinlarin-kitabi\/","title":{"rendered":"Yak\u0131nlar\u0131n Kitab\u0131"},"content":{"rendered":"<p>Yak\u0131nl\u0131k, g\u00f6receli oldu\u011fu kadar kapsaml\u0131 bir kelimedir. Dolay\u0131s\u0131yla i\u00e7erik olarak geni\u015f ve \u00e7ok y\u00f6nl\u00fc bir anlam bar\u0131nd\u0131r\u0131r. Hemen her insan, ya\u015fam ser\u00fcveni i\u00e7erisinde bir\u00e7ok ki\u015fiyle farkl\u0131 zaman ve mek\u00e2nlarda duru\u015f ve aidiyeti nispetinde ortak ba\u011flar ve yak\u0131nl\u0131klar kurar. \u201cYak\u0131nlar\u0131n Kitab\u0131\u201d adl\u0131 bu \u00e7al\u0131\u015fmamda da size; kendileriyle bir \u015fekilde tan\u0131\u015f oldu\u011fum, farkl\u0131 zaman ve mek\u00e2nlarda bir araya geldi\u011fim, beraberce oturup \u00e7ay kahve i\u00e7ti\u011fim, birikimlerinden ilim irfan ve \u0131\u015f\u0131k kapt\u0131\u011f\u0131m; dahas\u0131 kendileriyle beklentisiz, sevgi sayg\u0131 temelli yak\u0131nl\u0131klar kurdu\u011fum yirmi be\u015f \u015fahsiyetin ya\u015fam\u0131ndan k\u0131sa \u00f6yk\u00fcler, insani g\u00fczellikler, biyografik kesitler sunmak istedim. Bu \u015fahsiyetlerin kimi baba dostum; kimi ilk\u00f6\u011fretim, lise veya \u00fcniversiteden hocam; kimi meslek veya i\u015f yeri arkada\u015f\u0131m, kimi \u015fiir ve yaz\u0131 \u00fcstad\u0131m; b\u00fcy\u00fc\u011f\u00fcm, hedef veya fikir yolda\u015f\u0131md\u0131r. Hayatta yap\u0131lan hi\u00e7bir iyi i\u015f bo\u015fa gitmiyor. Uzay bo\u015flu\u011funa b\u0131rak\u0131lan her titre\u015fim bir yerlere ula\u015f\u0131yor, bir s\u00fcre sonra kozmik bir akisle geriye d\u00f6n\u00fcyor. Her birinin g\u00f6k kubbede ho\u015f sada b\u0131rakt\u0131\u011f\u0131na inand\u0131\u011f\u0131m bu \u015fahsiyetlerin, g\u00f6n\u00fcllerde de yank\u0131 bulaca\u011f\u0131na inan\u0131yorum.<\/p>\n","protected":false},"excerpt":{"rendered":"<p>Yak\u0131nl\u0131k, g\u00f6receli oldu\u011fu kadar kapsaml\u0131 bir kelimedir. Dolay\u0131s\u0131yla i\u00e7erik olarak geni\u015f ve \u00e7ok y\u00f6nl\u00fc bir anlam bar\u0131nd\u0131r\u0131r. Hemen her insan, ya\u015fam ser\u00fcveni i\u00e7erisinde bir\u00e7ok ki\u015fiyle farkl\u0131<span class=\"excerpt-hellip\"> [\u2026]<\/span><\/p>\n","protected":false},"featured_media":0,"template":"","meta":{"_monsterinsights_skip_tracking":false,"_monsterinsights_sitenote_active":false,"_monsterinsights_sitenote_note":"","_monsterinsights_sitenote_category":0},"product_brand":[],"product_cat":[14009,12291],"product_tag":[],"class_list":{"0":"post-763950","1":"product","2":"type-product","3":"status-publish","5":"product_cat-biyografi-otobiyografi-edebiyat","6":"product_cat-edebiyat","7":"pa_cilt-ciltsiz","8":"pa_tur-kitap","9":"pa_yayinevi-yade-yayinlari","10":"pa_yazar-mesut-ozunlu","12":"first","13":"instock","14":"sale","15":"shipping-taxable","16":"purchasable","17":"product-type-simple"},"_links":{"self":[{"href":"https:\/\/roveyayinevi.com.tr\/index.php\/wp-json\/wp\/v2\/product\/763950","targetHints":{"allow":["GET"]}}],"collection":[{"href":"https:\/\/roveyayinevi.com.tr\/index.php\/wp-json\/wp\/v2\/product"}],"about":[{"href":"https:\/\/roveyayinevi.com.tr\/index.php\/wp-json\/wp\/v2\/types\/product"}],"wp:attachment":[{"href":"https:\/\/roveyayinevi.com.tr\/index.php\/wp-json\/wp\/v2\/media?parent=763950"}],"wp:term":[{"taxonomy":"product_brand","embeddable":true,"href":"https:\/\/roveyayinevi.com.tr\/index.php\/wp-json\/wp\/v2\/product_brand?post=763950"},{"taxonomy":"product_cat","embeddable":true,"href":"https:\/\/roveyayinevi.com.tr\/index.php\/wp-json\/wp\/v2\/product_cat?post=763950"},{"taxonomy":"product_tag","embeddable":true,"href":"https:\/\/roveyayinevi.com.tr\/index.php\/wp-json\/wp\/v2\/product_tag?post=763950"}],"curies":[{"name":"wp","href":"https:\/\/api.w.org\/{rel}","templated":true}]}}