{"id":763946,"date":"2025-08-28T10:56:46","date_gmt":"2025-08-28T07:56:46","guid":{"rendered":"https:\/\/roveyayinevi.com.tr\/index.php\/urun\/dunyanin-en-sikici-olmayan-okulu\/"},"modified":"2026-04-15T03:29:48","modified_gmt":"2026-04-15T00:29:48","slug":"dunyanin-en-sikici-olmayan-okulu","status":"publish","type":"product","link":"https:\/\/roveyayinevi.com.tr\/index.php\/urun\/dunyanin-en-sikici-olmayan-okulu\/","title":{"rendered":"D\u00fcnyan\u0131n En S\u0131k\u0131c\u0131 (Olmayan) Okulu"},"content":{"rendered":"<p>Kronik \u00c7ocuk, yepyeni bir seriyle, s\u0131k\u0131nt\u0131dan patlayan okurlar\u0131n\u0131n imdad\u0131na yeti\u015fiyor: D\u00fcnyan\u0131n En S\u0131k\u0131c\u0131 (Olmayan) Okulu! Okul Gezisi, Sabrina J. Kirschner\u2019e Monika Parciak\u2019\u0131n \u00e7izgilerinin e\u015flik etti\u011fi bu \u00e7\u0131lg\u0131n ser\u00fcven, Ba\u015fak S\u00f6zer\u2019in \u00e7evirisiyle raflardaki yerini al\u0131yor. Serinin ilk kitab\u0131 Okul Gezisi, \u015fakalar\u0131 ve haylazl\u0131klar\u0131yla tan\u0131nan Maksimilyan \u201cMaksi\u201d \u015eakac\u0131kral ile s\u0131n\u0131f arkada\u015flar\u0131n\u0131n okul gezisini konu al\u0131yor.   Bayan Penne\u2019nin bitmek bilmez monoton sesi, okul m\u00fcd\u00fcr\u00fc Vasat Tiran\u2019\u0131n g\u0131c\u0131kl\u0131\u011f\u0131, okul g\u00f6revlisi Egon Kapan\u2019\u0131n kulak t\u0131rmalayan sesi, gri duvarlar ve masalar\u2026 Yasaklar ve kurallarla \u00e7evrili Vasat Bey \u0130lkokulu\u2019nda her \u015fey tek kelimeyle korkun\u00e7! Maksi kendini bo\u011fulacak gibi hissediyor.   Ancak ajan k\u0131yafetlerine b\u00fcr\u00fcnm\u00fc\u015f gizemli bir adam\u0131n okula gelmesiyle her \u015fey bir anda de\u011fi\u015fiyor. Maksi ve s\u0131n\u0131f arkada\u015flar\u0131n\u0131n imdad\u0131na S\u0131k\u0131c\u0131l\u0131kla M\u00fccadele Kurumu yeti\u015fiyor. Maksi, aksiyon dolu bir maceraya at\u0131ld\u0131klar\u0131 i\u00e7in \u00e7ok heyecanl\u0131! Ne yaz\u0131k ki aksilikler pe\u015flerini b\u0131rakm\u0131yor\u2026   Maksi ve arkada\u015flar\u0131n\u0131n ba\u015f\u0131na gelen talihsiz ama komik olaylar\u0131 okurken kahkaha tufan\u0131na kap\u0131lacak, bu hik\u00e2yeyi tekrar tekrar okumak isteyeceksiniz!     ***  S\u0131k\u0131nt\u0131dan patlamaya son!   Vasat Bey \u0130lkokulu\u2019nda sadece ve sadece kurallar var. Her \u015fey yasak! Duvarlar, s\u0131ralar, yaz\u0131 tahtas\u0131, y\u00fczler; her \u015fey gri! Buras\u0131 ger\u00e7ekten \u00e7ok s\u0131k\u0131c\u0131! En az\u0131ndan Maksimilyan \u201cMaksi\u201d \u015eakac\u0131kral i\u00e7in\u2026 Ama hey, bir dakika! Burada neler d\u00f6n\u00fcyor? Bay Vasat neden bu kadar panik i\u00e7inde? Bu ajan gibi g\u00f6r\u00fcnen gizemli adam da kim? Kahkaha bilimine dayal\u0131 m\u00fccadele ne demek? Okul gezisi de nereden \u00e7\u0131kt\u0131?   D\u00fcnyan\u0131n en s\u0131k\u0131c\u0131 okulunda bir \u015feyler de\u011fi\u015fmek \u00fczere\u2026 S\u0131k\u0131c\u0131l\u0131kla M\u00fccadele Kurumu, duruma el koyuyor! Maksi ve s\u0131n\u0131f arkada\u015flar\u0131, nefes kesen bir okul gezisine \u00e7\u0131k\u0131yor. Kar\u015f\u0131la\u015ft\u0131klar\u0131 zorluklarla zekice m\u00fccadele eden \u00e7ocuklar, kendilerini doludizgin bir maceran\u0131n i\u00e7inde buluyor. Hadi, sen de kat\u0131l! Bu gerilim ve heyecan dolu hik\u00e2yeyi okurken kahkahalar\u0131na engel olamayacaks\u0131n! <\/p>\n","protected":false},"excerpt":{"rendered":"<p>Kronik \u00c7ocuk, yepyeni bir seriyle, s\u0131k\u0131nt\u0131dan patlayan okurlar\u0131n\u0131n imdad\u0131na yeti\u015fiyor: D\u00fcnyan\u0131n En S\u0131k\u0131c\u0131 (Olmayan) Okulu! Okul Gezisi, Sabrina J. Kirschner\u2019e Monika Parciak\u2019\u0131n \u00e7izgilerinin e\u015flik etti\u011fi bu<span class=\"excerpt-hellip\"> [\u2026]<\/span><\/p>\n","protected":false},"featured_media":0,"template":"","meta":{"_monsterinsights_skip_tracking":false,"_monsterinsights_sitenote_active":false,"_monsterinsights_sitenote_note":"","_monsterinsights_sitenote_category":0},"product_brand":[],"product_cat":[12274,12284],"product_tag":[],"class_list":{"0":"post-763946","1":"product","2":"type-product","3":"status-publish","5":"product_cat-cocuk-ve-genclik-kitaplari","6":"product_cat-hikayeler","7":"pa_cilt-ciltsiz","8":"pa_tur-kitap","9":"pa_yayinevi-kronik-kitap","10":"pa_yazar-sabrina-j-kirschner","12":"first","13":"instock","14":"sale","15":"shipping-taxable","16":"purchasable","17":"product-type-simple"},"_links":{"self":[{"href":"https:\/\/roveyayinevi.com.tr\/index.php\/wp-json\/wp\/v2\/product\/763946","targetHints":{"allow":["GET"]}}],"collection":[{"href":"https:\/\/roveyayinevi.com.tr\/index.php\/wp-json\/wp\/v2\/product"}],"about":[{"href":"https:\/\/roveyayinevi.com.tr\/index.php\/wp-json\/wp\/v2\/types\/product"}],"wp:attachment":[{"href":"https:\/\/roveyayinevi.com.tr\/index.php\/wp-json\/wp\/v2\/media?parent=763946"}],"wp:term":[{"taxonomy":"product_brand","embeddable":true,"href":"https:\/\/roveyayinevi.com.tr\/index.php\/wp-json\/wp\/v2\/product_brand?post=763946"},{"taxonomy":"product_cat","embeddable":true,"href":"https:\/\/roveyayinevi.com.tr\/index.php\/wp-json\/wp\/v2\/product_cat?post=763946"},{"taxonomy":"product_tag","embeddable":true,"href":"https:\/\/roveyayinevi.com.tr\/index.php\/wp-json\/wp\/v2\/product_tag?post=763946"}],"curies":[{"name":"wp","href":"https:\/\/api.w.org\/{rel}","templated":true}]}}