{"id":763945,"date":"2025-08-28T10:56:45","date_gmt":"2025-08-28T07:56:45","guid":{"rendered":"https:\/\/roveyayinevi.com.tr\/index.php\/urun\/turkiye-psikanaliz-tarihi\/"},"modified":"2026-04-15T03:29:48","modified_gmt":"2026-04-15T00:29:48","slug":"turkiye-psikanaliz-tarihi","status":"publish","type":"product","link":"https:\/\/roveyayinevi.com.tr\/index.php\/urun\/turkiye-psikanaliz-tarihi\/","title":{"rendered":"T\u00fcrkiye Psikanaliz Tarihi"},"content":{"rendered":"<p>&#8220;Kendi ge\u00e7mi\u015fine i\u00e7g\u00f6r\u00fc kazanacak T\u00fcrkiye psikanalizi, \u00e7ok daha umut verici bir gelece\u011fe sahip olacakt\u0131r.&#8221;   Psikanaliz y\u00fcz y\u0131l\u0131 a\u015fk\u0131n tarihi boyunca, insan ruhsall\u0131\u011f\u0131na dair evrensel bir kuram ve tedavi y\u00f6ntemi olma iddias\u0131na ko\u015fut bi\u00e7imde d\u00fcnyan\u0131n hemen her co\u011frafyas\u0131na yay\u0131l\u0131p kurumsalla\u015fm\u0131\u015ft\u0131r. Nitekim T\u00fcrkiye\u2019de psikanalizin olduk\u00e7a uzun say\u0131labilecek bir ge\u00e7mi\u015fi vard\u0131r. Osmanl\u0131\u2019n\u0131n ge\u00e7 d\u00f6neminde, yirminci y\u00fczy\u0131l\u0131n ba\u015flar\u0131nda ilk kez T\u00fcrkiye co\u011frafyas\u0131na giren psikanalizin geli\u015fimi erken Cumhuriyet d\u00f6neminde devam etmi\u015f, Cumhuriyet tarihi boyunca giderek artan bir ivmeyle nihayet ge\u00e7ti\u011fimiz on y\u0131llarda uluslararas\u0131 ge\u00e7erlili\u011fi tescil edilmi\u015f bir kurumsall\u0131\u011fa ula\u015fm\u0131\u015ft\u0131r.   Divan analizinden dinamik psikoterapilere uzanan \u00e7e\u015fitlili\u011fiyle yayg\u0131n bir klinik ve terap\u00f6tik uygulama alan\u0131na, canl\u0131 ve zengin bir kurumsall\u0131\u011fa sahip olman\u0131n yan\u0131 s\u0131ra psikanaliz g\u00fcn\u00fcm\u00fczde, \u00fclkenin k\u00fclt\u00fcrel ve entelekt\u00fcel hayat\u0131n\u0131n sayg\u0131n bir par\u00e7as\u0131 olarak da dikkat \u00e7ekmektedir.   T\u00fcrkiye&#8217;de psikanalizin hat\u0131r\u0131 say\u0131l\u0131r bir ge\u00e7mi\u015fi olmas\u0131na ra\u011fmen bu ge\u00e7mi\u015fi anlatan tarih \u00e7al\u0131\u015fmalar\u0131 T\u00fcrk\u00e7e literat\u00fcrde yok denecek kadar azd\u0131r; olanlar da derli toplu ve kapsaml\u0131 bir tarih anlat\u0131s\u0131 sunmazlar. Ge\u00e7 Osmanl\u0131\u2019dan g\u00fcn\u00fcm\u00fcze, T\u00fcrkiye psikanaliz tarihini ki\u015fi, kurum, belirleyici olay ve ay\u0131rt edici d\u00f6nemleriyle beraber b\u00fct\u00fcnl\u00fck i\u00e7inde ele alan bu kitap, konuyla ilgili T\u00fcrk\u00e7e literat\u00fcrde yay\u0131mlanm\u0131\u015f ilk \u00e7al\u0131\u015fma \u00f6zelli\u011fi ta\u015f\u0131maktad\u0131r. <\/p>\n","protected":false},"excerpt":{"rendered":"<p>&#8220;Kendi ge\u00e7mi\u015fine i\u00e7g\u00f6r\u00fc kazanacak T\u00fcrkiye psikanalizi, \u00e7ok daha umut verici bir gelece\u011fe sahip olacakt\u0131r.&#8221; Psikanaliz y\u00fcz y\u0131l\u0131 a\u015fk\u0131n tarihi boyunca, insan ruhsall\u0131\u011f\u0131na dair evrensel bir kuram<span class=\"excerpt-hellip\"> [\u2026]<\/span><\/p>\n","protected":false},"featured_media":0,"template":"","meta":{"_monsterinsights_skip_tracking":false,"_monsterinsights_sitenote_active":false,"_monsterinsights_sitenote_note":"","_monsterinsights_sitenote_category":0},"product_brand":[],"product_cat":[12358,12357],"product_tag":[],"class_list":{"0":"post-763945","1":"product","2":"type-product","3":"status-publish","5":"product_cat-genel-psikoloji","6":"product_cat-psikoloji","7":"pa_cilt-ciltsiz","8":"pa_tur-kitap","9":"pa_yayinevi-minotor-kitap","10":"pa_yazar-hakan-kiziltan","12":"first","13":"instock","14":"sale","15":"shipping-taxable","16":"purchasable","17":"product-type-simple"},"_links":{"self":[{"href":"https:\/\/roveyayinevi.com.tr\/index.php\/wp-json\/wp\/v2\/product\/763945","targetHints":{"allow":["GET"]}}],"collection":[{"href":"https:\/\/roveyayinevi.com.tr\/index.php\/wp-json\/wp\/v2\/product"}],"about":[{"href":"https:\/\/roveyayinevi.com.tr\/index.php\/wp-json\/wp\/v2\/types\/product"}],"wp:attachment":[{"href":"https:\/\/roveyayinevi.com.tr\/index.php\/wp-json\/wp\/v2\/media?parent=763945"}],"wp:term":[{"taxonomy":"product_brand","embeddable":true,"href":"https:\/\/roveyayinevi.com.tr\/index.php\/wp-json\/wp\/v2\/product_brand?post=763945"},{"taxonomy":"product_cat","embeddable":true,"href":"https:\/\/roveyayinevi.com.tr\/index.php\/wp-json\/wp\/v2\/product_cat?post=763945"},{"taxonomy":"product_tag","embeddable":true,"href":"https:\/\/roveyayinevi.com.tr\/index.php\/wp-json\/wp\/v2\/product_tag?post=763945"}],"curies":[{"name":"wp","href":"https:\/\/api.w.org\/{rel}","templated":true}]}}