{"id":763933,"date":"2025-08-28T10:56:23","date_gmt":"2025-08-28T07:56:23","guid":{"rendered":"https:\/\/roveyayinevi.com.tr\/index.php\/urun\/dakikalar-icinde-ortadogu\/"},"modified":"2026-04-15T03:29:47","modified_gmt":"2026-04-15T00:29:47","slug":"dakikalar-icinde-ortadogu","status":"publish","type":"product","link":"https:\/\/roveyayinevi.com.tr\/index.php\/urun\/dakikalar-icinde-ortadogu\/","title":{"rendered":"Dakikalar \u0130\u00e7inde Ortado\u011fu"},"content":{"rendered":"<p>ORTADO\u011eU&#8217;YA DA\u0130R B\u0130LMEK \u0130STED\u0130\u011e\u0130N\u0130Z PEK \u00c7OK \u015eEY Bir\u00e7ok medeniyetin do\u011fdu\u011fu bir b\u00f6lge; tarihin d\u00f6n\u00fcm noktas\u0131 olan olaylara, dinlere, sava\u015flara, d\u00fc\u015f\u00fcn\u00fcrlere, icatlara tan\u0131kl\u0131k etmi\u015f bir co\u011frafya; Ortado\u011fu.   Hititler, S\u00fcmerler, Lidyal\u0131lar, Urartular, Medler, Frigler, Partlar, Abbasiler, Emeviler, Sel\u00e7uklular, Osmanl\u0131lar gibi tarih\u00ee de\u011fi\u015ftiren devletler ve halklar; Zerd\u00fc\u015ftilik,  Hristiyanl\u0131k, Yahudilik, \u0130slamiyet, Vehhabilik, D\u00fcrzilik gibi inan\u00e7lar; Ninova, Babil, Mekke, Medine, Kud\u00fcs ba\u015fta olmak \u00fczere \u00f6nemli \u015fehirler; Edessa Sava\u015f\u0131, Aynicalut Sava\u015f\u0131, Hitt\u00een Sava\u015f\u0131, Malazgirt Sava\u015f\u0131, K\u00f6seda\u011f Sava\u015f\u0131, Arap-\u0130srail Sava\u015f\u0131 gibi tarihin seyrini de\u011fi\u015ftiren m\u00fccadeleler; Nebukadnezar, Kral S\u00fcleyman, Hz. \u0130sa, Hz. Muhammed, Selahaddin Eyyubi, Yavuz Sultan Selim, \u015eah \u0130smail, Napolyon, II. Abd\u00fclhamid, Gertrude Bell, Arabistanl\u0131 Lawrence, \u00d6mer Muhtar, Cemal Abd\u00fcnnas\u0131r, Muammer Kaddafi, Yaser Arafat, Humeyni gibi \u00f6nemli izler b\u0131rakm\u0131\u015f ki\u015filer; yaz\u0131n\u0131n ve tekerle\u011fin icad\u0131, Ha\u00e7l\u0131 Seferleri, 11 Eyl\u00fcl Sald\u0131r\u0131lar\u0131, Arap Bahar\u0131 ve daha pek \u00e7ok belirleyici geli\u015fme elinizdeki \u00e7al\u0131\u015fman\u0131n i\u00e7eri\u011fini olu\u015fturuyor.  \u00d6nder Kaya\u2019n\u0131n kaleminden Dakikalar \u0130\u00e7inde Ortado\u011fu, sizleri medeniyetlerin do\u011fu\u015fundan g\u00fcn\u00fcm\u00fcze kadar Ortado\u011fu\u2019nun zengin tarihini 200 etkileyici g\u00f6rsel e\u015fli\u011finde ke\u015ffetmeye \u00e7a\u011f\u0131r\u0131yor. Her zaman d\u00fcnyan\u0131n g\u00fcndeminde olan bu b\u00f6lgeyi t\u00fcm y\u00f6nleriyle \u00f6\u011frenmek ve s\u00fcr\u00fckleyici bir \u00fcslupla okumak isterseniz Dakikalar \u0130\u00e7inde Ortado\u011fu sizin i\u00e7in m\u00fckemmel bir kaynak olacak. <\/p>\n","protected":false},"excerpt":{"rendered":"<p>ORTADO\u011eU&#8217;YA DA\u0130R B\u0130LMEK \u0130STED\u0130\u011e\u0130N\u0130Z PEK \u00c7OK \u015eEY Bir\u00e7ok medeniyetin do\u011fdu\u011fu bir b\u00f6lge; tarihin d\u00f6n\u00fcm noktas\u0131 olan olaylara, dinlere, sava\u015flara, d\u00fc\u015f\u00fcn\u00fcrlere, icatlara tan\u0131kl\u0131k etmi\u015f bir co\u011frafya; Ortado\u011fu.<span class=\"excerpt-hellip\"> [\u2026]<\/span><\/p>\n","protected":false},"featured_media":0,"template":"","meta":{"_monsterinsights_skip_tracking":false,"_monsterinsights_sitenote_active":false,"_monsterinsights_sitenote_note":"","_monsterinsights_sitenote_category":0},"product_brand":[],"product_cat":[12370,12304],"product_tag":[],"class_list":{"0":"post-763933","1":"product","2":"type-product","3":"status-publish","5":"product_cat-arastirma-inceleme","6":"product_cat-tarih","7":"pa_cilt-ciltsiz","8":"pa_tur-kitap","9":"pa_yayinevi-kronik-kitap","10":"pa_yazar-onder-kaya","12":"first","13":"instock","14":"sale","15":"shipping-taxable","16":"purchasable","17":"product-type-simple"},"_links":{"self":[{"href":"https:\/\/roveyayinevi.com.tr\/index.php\/wp-json\/wp\/v2\/product\/763933","targetHints":{"allow":["GET"]}}],"collection":[{"href":"https:\/\/roveyayinevi.com.tr\/index.php\/wp-json\/wp\/v2\/product"}],"about":[{"href":"https:\/\/roveyayinevi.com.tr\/index.php\/wp-json\/wp\/v2\/types\/product"}],"wp:attachment":[{"href":"https:\/\/roveyayinevi.com.tr\/index.php\/wp-json\/wp\/v2\/media?parent=763933"}],"wp:term":[{"taxonomy":"product_brand","embeddable":true,"href":"https:\/\/roveyayinevi.com.tr\/index.php\/wp-json\/wp\/v2\/product_brand?post=763933"},{"taxonomy":"product_cat","embeddable":true,"href":"https:\/\/roveyayinevi.com.tr\/index.php\/wp-json\/wp\/v2\/product_cat?post=763933"},{"taxonomy":"product_tag","embeddable":true,"href":"https:\/\/roveyayinevi.com.tr\/index.php\/wp-json\/wp\/v2\/product_tag?post=763933"}],"curies":[{"name":"wp","href":"https:\/\/api.w.org\/{rel}","templated":true}]}}