{"id":763930,"date":"2025-08-28T10:56:18","date_gmt":"2025-08-28T07:56:18","guid":{"rendered":"https:\/\/roveyayinevi.com.tr\/index.php\/urun\/yarini-yasayan-adam-besim-tibuk\/"},"modified":"2026-04-15T03:29:47","modified_gmt":"2026-04-15T00:29:47","slug":"yarini-yasayan-adam-besim-tibuk","status":"publish","type":"product","link":"https:\/\/roveyayinevi.com.tr\/index.php\/urun\/yarini-yasayan-adam-besim-tibuk\/","title":{"rendered":"Yar\u0131n\u0131 Ya\u015fayan Adam &#8211; Besim Tibuk"},"content":{"rendered":"<p>\u0130\u015f d\u00fcnyas\u0131n\u0131n \u00f6zg\u00fcn ismi Besim Tibuk\u2019un hayat\u0131n\u0131 anlatan bu \u00e7al\u0131\u015fma, onun do\u011fumundan aktif siyasete at\u0131l\u0131p Liberal (Demokrat) Parti\u2019yi kurmas\u0131na kadar olan d\u00f6neme odaklan\u0131yor. M\u00fctevaz\u0131 bir Karadeniz k\u00f6y\u00fcnden ABD\u2019ye; yoksulluk i\u00e7inde ge\u00e7en \u00f6\u011frencilik ya\u015fam\u0131ndan bir turizm imparatorlu\u011funa uzanan Tibuk\u2019un \u00e7arp\u0131c\u0131 hayat\u0131, T\u00fcrkiye\u2019nin de bir d\u00f6n\u00fc\u015f\u00fcm hik\u00e2yesi. Her kesimden ve ya\u015ftan insan\u0131n, T\u00fcrkiye\u2019nin yak\u0131n tarihine \u0131\u015f\u0131k tutan ve bir roman ak\u0131c\u0131l\u0131\u011f\u0131ndaki bu biyografiden \u00f6\u011frenece\u011fi \u00e7ok \u015fey var.<\/p>\n","protected":false},"excerpt":{"rendered":"<p>\u0130\u015f d\u00fcnyas\u0131n\u0131n \u00f6zg\u00fcn ismi Besim Tibuk\u2019un hayat\u0131n\u0131 anlatan bu \u00e7al\u0131\u015fma, onun do\u011fumundan aktif siyasete at\u0131l\u0131p Liberal (Demokrat) Parti\u2019yi kurmas\u0131na kadar olan d\u00f6neme odaklan\u0131yor. M\u00fctevaz\u0131 bir Karadeniz<span class=\"excerpt-hellip\"> [\u2026]<\/span><\/p>\n","protected":false},"featured_media":0,"template":"","meta":{"_monsterinsights_skip_tracking":false,"_monsterinsights_sitenote_active":false,"_monsterinsights_sitenote_note":"","_monsterinsights_sitenote_category":0},"product_brand":[],"product_cat":[14009,12291],"product_tag":[],"class_list":{"0":"post-763930","1":"product","2":"type-product","3":"status-publish","5":"product_cat-biyografi-otobiyografi-edebiyat","6":"product_cat-edebiyat","7":"pa_cilt-ciltsiz","8":"pa_tur-kitap","9":"pa_yayinevi-net-cocuk-yayinlari","10":"pa_yazar-fatih-vural","12":"first","13":"instock","14":"sale","15":"shipping-taxable","16":"purchasable","17":"product-type-simple"},"_links":{"self":[{"href":"https:\/\/roveyayinevi.com.tr\/index.php\/wp-json\/wp\/v2\/product\/763930","targetHints":{"allow":["GET"]}}],"collection":[{"href":"https:\/\/roveyayinevi.com.tr\/index.php\/wp-json\/wp\/v2\/product"}],"about":[{"href":"https:\/\/roveyayinevi.com.tr\/index.php\/wp-json\/wp\/v2\/types\/product"}],"wp:attachment":[{"href":"https:\/\/roveyayinevi.com.tr\/index.php\/wp-json\/wp\/v2\/media?parent=763930"}],"wp:term":[{"taxonomy":"product_brand","embeddable":true,"href":"https:\/\/roveyayinevi.com.tr\/index.php\/wp-json\/wp\/v2\/product_brand?post=763930"},{"taxonomy":"product_cat","embeddable":true,"href":"https:\/\/roveyayinevi.com.tr\/index.php\/wp-json\/wp\/v2\/product_cat?post=763930"},{"taxonomy":"product_tag","embeddable":true,"href":"https:\/\/roveyayinevi.com.tr\/index.php\/wp-json\/wp\/v2\/product_tag?post=763930"}],"curies":[{"name":"wp","href":"https:\/\/api.w.org\/{rel}","templated":true}]}}