{"id":763923,"date":"2025-08-28T10:56:04","date_gmt":"2025-08-28T07:56:04","guid":{"rendered":"https:\/\/roveyayinevi.com.tr\/index.php\/urun\/bilim-degerler-ve-politika-max-weberin-metodolojisi\/"},"modified":"2026-04-15T03:29:47","modified_gmt":"2026-04-15T00:29:47","slug":"bilim-degerler-ve-politika-max-weberin-metodolojisi","status":"publish","type":"product","link":"https:\/\/roveyayinevi.com.tr\/index.php\/urun\/bilim-degerler-ve-politika-max-weberin-metodolojisi\/","title":{"rendered":"Bilim, De\u011ferler ve Politika: Max Weber\u2019in Metodolojisi"},"content":{"rendered":"<p>T\u00fcrk\u00e7e literat\u00fcrde Weber metodolojisine ili\u015fkin kitaplar\u0131n say\u0131s\u0131 bir elin parmaklar\u0131n\u0131 ge\u00e7mez. Oysa Almanca metinlerin yan\u0131 s\u0131ra, \u0130ngilizcedeki Weber k\u00fclliyat\u0131 bile belirgin bir ivmeyle birikerek Weberyan bir Babil Kulesi in\u015fa edilmesine katk\u0131 sunmaktad\u0131r. Kimi yorumcular Weber\u2019in kendi ikincil literat\u00fcr\u00fcn\u00fcn g\u00f6lgesinde kald\u0131\u011f\u0131ndan yak\u0131n\u0131rken kimileri Weber\u2019in da\u011f\u0131n\u0131k, polemik\u00e7i, k\u0131l\u0131 k\u0131rk yaran metinlerindeki karma\u015fay\u0131 anlaman\u0131n bundan ba\u015fka bir yolu olmad\u0131\u011f\u0131n\u0131 savunmaktad\u0131r. \u0130\u015fte Bilim, De\u011ferler ve Politika tam da bu \u00e7atallanman\u0131n e\u015fi\u011finde durur. Bir yandan, Weber\u2019in yay\u0131mlanm\u0131\u015f metinlerini, mektuplar, derkenarlar, g\u00f6z ard\u0131 edilmi\u015f notlar ve s\u00f6zl\u00fc tart\u0131\u015fmalar\u0131n \u0131\u015f\u0131\u011f\u0131nda, b\u00fct\u00fcnl\u00fckl\u00fc bir manzara olarak yeniden in\u015fa ederken; di\u011fer yandan, ba\u015fka b\u00fcy\u00fck Weber yorumcular\u0131 ile y\u00fcr\u00fctt\u00fc\u011f\u00fc tart\u0131\u015fmada kendi \u00f6zg\u00fcn konumunu belirginle\u015ftirir. Dolay\u0131s\u0131yla, bu kitap halihaz\u0131rda zay\u0131f olan T\u00fcrk\u00e7e literat\u00fcr i\u00e7in m\u00fckemmel bir pusula i\u015flevi g\u00f6rmektedir: Hem Weber\u2019in orijinal metinlerinin okunmas\u0131na yard\u0131mc\u0131 olur hem de ikinci literat\u00fcrdeki belli ba\u015fl\u0131 yorumlar\u0131n ele\u015ftirel bir haritas\u0131n\u0131 olu\u015fturur. Hans Henrik Bruun\u2019un kitab\u0131, T\u00fcrk\u00e7ede h\u00e2l\u00e2 pozitivizm-hermeneutik ikili\u011fi ve Marx-Weber kar\u015f\u0131tl\u0131\u011f\u0131 gibi elli y\u0131l \u00f6ncesinin tart\u0131\u015fmalar\u0131yla an\u0131lan Weber metodolojisine; bilim, de\u011ferler ve politika ili\u015fkisi a\u00e7\u0131s\u0131ndan odaklanan taze ama g\u00fc\u00e7l\u00fc bir soluk niteli\u011finde. <\/p>\n","protected":false},"excerpt":{"rendered":"<p>T\u00fcrk\u00e7e literat\u00fcrde Weber metodolojisine ili\u015fkin kitaplar\u0131n say\u0131s\u0131 bir elin parmaklar\u0131n\u0131 ge\u00e7mez. Oysa Almanca metinlerin yan\u0131 s\u0131ra, \u0130ngilizcedeki Weber k\u00fclliyat\u0131 bile belirgin bir ivmeyle birikerek Weberyan bir<span class=\"excerpt-hellip\"> [\u2026]<\/span><\/p>\n","protected":false},"featured_media":0,"template":"","meta":{"_monsterinsights_skip_tracking":false,"_monsterinsights_sitenote_active":false,"_monsterinsights_sitenote_note":"","_monsterinsights_sitenote_category":0},"product_brand":[],"product_cat":[16038,12388],"product_tag":[],"class_list":{"0":"post-763923","1":"product","2":"type-product","3":"status-publish","5":"product_cat-arastirma-inceleme-referans-felsefe","6":"product_cat-felsefe","7":"pa_cilt-ciltsiz","8":"pa_tur-kitap","9":"pa_yayinevi-livera-yayinevi","10":"pa_yazar-hans-henrik-bruun","12":"first","13":"instock","14":"sale","15":"shipping-taxable","16":"purchasable","17":"product-type-simple"},"_links":{"self":[{"href":"https:\/\/roveyayinevi.com.tr\/index.php\/wp-json\/wp\/v2\/product\/763923","targetHints":{"allow":["GET"]}}],"collection":[{"href":"https:\/\/roveyayinevi.com.tr\/index.php\/wp-json\/wp\/v2\/product"}],"about":[{"href":"https:\/\/roveyayinevi.com.tr\/index.php\/wp-json\/wp\/v2\/types\/product"}],"wp:attachment":[{"href":"https:\/\/roveyayinevi.com.tr\/index.php\/wp-json\/wp\/v2\/media?parent=763923"}],"wp:term":[{"taxonomy":"product_brand","embeddable":true,"href":"https:\/\/roveyayinevi.com.tr\/index.php\/wp-json\/wp\/v2\/product_brand?post=763923"},{"taxonomy":"product_cat","embeddable":true,"href":"https:\/\/roveyayinevi.com.tr\/index.php\/wp-json\/wp\/v2\/product_cat?post=763923"},{"taxonomy":"product_tag","embeddable":true,"href":"https:\/\/roveyayinevi.com.tr\/index.php\/wp-json\/wp\/v2\/product_tag?post=763923"}],"curies":[{"name":"wp","href":"https:\/\/api.w.org\/{rel}","templated":true}]}}