{"id":763893,"date":"2025-08-28T10:55:17","date_gmt":"2025-08-28T07:55:17","guid":{"rendered":"https:\/\/roveyayinevi.com.tr\/index.php\/urun\/korlerin-kor-kilavuzlari\/"},"modified":"2026-04-15T03:29:46","modified_gmt":"2026-04-15T00:29:46","slug":"korlerin-kor-kilavuzlari","status":"publish","type":"product","link":"https:\/\/roveyayinevi.com.tr\/index.php\/urun\/korlerin-kor-kilavuzlari\/","title":{"rendered":"K\u00f6rlerin K\u00f6r K\u0131lavuzlar\u0131"},"content":{"rendered":"<p>ABD&#8217;nin ba\u015f\u0131n\u0131 \u00e7ekti\u011fi &#8216;Kapitalist-Emperyalist Blok&#8217; ile Sovyet Rusya&#8217;n\u0131n ba\u015f\u0131n\u0131 \u00e7ekti\u011fi &#8216;Sosyalist Blok&#8217; aras\u0131nda 1945&#8217;te ba\u015flayan &#8216;So\u011fuk Sava\u015f&#8217; 2 Aral\u0131k 1989&#8217;da Sovyetler Birli\u011finin yenilgisiyle sona erdi. Marksist-Leninist sosyalist ideolojiye kar\u015f\u0131 a\u00e7t\u0131\u011f\u0131 sava\u015f\u0131, bu ideolojinin devletle\u015fmi\u015f \u00f6rne\u011fi olan Sovyet Sosyalist Cumhuriyetler Birli\u011fi&#8217;ni par\u00e7alayarak kazanan Bat\u0131, silahlar\u0131n\u0131 hemen d\u00fcnyada emperyalizme kar\u015f\u0131 ulusal ba\u011f\u0131ms\u0131zl\u0131k sava\u015flar\u0131n\u0131n devletle\u015fmi\u015f \u00f6rne\u011fi olan Kemalizm&#8217;e \u00e7evirerek, daha \u00f6nce Sovyet Rusya&#8217;ya kar\u015f\u0131 kullan\u0131p da ba\u015far\u0131l\u0131 oldu\u011fu y\u0131k\u0131c\u0131 &#8216;psikolojik harekat&#8217; ve propaganda y\u00f6ntemlerinin t\u00fcm\u00fcn\u00fc T\u00fcrkiye Cumhuriyeti&#8217;ne kar\u015f\u0131 kullanmaya ve tek odakl\u0131 (\u00fcniter), tek hukuklu, laik ulus-devlet yap\u0131s\u0131n\u0131 etnik din ve  mezhep ayr\u0131mc\u0131l\u0131\u011f\u0131yla par\u00e7alamaya y\u00f6neldi. ABD ve Avrupa emperyalistleri, &#8216;So\u011fuk Sava\u015f&#8217; s\u00fcrecinde ertelemi\u015f olduklar\u0131 T\u00fcrkiye&#8217;yi par\u00e7alama tasar\u0131lar\u0131n\u0131, So\u011fuk Sava\u015f&#8217;\u0131n 2 Aral\u0131k 1989&#8217;da sona ermesiyle birlikte y\u00fcr\u00fcrl\u00fc\u011fe koydular. Hemen iki ay sonra, \u015eubat 1990&#8217;da, bir yandan Graham Fuller ve Paul Henze gibi CIA y\u00f6neticileri gazetelerimize deme\u00e7ler vererek, ABD&#8217;nin art\u0131k Kemalist laik ulus-devletin y\u0131k\u0131lmas\u0131na ve yerine \u0130slamc\u0131, \u00e7ok hukuklu, etnik federasyon kurulmas\u0131na karar verdi\u011fini y\u00fcksek sesle duyururken; ayn\u0131 anda Avrupa Toplulu\u011fu yetkilileri de gazetelerimize verdikleri deme\u00e7lerde, T\u00fcrkiye Cumhuriyeti&#8217;nin tek odakl\u0131 (\u00fcniter),Kemalist laik, ulus-devlet yap\u0131s\u0131n\u0131 \u00e7ok hukuklu, etnik federasyonla par\u00e7alayarak y\u0131kmaya y\u00f6nelik Sevr Antla\u015fmas\u0131na benzer bir tak\u0131m ko\u015fullar\u0131 a\u00e7\u0131k a\u00e7\u0131k dayat\u0131yorlard\u0131. \u0130\u015fte tam bu s\u0131rada T\u00fcrkiye Cumhuriyeti&#8217;nin tek odakl\u0131 (\u00fcniter) laik ulus-devlet yap\u0131s\u0131n\u0131 savunan ayd\u0131nlar\u0131m\u0131zdan Muammer Aksoy 31 Ocak 1990 ve Bahriye \u00dc\u00e7ok 6 Ekim 1990 g\u00fcn\u00fc &#8220;\u0130slami Hareket \u00d6rg\u00fct\u00fc&#8221; ad\u0131na \u00fcstlenilen suikastlerde \u00f6ld\u00fcr\u00fcld\u00fcler; ayn\u0131 y\u0131l 7 Mart 1990 g\u00fcn\u00fc gazeteci \u00c7etin Eme\u00e7 ve 4 Eyl\u00fcl 1990 g\u00fcn\u00fc yazar Turan Dursun da \u0130slamc\u0131larca \u00fcstlenilen suikastlerde katledildiler; b\u00f6ylece Atat\u00fcrk&#8217;\u00fc, Kemalizm&#8217;i, T\u00fcrkiye Cumhuriyeti&#8217;nin kurulu\u015f ilkelerini, tek hukuklu, tek odakl\u0131 (\u00fcniter) ulus-devlet yap\u0131s\u0131n\u0131 savunan ayd\u0131nlar\u0131n y\u00fcre\u011fine \u00f6l\u00fcm korkusu d\u00fc\u015f\u00fcr\u00fclm\u00fc\u015f, g\u00f6zda\u011f\u0131 verilmi\u015f oldu. 1990&#8217;larda ABD ve Avrupa Toplulu\u011fu yetkilileri T\u00fcrkiye Cumhuriyeti&#8217;nin laik ulus-devlet yap\u0131s\u0131n\u0131 \u00e7\u00f6kertecek Sevr Antla\u015fmas\u0131 benzeri dayatmalarda bulunurken, ayn\u0131 anda T\u00fcrkiye&#8217;de de  &#8220;Sivil Toplumcular&#8221;, &#8220;\u0130kinci Cumhuriyet\u00e7iler&#8221;, &#8220;Liberal Solcular&#8221;, &#8220;Ayr\u0131l\u0131k\u00e7\u0131 K\u00fcrt\u00e7\u00fcler&#8221; ve &#8220;Siyasal \u0130slamc\u0131lar&#8221; vs. &#8220;Medine Vesikas\u0131&#8221; gibi &#8220;\u00e7ok hukuklu&#8221;, federasyon projeleriyle T\u00fcrkiye&#8217;nin tek hukuklu, tek odakl\u0131 (\u00fcniter) Kemalist laik cumhuriyet ve ulus-devlet yap\u0131s\u0131n\u0131 y\u0131kmaya y\u00f6nelik yo\u011fun bir propaganda y\u00fcr\u00fct\u00fcyorlard\u0131. ABD ve Avrupa Toplulu\u011fu&#8217;nun T\u00fcrkiye&#8217;ye a\u00e7\u0131k a\u00e7\u0131k ulus-devlet kar\u015f\u0131t\u0131 Sevrci dayatmalarda bulunduklar\u0131; buna kar\u015f\u0131 \u00e7\u0131kan ulus\u00e7u yazarlar\u0131n \u00f6ld\u00fcr\u00fcld\u00fc\u011f\u00fc o g\u00fcnlerde ortaya at\u0131lan Sevr benzeri, ulus-devlet d\u00fc\u015fman\u0131, &#8220;\u00e7ok hukuk\u00e7u&#8221;, federasyoncu yay\u0131nlara yan\u0131t vermeye ve ileri s\u00fcr\u00fclen yalan-savlar\u0131 \u00e7\u00fcr\u00fctmeye y\u00f6nelik ele\u015ftiri yaz\u0131lar\u0131m\u0131, 1 Ocak 1993 &#8211; 1 Ocak 1995 tarihleri aras\u0131nda Kitap Gazetesi adl\u0131 ayl\u0131k dergide yay\u0131mlad\u0131m. &#8220;K\u00f6rlerin K\u00f6r K\u0131lavuzlar\u0131&#8221;, i\u015fte bu makalelerin d\u00f6rd\u00fcn\u00fc i\u00e7ermektedir. Bu makaleler 1990&#8217;larda T\u00fcrkl\u00fc\u011fe, dilimize, dinimize, tarihimize, co\u011frafyam\u0131za, &#8220;T\u00fcrk Devrimi&#8221;ne, T\u00fcrkiye Cumhuriyeti&#8217;nin kurulu\u015f ilkelerine sald\u0131ran yay\u0131nlara, hemen, s\u0131ca\u011f\u0131 s\u0131ca\u011f\u0131na verilmi\u015f ilk yan\u0131tlardan olmas\u0131 bak\u0131m\u0131ndan tarihsel bir \u00f6nem ta\u015f\u0131d\u0131\u011f\u0131 gibi, o g\u00fcnlerde ortaya at\u0131lan &#8220;Yeni Sevrci&#8221; yalan-savlar 30 y\u0131ld\u0131r yineleniyor ve g\u00fcn\u00fcm\u00fczde yinelenmekte oldu\u011fu i\u00e7in, bu yalan-savlar\u0131 \u00e7\u00fcr\u00fcten 30 y\u0131l \u00f6nceki yan\u0131tlar\u0131m\u0131z da g\u00fcncelli\u011fini korumaktad\u0131r. EK &#8211; Hilafetin Kald\u0131r\u0131lmas\u0131n\u0131n 100. Y\u0131l\u0131 Onuruna: &#8220;Yeni-Hilafet Tuza\u011f\u0131&#8221; ba\u015fl\u0131kl\u0131 makalelerimle birlikte, Adalet Bakan\u0131 Seyyid Bey&#8217;in 3 Mart 1924 g\u00fcn\u00fc TBMM&#8217;nde yapt\u0131\u011f\u0131 ve TBMM karar\u0131yla hilafeti kald\u0131ran kanunun \u0130slam dinine, Kur&#8217;an&#8217;a, ayetlere ve hadislere dayanan gerek\u00e7esi olarak bas\u0131l\u0131p da\u011f\u0131t\u0131lan &#8220;Hilafetin Mahiyet-i \u015eer&#8217;iyesi&#8221; ba\u015fl\u0131kl\u0131 kitap\u00e7\u0131k da g\u00fcn\u00fcm\u00fcz -T\u00fcrk\u00e7esiyle tam metin olarak- bu kitab\u0131n ekler b\u00f6l\u00fcm\u00fcnde yer al\u0131yor. <\/p>\n","protected":false},"excerpt":{"rendered":"<p>ABD&#8217;nin ba\u015f\u0131n\u0131 \u00e7ekti\u011fi &#8216;Kapitalist-Emperyalist Blok&#8217; ile Sovyet Rusya&#8217;n\u0131n ba\u015f\u0131n\u0131 \u00e7ekti\u011fi &#8216;Sosyalist Blok&#8217; aras\u0131nda 1945&#8217;te ba\u015flayan &#8216;So\u011fuk Sava\u015f&#8217; 2 Aral\u0131k 1989&#8217;da Sovyetler Birli\u011finin yenilgisiyle sona erdi. Marksist-Leninist<span class=\"excerpt-hellip\"> [\u2026]<\/span><\/p>\n","protected":false},"featured_media":0,"template":"","meta":{"_monsterinsights_skip_tracking":false,"_monsterinsights_sitenote_active":false,"_monsterinsights_sitenote_note":"","_monsterinsights_sitenote_category":0},"product_brand":[],"product_cat":[12370,12304],"product_tag":[],"class_list":{"0":"post-763893","1":"product","2":"type-product","3":"status-publish","5":"product_cat-arastirma-inceleme","6":"product_cat-tarih","7":"pa_cilt-ciltsiz","8":"pa_tur-kitap","9":"pa_yayinevi-otopsi-yayinevi","10":"pa_yazar-cengiz-ozakinci","12":"first","13":"instock","14":"sale","15":"shipping-taxable","16":"purchasable","17":"product-type-simple"},"_links":{"self":[{"href":"https:\/\/roveyayinevi.com.tr\/index.php\/wp-json\/wp\/v2\/product\/763893","targetHints":{"allow":["GET"]}}],"collection":[{"href":"https:\/\/roveyayinevi.com.tr\/index.php\/wp-json\/wp\/v2\/product"}],"about":[{"href":"https:\/\/roveyayinevi.com.tr\/index.php\/wp-json\/wp\/v2\/types\/product"}],"wp:attachment":[{"href":"https:\/\/roveyayinevi.com.tr\/index.php\/wp-json\/wp\/v2\/media?parent=763893"}],"wp:term":[{"taxonomy":"product_brand","embeddable":true,"href":"https:\/\/roveyayinevi.com.tr\/index.php\/wp-json\/wp\/v2\/product_brand?post=763893"},{"taxonomy":"product_cat","embeddable":true,"href":"https:\/\/roveyayinevi.com.tr\/index.php\/wp-json\/wp\/v2\/product_cat?post=763893"},{"taxonomy":"product_tag","embeddable":true,"href":"https:\/\/roveyayinevi.com.tr\/index.php\/wp-json\/wp\/v2\/product_tag?post=763893"}],"curies":[{"name":"wp","href":"https:\/\/api.w.org\/{rel}","templated":true}]}}