{"id":763883,"date":"2025-08-28T10:55:00","date_gmt":"2025-08-28T07:55:00","guid":{"rendered":"https:\/\/roveyayinevi.com.tr\/index.php\/urun\/surdurulebilir-kalkinma-amaclari-surdurulebilirlik-raporlamasi-ve-denetimi\/"},"modified":"2026-04-15T03:29:46","modified_gmt":"2026-04-15T00:29:46","slug":"surdurulebilir-kalkinma-amaclari-surdurulebilirlik-raporlamasi-ve-denetimi","status":"publish","type":"product","link":"https:\/\/roveyayinevi.com.tr\/index.php\/urun\/surdurulebilir-kalkinma-amaclari-surdurulebilirlik-raporlamasi-ve-denetimi\/","title":{"rendered":"S\u00fcrd\u00fcr\u00fclebilir Kalk\u0131nma Ama\u00e7lar\u0131 S\u00fcrd\u00fcr\u00fclebilirlik Raporlamas\u0131 ve Denetimi"},"content":{"rendered":"<p>\u0130\u00e7indekiler :   SKA 1: YOKSULLU\u011eA SON B\u0130ST 100 VE B\u0130ST S\u00dcRD\u00dcR\u00dcLEB\u0130L\u0130RL\u0130K ENDEKSLER\u0130NDEK\u0130 \u015e\u0130RKETLER VE KAMU \u00c7ALI\u015eMALARI \u00dcZER\u0130NE B\u0130R ARA\u015eTIRMA   SKA 2: A\u00c7LI\u011eA SON &#8211; YOL HAR\u0130TASI   SKA 3 T\u00dcRK\u0130YE\u2019DE SA\u011eLIK VE KAL\u0130TEL\u0130 YA\u015eAM S\u00dcRD\u00dcR\u00dcLEB\u0130L\u0130R KALKINMA AMACI UYGULAMASININ DE\u011eERLEND\u0130R\u0130LMES\u0130   SKA 4: N\u0130TEL\u0130KL\u0130 E\u011e\u0130T\u0130M   UI GREENMETR\u0130C SIRALAMASINDA KULLANILAN DE\u011e\u0130\u015eKENLER\u0130N K\u00dcMELEME ANAL\u0130Z\u0130 VE T\u00dcRK\u0130YE\u2019DE K\u0130 \u00dcN\u0130VERS\u0130TELER \u00dcZER\u0130NE B\u0130R ARA\u015eTIRMA   SKA 5: KAPSAMINDA Y\u00d6NET\u0130M KURULU \u00c7E\u015e\u0130TL\u0130L\u0130\u011e\u0130 VE S\u00dcRD\u00dcR\u00dcLEB\u0130L\u0130RL\u0130K RAPORLAMASI   BIST S\u00dcRD\u00dcR\u00dcLEB\u0130L\u0130RL\u0130K ENDEKS\u0130NDE FAAL\u0130YET G\u00d6STEREN F\u0130RMALARIN TEM\u0130Z SU VE SAN\u0130TASYON A\u00c7IKLAMALARI \u00dcZER\u0130NE B\u0130R \u0130NCELEME   SKA 7: TEM\u0130Z VE ER\u0130\u015e\u0130LEB\u0130L\u0130R ENERJ\u0130: B\u0130ST S\u00dcRD\u00dcR\u00dcLEB\u0130L\u0130RL\u0130K 25 ENDEKS\u0130NDEN \u015e\u0130RKET UYGULAMALARI   S\u00dcRD\u00dcR\u00dcLEB\u0130L\u0130RL\u0130K VE ENTEGRE RAPORLARIN S\u00dcRD\u00dcR\u00dcLEB\u0130L\u0130R KALKINMA AMACI (SKA) 7\u2019YE UYUM D\u00dcZEY\u0130N\u0130N BEL\u0130RLENMES\u0130: BIST ELEKTR\u0130K ENDEKS\u0130 UYGULAMASI   SKA 8 \u0130NSANA YAKI\u015eIR \u0130\u015e VE EKONOM\u0130K B\u00dcY\u00dcME HEDEF\u0130 VE S\u00dcRD\u00dcR\u00dcLEB\u0130L\u0130R RAPORLARDAK\u0130 YER\u0130   S\u00dcRD\u00dcR\u00dcLEB\u0130L\u0130RL\u0130K BA\u011eLAMINDA A\u0130LE \u015e\u0130RKETLER\u0130N\u0130N KURUMSALLA\u015eMASINA Y\u00d6NEL\u0130K B\u0130R YAKLA\u015eIM: S\u0130STEM\u0130 KAPSAYAN DE\u011eERLER\u0130N ROL\u00dc VE HACI BEK\u0130R \u015eEKERLEME \u00d6RNE\u011e\u0130   S\u00dcRD\u00dcR\u00dcLEB\u0130L\u0130R KALKINMA AMACI 9: SANAY\u0130, YEN\u0130L\u0130K\u00c7\u0130L\u0130K VE ALTYAPI   KARBON VER\u0130LER\u0130N\u0130N RAPORLANMASI VE G\u00dcVENCE DENET\u0130M\u0130 STANDARTLARI KAPSAMINDA DENET\u0130M\u0130   B\u0130ST 25 \u0130\u015eLETMELER\u0130NDE SKA 10 E\u015e\u0130TS\u0130ZL\u0130\u011e\u0130N AZALTILMASI HEDEF\u0130NE Y\u00d6NEL\u0130K YAPILAN A\u00c7IKLAMALARIN DE\u011eERLEND\u0130R\u0130LMES\u0130   S\u00dcRD\u00dcR\u00dcLEB\u0130L\u0130R \u015eEH\u0130RLER VE TOPLULUKLAR   BIST 30\u2019DAK\u0130 \u0130\u015eLETMELER KAPSAMINDA SKA 12 SORUMLU T\u00dcKET\u0130M VE \u00dcRET\u0130M\u2019\u0130N RAPORLANMASI   \u0130KL\u0130M DE\u011e\u0130\u015e\u0130KL\u0130\u011e\u0130 MESELES\u0130 BM SKA 13: \u0130KL\u0130M EYLEM\u0130 VE MUHASEBE \u0130L\u0130\u015eK\u0130S\u0130   S\u00dcRD\u00dcR\u00dcLEB\u0130L\u0130R KALKINMA HEDEF\u0130 13: \u0130KL\u0130M EYLEM\u0130 VE T\u00dcRK\u0130YEDEN \u0130\u015eLETME \u00d6RNEKLER\u0130 BA\u011eLAMINDA B\u0130R DE\u011eERLEND\u0130RME   BM SKA 13: \u0130KL\u0130M EYLEM\u0130 VE DENET\u0130M \u0130L\u0130\u015eK\u0130S\u0130   BM SKA 13: \u0130KL\u0130M EYLEM\u0130 VE KURUMSAL RAPORLAMA \u0130L\u0130\u015eK\u0130S\u0130   SKA 14 SUDAK\u0130 YA\u015eAM: YAPAY ZEK\u00c2 VE OKYANUS MUHASEBES\u0130   SKA 15: KARASAL YA\u015eAM   SKA 16 BARI\u015e, ADALET VE G\u00dc\u00c7L\u00dc KURUMLAR: B\u0130ST S\u00dcRD\u00dcR\u00dcLEB\u0130L\u0130RL\u0130K 25 ENDEKS\u0130NDE B\u0130R ARA\u015eTIRMA   SKA AMA\u00c7 17: AMA\u00c7LAR \u0130\u00c7\u0130N ORTAKLIKLAR UYGULAMA ARA\u00c7LARINI G\u00dc\u00c7LEND\u0130RMEK VE S\u00dcRD\u00dcR\u00dcLEB\u0130L\u0130R KALKINMA \u0130\u00c7\u0130N K\u00dcRESEL ORTAKLI\u011eI CANLANDIRMAK <\/p>\n","protected":false},"excerpt":{"rendered":"<p>\u0130\u00e7indekiler : SKA 1: YOKSULLU\u011eA SON B\u0130ST 100 VE B\u0130ST S\u00dcRD\u00dcR\u00dcLEB\u0130L\u0130RL\u0130K ENDEKSLER\u0130NDEK\u0130 \u015e\u0130RKETLER VE KAMU \u00c7ALI\u015eMALARI \u00dcZER\u0130NE B\u0130R ARA\u015eTIRMA SKA 2: A\u00c7LI\u011eA SON &#8211; YOL HAR\u0130TASI<span class=\"excerpt-hellip\"> [\u2026]<\/span><\/p>\n","protected":false},"featured_media":0,"template":"","meta":{"_monsterinsights_skip_tracking":false,"_monsterinsights_sitenote_active":false,"_monsterinsights_sitenote_note":"","_monsterinsights_sitenote_category":0},"product_brand":[],"product_cat":[13043],"product_tag":[],"class_list":{"0":"post-763883","1":"product","2":"type-product","3":"status-publish","5":"product_cat-ekonomi","6":"pa_cilt-ciltsiz","7":"pa_tur-kitap","8":"pa_yayinevi-gazi-kitabevi","9":"pa_yazar-kolektif","11":"first","12":"instock","13":"sale","14":"shipping-taxable","15":"purchasable","16":"product-type-simple"},"_links":{"self":[{"href":"https:\/\/roveyayinevi.com.tr\/index.php\/wp-json\/wp\/v2\/product\/763883","targetHints":{"allow":["GET"]}}],"collection":[{"href":"https:\/\/roveyayinevi.com.tr\/index.php\/wp-json\/wp\/v2\/product"}],"about":[{"href":"https:\/\/roveyayinevi.com.tr\/index.php\/wp-json\/wp\/v2\/types\/product"}],"wp:attachment":[{"href":"https:\/\/roveyayinevi.com.tr\/index.php\/wp-json\/wp\/v2\/media?parent=763883"}],"wp:term":[{"taxonomy":"product_brand","embeddable":true,"href":"https:\/\/roveyayinevi.com.tr\/index.php\/wp-json\/wp\/v2\/product_brand?post=763883"},{"taxonomy":"product_cat","embeddable":true,"href":"https:\/\/roveyayinevi.com.tr\/index.php\/wp-json\/wp\/v2\/product_cat?post=763883"},{"taxonomy":"product_tag","embeddable":true,"href":"https:\/\/roveyayinevi.com.tr\/index.php\/wp-json\/wp\/v2\/product_tag?post=763883"}],"curies":[{"name":"wp","href":"https:\/\/api.w.org\/{rel}","templated":true}]}}