{"id":763872,"date":"2025-08-28T10:54:37","date_gmt":"2025-08-28T07:54:37","guid":{"rendered":"https:\/\/roveyayinevi.com.tr\/index.php\/urun\/kuma-kuma-kuma-bear-cilt-7\/"},"modified":"2026-04-15T03:29:45","modified_gmt":"2026-04-15T00:29:45","slug":"kuma-kuma-kuma-bear-cilt-7","status":"publish","type":"product","link":"https:\/\/roveyayinevi.com.tr\/index.php\/urun\/kuma-kuma-kuma-bear-cilt-7\/","title":{"rendered":"Kuma Kuma Kuma Bear Cilt 7"},"content":{"rendered":"<p>\u201cKUMA\u2019NIN D\u0130NLENME YER\u0130\u201d A\u00c7ILDIKTAN SONRA YUNA, KARLI DA\u011eLARI A\u015eIYOR! Yuna, Paralel D\u00fcnya\u2019ya hileli Kuma kost\u00fcm\u00fcyle s\u00fcr\u00fcklenen gen\u00e7 bir k\u0131z. Ba\u015fkentte tan\u0131\u015ft\u0131\u011f\u0131 f\u0131r\u0131nc\u0131lar ve yetimhanedeki \u00e7ocuklarla birlikte art\u0131k iyice yerle\u015fti\u011fi Crimonia\u2019da Kuma dolu bir d\u00fckk\u00e2n a\u00e7\u0131yor! Yeni malzemeler aramak i\u00e7in karl\u0131 bir da\u011fa t\u0131rmanan Yuna, mahsur kalm\u0131\u015f insanlar g\u00f6r\u00fcyor! Yedinci cilt de aksiyon dolu!<\/p>\n","protected":false},"excerpt":{"rendered":"<p>\u201cKUMA\u2019NIN D\u0130NLENME YER\u0130\u201d A\u00c7ILDIKTAN SONRA YUNA, KARLI DA\u011eLARI A\u015eIYOR! Yuna, Paralel D\u00fcnya\u2019ya hileli Kuma kost\u00fcm\u00fcyle s\u00fcr\u00fcklenen gen\u00e7 bir k\u0131z. Ba\u015fkentte tan\u0131\u015ft\u0131\u011f\u0131 f\u0131r\u0131nc\u0131lar ve yetimhanedeki \u00e7ocuklarla birlikte<span class=\"excerpt-hellip\"> [\u2026]<\/span><\/p>\n","protected":false},"featured_media":0,"template":"","meta":{"_monsterinsights_skip_tracking":false,"_monsterinsights_sitenote_active":false,"_monsterinsights_sitenote_note":"","_monsterinsights_sitenote_category":0},"product_brand":[],"product_cat":[12416,12291],"product_tag":[],"class_list":{"0":"post-763872","1":"product","2":"type-product","3":"status-publish","5":"product_cat-cizgi-roman","6":"product_cat-edebiyat","7":"pa_cilt-ciltsiz","8":"pa_tur-kitap","9":"pa_yayinevi-kayip-kita-yayinlari","10":"pa_yazar-kumanano","12":"first","13":"instock","14":"sale","15":"shipping-taxable","16":"purchasable","17":"product-type-simple"},"_links":{"self":[{"href":"https:\/\/roveyayinevi.com.tr\/index.php\/wp-json\/wp\/v2\/product\/763872","targetHints":{"allow":["GET"]}}],"collection":[{"href":"https:\/\/roveyayinevi.com.tr\/index.php\/wp-json\/wp\/v2\/product"}],"about":[{"href":"https:\/\/roveyayinevi.com.tr\/index.php\/wp-json\/wp\/v2\/types\/product"}],"wp:attachment":[{"href":"https:\/\/roveyayinevi.com.tr\/index.php\/wp-json\/wp\/v2\/media?parent=763872"}],"wp:term":[{"taxonomy":"product_brand","embeddable":true,"href":"https:\/\/roveyayinevi.com.tr\/index.php\/wp-json\/wp\/v2\/product_brand?post=763872"},{"taxonomy":"product_cat","embeddable":true,"href":"https:\/\/roveyayinevi.com.tr\/index.php\/wp-json\/wp\/v2\/product_cat?post=763872"},{"taxonomy":"product_tag","embeddable":true,"href":"https:\/\/roveyayinevi.com.tr\/index.php\/wp-json\/wp\/v2\/product_tag?post=763872"}],"curies":[{"name":"wp","href":"https:\/\/api.w.org\/{rel}","templated":true}]}}