{"id":763861,"date":"2025-08-28T10:54:19","date_gmt":"2025-08-28T07:54:19","guid":{"rendered":"https:\/\/roveyayinevi.com.tr\/index.php\/urun\/6-subat-kahramanmaras-depremlerinde-icisleri-bakanligi-ve-mulki-idare-amirleri\/"},"modified":"2026-04-15T03:29:45","modified_gmt":"2026-04-15T00:29:45","slug":"6-subat-kahramanmaras-depremlerinde-icisleri-bakanligi-ve-mulki-idare-amirleri","status":"publish","type":"product","link":"https:\/\/roveyayinevi.com.tr\/index.php\/urun\/6-subat-kahramanmaras-depremlerinde-icisleri-bakanligi-ve-mulki-idare-amirleri\/","title":{"rendered":"6 \u015eubat Kahramanmara\u015f Depremlerinde \u0130\u00e7i\u015fleri Bakanl\u0131\u011f\u0131 ve M\u00fclki \u0130dare Amirleri"},"content":{"rendered":"<p>Bu \u00e7al\u0131\u015fman\u0131n konusunu, 6 \u015eubat Kahramanmara\u015f depremleri olu\u015fturmaktad\u0131r. Amac\u0131, 6 \u015eubat depremlerinde \u0130\u00e7i\u015fleri Bakanl\u0131\u011f\u0131 ve m\u00fclki idarenin tecr\u00fcbelerini kayda ge\u00e7irmek ve aktarmakt\u0131r. Bu ba\u011flamda, ya\u015fanan afetlerden elde edilen tecr\u00fcbeler analiz edilip \u00f6nerilere d\u00f6n\u00fc\u015ft\u00fcr\u00fcld\u00fc\u011f\u00fcnde gelecekte meydana gelecek afetlere haz\u0131rl\u0131k konusunda k\u0131ymetli bir bilgi birikiminin olu\u015fmas\u0131n\u0131 sa\u011flayacakt\u0131r. Bu \u00e7al\u0131\u015fmada, \u00f6ncelikle asr\u0131n felaketinde kriz ve acil durum y\u00f6netimi esnas\u0131nda farkl\u0131 \u00e7al\u0131\u015fma alanlarda koordinasyon ve i\u015f birli\u011fi sa\u011flamada g\u00f6rev \u00fcstlenen m\u00fclki idare amirlerinin tecr\u00fcbeleri ele al\u0131nacakt\u0131r. Adeta k\u00fc\u00e7\u00fck bir k\u0131yamet sonras\u0131 olu\u015fan kaos ortam\u0131nda g\u00f6revlerine ba\u015flay\u0131p, hayat\u0131 ola\u011fan ak\u0131\u015f\u0131na sokma yolunda yap\u0131lan \u00e7al\u0131\u015fmalar, edinilen tecr\u00fcbeler ve \u00f6nerileri analiz edilmektedir. Daha sonra \u0130\u00e7i\u015fleri Bakanl\u0131\u011f\u0131ndan deprem b\u00f6lgesine g\u00f6revlendirilen \u201cGenel \u0130dare Hizmetleri S\u0131n\u0131f\u0131ndan\u201d personelin \u00e7al\u0131\u015fmalar\u0131, tecr\u00fcbeleri ve \u00f6nerileri incelenecektir. En sonunda \u0130\u00e7i\u015fleri Bakanl\u0131\u011f\u0131 ba\u011fl\u0131 kurulu\u015flar\u0131 olan AFAD, Emniyet ve Jandarma te\u015fkilatlar\u0131 personelinin \u00e7al\u0131\u015fmalar\u0131, tecr\u00fcbeleri ve \u00f6nerileri de\u011ferlendirilmektedir. <\/p>\n","protected":false},"excerpt":{"rendered":"<p>Bu \u00e7al\u0131\u015fman\u0131n konusunu, 6 \u015eubat Kahramanmara\u015f depremleri olu\u015fturmaktad\u0131r. Amac\u0131, 6 \u015eubat depremlerinde \u0130\u00e7i\u015fleri Bakanl\u0131\u011f\u0131 ve m\u00fclki idarenin tecr\u00fcbelerini kayda ge\u00e7irmek ve aktarmakt\u0131r. Bu ba\u011flamda, ya\u015fanan afetlerden<span class=\"excerpt-hellip\"> [\u2026]<\/span><\/p>\n","protected":false},"featured_media":0,"template":"","meta":{"_monsterinsights_skip_tracking":false,"_monsterinsights_sitenote_active":false,"_monsterinsights_sitenote_note":"","_monsterinsights_sitenote_category":0},"product_brand":[],"product_cat":[12337],"product_tag":[],"class_list":{"0":"post-763861","1":"product","2":"type-product","3":"status-publish","5":"product_cat-politika-siyaset","6":"pa_cilt-ciltsiz","7":"pa_tur-kitap","8":"pa_yayinevi-tiav","9":"pa_yazar-doc-dr-selim-selim-capar","11":"first","12":"instock","13":"sale","14":"shipping-taxable","15":"purchasable","16":"product-type-simple"},"_links":{"self":[{"href":"https:\/\/roveyayinevi.com.tr\/index.php\/wp-json\/wp\/v2\/product\/763861","targetHints":{"allow":["GET"]}}],"collection":[{"href":"https:\/\/roveyayinevi.com.tr\/index.php\/wp-json\/wp\/v2\/product"}],"about":[{"href":"https:\/\/roveyayinevi.com.tr\/index.php\/wp-json\/wp\/v2\/types\/product"}],"wp:attachment":[{"href":"https:\/\/roveyayinevi.com.tr\/index.php\/wp-json\/wp\/v2\/media?parent=763861"}],"wp:term":[{"taxonomy":"product_brand","embeddable":true,"href":"https:\/\/roveyayinevi.com.tr\/index.php\/wp-json\/wp\/v2\/product_brand?post=763861"},{"taxonomy":"product_cat","embeddable":true,"href":"https:\/\/roveyayinevi.com.tr\/index.php\/wp-json\/wp\/v2\/product_cat?post=763861"},{"taxonomy":"product_tag","embeddable":true,"href":"https:\/\/roveyayinevi.com.tr\/index.php\/wp-json\/wp\/v2\/product_tag?post=763861"}],"curies":[{"name":"wp","href":"https:\/\/api.w.org\/{rel}","templated":true}]}}