{"id":763858,"date":"2025-08-28T10:54:15","date_gmt":"2025-08-28T07:54:15","guid":{"rendered":"https:\/\/roveyayinevi.com.tr\/index.php\/urun\/gokcen-3-guz-yagmurlari-ciltli-ozel-baski\/"},"modified":"2026-04-15T03:29:45","modified_gmt":"2026-04-15T00:29:45","slug":"gokcen-3-guz-yagmurlari-ciltli-ozel-baski","status":"publish","type":"product","link":"https:\/\/roveyayinevi.com.tr\/index.php\/urun\/gokcen-3-guz-yagmurlari-ciltli-ozel-baski\/","title":{"rendered":"G\u00f6k\u00e7en &#8211; 3: G\u00fcz Ya\u011fmurlar\u0131  (Ciltli \u00d6zel Bask\u0131)"},"content":{"rendered":"<p>Say\u0131s\u0131z m\u00fccadeleyi ve engeli a\u015f\u0131p bir araya gelen G\u00f6k\u00e7en ve Murathan i\u00e7in art\u0131k a\u015fklar\u0131n\u0131 doya doya ya\u015fama vaktidir. Tek istekleri birbirlerine s\u0131ms\u0131k\u0131 sar\u0131lmak ve kaybettikleri zaman\u0131 telafi etmektir. Ancak olaylar bekledikleri gibi geli\u015fmez ve birlikte kurmaya \u00e7al\u0131\u015ft\u0131klar\u0131 k\u00fc\u00e7\u00fck d\u00fcnya daha var olamadan yerle bir olur. B\u00fcy\u00fck bir nefret, kay\u0131p ve az\u0131l\u0131 d\u00fc\u015fmanlarla dolu karanl\u0131k bir girdab\u0131n i\u00e7ine \u00e7aresizce \u00e7ekilirler.   G\u00f6k\u00e7en ve Murathan kendilerini zorlu bir yol ayr\u0131m\u0131nda bulacaklard\u0131r.   A\u015fk m\u0131? Yoksa ya\u015fatmak i\u00e7in yap\u0131lan b\u00fcy\u00fck bir fedak\u00e2rl\u0131k m\u0131?   Se\u00e7im yapmak ikisi i\u00e7in de kolay olmayacak, hayat\u0131n onlar\u0131 s\u00fcr\u00fckledi\u011fi dipsiz u\u00e7urumlara beraber y\u00fcr\u00fcyeceklerdir.   \u201c\u0130\u00e7imdeki ye\u015fillikler o yokken sonbahard\u0131. Dallar\u0131mdan d\u00f6k\u00fclen g\u00fcz yapraklar\u0131n\u0131 yine onu beklerken sayd\u0131m. Tek, tek, tek. Say G\u00f6k\u00e7en.  Varl\u0131\u011f\u0131 beklemekten, sevmekten ve geride kalmaktan ibaret olan G\u00f6k\u00e7en\u2026\u201d   Uyar\u0131: Yeti\u015fkin okurlar i\u00e7indir. <\/p>\n","protected":false},"excerpt":{"rendered":"<p>Say\u0131s\u0131z m\u00fccadeleyi ve engeli a\u015f\u0131p bir araya gelen G\u00f6k\u00e7en ve Murathan i\u00e7in art\u0131k a\u015fklar\u0131n\u0131 doya doya ya\u015fama vaktidir. Tek istekleri birbirlerine s\u0131ms\u0131k\u0131 sar\u0131lmak ve kaybettikleri zaman\u0131<span class=\"excerpt-hellip\"> [\u2026]<\/span><\/p>\n","protected":false},"featured_media":0,"template":"","meta":{"_monsterinsights_skip_tracking":false,"_monsterinsights_sitenote_active":false,"_monsterinsights_sitenote_note":"","_monsterinsights_sitenote_category":0},"product_brand":[],"product_cat":[12291,12711],"product_tag":[],"class_list":{"0":"post-763858","1":"product","2":"type-product","3":"status-publish","5":"product_cat-edebiyat","6":"product_cat-roman-oyku","7":"pa_cilt-ciltli","8":"pa_tur-kitap","9":"pa_yayinevi-ephesus-yayinlari","10":"pa_yazar-loresima","12":"first","13":"instock","14":"sale","15":"shipping-taxable","16":"purchasable","17":"product-type-simple"},"_links":{"self":[{"href":"https:\/\/roveyayinevi.com.tr\/index.php\/wp-json\/wp\/v2\/product\/763858","targetHints":{"allow":["GET"]}}],"collection":[{"href":"https:\/\/roveyayinevi.com.tr\/index.php\/wp-json\/wp\/v2\/product"}],"about":[{"href":"https:\/\/roveyayinevi.com.tr\/index.php\/wp-json\/wp\/v2\/types\/product"}],"wp:attachment":[{"href":"https:\/\/roveyayinevi.com.tr\/index.php\/wp-json\/wp\/v2\/media?parent=763858"}],"wp:term":[{"taxonomy":"product_brand","embeddable":true,"href":"https:\/\/roveyayinevi.com.tr\/index.php\/wp-json\/wp\/v2\/product_brand?post=763858"},{"taxonomy":"product_cat","embeddable":true,"href":"https:\/\/roveyayinevi.com.tr\/index.php\/wp-json\/wp\/v2\/product_cat?post=763858"},{"taxonomy":"product_tag","embeddable":true,"href":"https:\/\/roveyayinevi.com.tr\/index.php\/wp-json\/wp\/v2\/product_tag?post=763858"}],"curies":[{"name":"wp","href":"https:\/\/api.w.org\/{rel}","templated":true}]}}