{"id":763852,"date":"2025-08-28T10:54:04","date_gmt":"2025-08-28T07:54:04","guid":{"rendered":"https:\/\/roveyayinevi.com.tr\/index.php\/urun\/memleket-hikayeleri-3\/"},"modified":"2026-04-15T03:29:45","modified_gmt":"2026-04-15T00:29:45","slug":"memleket-hikayeleri-3","status":"publish","type":"product","link":"https:\/\/roveyayinevi.com.tr\/index.php\/urun\/memleket-hikayeleri-3\/","title":{"rendered":"Memleket Hikayeleri"},"content":{"rendered":"<p>\u201cBu topraklarda do\u011fan herkes gibi ben de kusurlu genlerimizden az \u00e7ok ta\u015f\u0131yor olmal\u0131y\u0131m ki anlatt\u0131\u011f\u0131m k\u00fc\u00e7\u00fck hik\u00e2yelerin hangisini ya\u015fad\u0131m, hangisini dinledim, hatta baz\u0131lar\u0131n\u0131 fark\u0131nda olmaks\u0131z\u0131n uydurdum, bilemiyorum. Belki ba\u015fkalar\u0131n\u0131n an\u0131lar\u0131n\u0131 benim san\u0131yorumdur. Belki ger\u00e7eklerin haf\u0131zamda kalan par\u00e7alar\u0131n\u0131 \u00f6r\u00fcp geni\u015fletiyorumdur ya da ya\u015fad\u0131m sand\u0131\u011f\u0131m \u015feyleri \u00e7ocuklu\u011fumu dolduran kitaplarda okumu\u015f ve o g\u00fczel yazarlar\u0131n anlatt\u0131klar\u0131n\u0131 bizzat ya\u015fad\u0131m sanacak kadar benimsemi\u015fimdir. (&#8230;) Anlamak i\u00e7in bo\u015fluklara dokunmam, onlar\u0131 \u00f6rmem, emin olamad\u0131\u011f\u0131m ger\u00e7e\u011fi hik\u00e2ye etmem gerekiyor. Anlatt\u0131klar\u0131m\u0131n birer hik\u00e2yeymi\u015f gibi okunmas\u0131n\u0131 talep ediyorsam da t\u00fcm\u00fcyle uyduruyor de\u011filim. Yapt\u0131\u011f\u0131m \u015fey b\u00fcy\u00fck siyah lekeleri kurguyla doldurmak, b\u00f6ylece ba\u015faramasa da b\u00fct\u00fcn olmak isteyen bir anlat\u0131 kurmak.\u201d   Memleket Hik\u00e2yeleri, Ayfer Tun\u00e7\u2019un bir kurgu yazar\u0131 g\u00f6z\u00fcyle \u201cmemleket\u201de ve memleket insan\u0131na bak\u0131\u015flar\u0131n\u0131, bu bak\u0131\u015flardan dam\u0131tt\u0131klar\u0131n\u0131 bir araya getiren, onun duygu ve d\u00fc\u015f\u00fcnce d\u00fcnyas\u0131n\u0131n yerel kaynaklar\u0131n\u0131 a\u00e7\u0131\u011fa \u00e7\u0131karan yaz\u0131lardan, foto\u011fraf okumalar\u0131ndan ve hik\u00e2yelerden olu\u015fuyor. <\/p>\n","protected":false},"excerpt":{"rendered":"<p>\u201cBu topraklarda do\u011fan herkes gibi ben de kusurlu genlerimizden az \u00e7ok ta\u015f\u0131yor olmal\u0131y\u0131m ki anlatt\u0131\u011f\u0131m k\u00fc\u00e7\u00fck hik\u00e2yelerin hangisini ya\u015fad\u0131m, hangisini dinledim, hatta baz\u0131lar\u0131n\u0131 fark\u0131nda olmaks\u0131z\u0131n uydurdum,<span class=\"excerpt-hellip\"> [\u2026]<\/span><\/p>\n","protected":false},"featured_media":0,"template":"","meta":{"_monsterinsights_skip_tracking":false,"_monsterinsights_sitenote_active":false,"_monsterinsights_sitenote_note":"","_monsterinsights_sitenote_category":0},"product_brand":[],"product_cat":[12777,12291],"product_tag":[],"class_list":{"0":"post-763852","1":"product","2":"type-product","3":"status-publish","5":"product_cat-deneme","6":"product_cat-edebiyat","7":"pa_cilt-ciltsiz","8":"pa_tur-kitap","9":"pa_yayinevi-can-yayinlari","10":"pa_yazar-ayfer-tunc","12":"first","13":"instock","14":"sale","15":"shipping-taxable","16":"purchasable","17":"product-type-simple"},"_links":{"self":[{"href":"https:\/\/roveyayinevi.com.tr\/index.php\/wp-json\/wp\/v2\/product\/763852","targetHints":{"allow":["GET"]}}],"collection":[{"href":"https:\/\/roveyayinevi.com.tr\/index.php\/wp-json\/wp\/v2\/product"}],"about":[{"href":"https:\/\/roveyayinevi.com.tr\/index.php\/wp-json\/wp\/v2\/types\/product"}],"wp:attachment":[{"href":"https:\/\/roveyayinevi.com.tr\/index.php\/wp-json\/wp\/v2\/media?parent=763852"}],"wp:term":[{"taxonomy":"product_brand","embeddable":true,"href":"https:\/\/roveyayinevi.com.tr\/index.php\/wp-json\/wp\/v2\/product_brand?post=763852"},{"taxonomy":"product_cat","embeddable":true,"href":"https:\/\/roveyayinevi.com.tr\/index.php\/wp-json\/wp\/v2\/product_cat?post=763852"},{"taxonomy":"product_tag","embeddable":true,"href":"https:\/\/roveyayinevi.com.tr\/index.php\/wp-json\/wp\/v2\/product_tag?post=763852"}],"curies":[{"name":"wp","href":"https:\/\/api.w.org\/{rel}","templated":true}]}}