{"id":763849,"date":"2025-08-28T10:53:57","date_gmt":"2025-08-28T07:53:57","guid":{"rendered":"https:\/\/roveyayinevi.com.tr\/index.php\/urun\/harvard-meydani\/"},"modified":"2026-04-15T03:29:45","modified_gmt":"2026-04-15T00:29:45","slug":"harvard-meydani","status":"publish","type":"product","link":"https:\/\/roveyayinevi.com.tr\/index.php\/urun\/harvard-meydani\/","title":{"rendered":"Harvard Meydan\u0131"},"content":{"rendered":"<p>1977 yaz\u0131. Ruhlar\u0131 Akdeniz k\u0131y\u0131lar\u0131nda, bedenleri kuzeyin \u0131ss\u0131z sokaklar\u0131n\u0131n karma\u015fas\u0131nda sal\u0131nan iki delikanl\u0131n\u0131n yollar\u0131 Harvard Meydan\u0131&#8217;nda kesi\u015fir. Birbirinden gece ile g\u00fcnd\u00fcz kadar farkl\u0131 bu iki gen\u00e7, yaln\u0131zca yersizyurtsuzlar\u0131n, s\u00fcrg\u00fcnlerin konu\u015fabildi\u011fi o ortak lisandan do\u011fan a\u015final\u0131kla sarmalan\u0131p bir dostlu\u011fa i\u00e7kin her t\u00fcrl\u00fc sadakat s\u0131nav\u0131ndan ge\u00e7erler: bitimsiz sohbetler, ucuz \u015farap, sarho\u015f kavgalar\u0131, dolup ta\u015fan k\u00fcll\u00fckler, lo\u015f mek\u00e2nlar, yeni tan\u0131\u015f\u0131lanlar, vazge\u00e7ilenler ve her daim masada duran yaln\u0131zl\u0131k, k\u00f6ks\u00fczl\u00fck.Ya\u015famaktan yorulup edebiyata s\u0131\u011f\u0131nanlara, kaybolma arzusuyla dolup kendini yollara vuranlara, hem s\u00fcrg\u00fcnlere hem g\u00fcvenle k\u00f6k salanlara, hem \u0130skenderiye&#8217;nin u\u00e7suz bucaks\u0131z sahillerine hem de Cambridge&#8217;de bir teras\u0131n bunalt\u0131c\u0131 s\u0131ca\u011f\u0131nda o sahilleri hayal edenlere, k\u0131sacas\u0131 arada kalm\u0131\u015flara, gecikti\u011fine inananlara ve yeti\u015fmeye hi\u00e7 mi hi\u00e7 niyeti olmayanlara Andr\u00e9 Aciman&#8217;dan esasl\u0131 bir anlat\u0131.<\/p>\n","protected":false},"excerpt":{"rendered":"<p>1977 yaz\u0131. Ruhlar\u0131 Akdeniz k\u0131y\u0131lar\u0131nda, bedenleri kuzeyin \u0131ss\u0131z sokaklar\u0131n\u0131n karma\u015fas\u0131nda sal\u0131nan iki delikanl\u0131n\u0131n yollar\u0131 Harvard Meydan\u0131&#8217;nda kesi\u015fir. Birbirinden gece ile g\u00fcnd\u00fcz kadar farkl\u0131 bu iki gen\u00e7,<span class=\"excerpt-hellip\"> [\u2026]<\/span><\/p>\n","protected":false},"featured_media":0,"template":"","meta":{"_monsterinsights_skip_tracking":false,"_monsterinsights_sitenote_active":false,"_monsterinsights_sitenote_note":"","_monsterinsights_sitenote_category":0},"product_brand":[],"product_cat":[12291,12711],"product_tag":[],"class_list":{"0":"post-763849","1":"product","2":"type-product","3":"status-publish","5":"product_cat-edebiyat","6":"product_cat-roman-oyku","7":"pa_cilt-ciltsiz","8":"pa_tur-kitap","9":"pa_yayinevi-sel-yayincilik","10":"pa_yazar-andre-aciman","12":"first","13":"instock","14":"sale","15":"shipping-taxable","16":"purchasable","17":"product-type-simple"},"_links":{"self":[{"href":"https:\/\/roveyayinevi.com.tr\/index.php\/wp-json\/wp\/v2\/product\/763849","targetHints":{"allow":["GET"]}}],"collection":[{"href":"https:\/\/roveyayinevi.com.tr\/index.php\/wp-json\/wp\/v2\/product"}],"about":[{"href":"https:\/\/roveyayinevi.com.tr\/index.php\/wp-json\/wp\/v2\/types\/product"}],"wp:attachment":[{"href":"https:\/\/roveyayinevi.com.tr\/index.php\/wp-json\/wp\/v2\/media?parent=763849"}],"wp:term":[{"taxonomy":"product_brand","embeddable":true,"href":"https:\/\/roveyayinevi.com.tr\/index.php\/wp-json\/wp\/v2\/product_brand?post=763849"},{"taxonomy":"product_cat","embeddable":true,"href":"https:\/\/roveyayinevi.com.tr\/index.php\/wp-json\/wp\/v2\/product_cat?post=763849"},{"taxonomy":"product_tag","embeddable":true,"href":"https:\/\/roveyayinevi.com.tr\/index.php\/wp-json\/wp\/v2\/product_tag?post=763849"}],"curies":[{"name":"wp","href":"https:\/\/api.w.org\/{rel}","templated":true}]}}