{"id":763846,"date":"2025-08-28T10:53:51","date_gmt":"2025-08-28T07:53:51","guid":{"rendered":"https:\/\/roveyayinevi.com.tr\/index.php\/urun\/gonul-dagi\/"},"modified":"2026-04-15T03:29:45","modified_gmt":"2026-04-15T00:29:45","slug":"gonul-dagi","status":"publish","type":"product","link":"https:\/\/roveyayinevi.com.tr\/index.php\/urun\/gonul-dagi\/","title":{"rendered":"G\u00f6n\u00fcl Da\u011f\u0131"},"content":{"rendered":"<p>T\u00fcrk\u00fcleriyle Anadolu\u2019nun h\u00fcz\u00fcnl\u00fc ve sevin\u00e7li sesini d\u00fcnyaya duyuran, g\u00f6n\u00fcllere dokunan bir halk ozan\u0131 Ne\u015fet Erta\u015f\u2026 Hayat\u0131 boyunca saz\u0131n\u0131 ve s\u00f6z\u00fcn\u00fc yolda\u015f\u0131 edinerek insanlara sevday\u0131, hasreti, gurbeti, a\u015fk\u0131 ve h\u00fczn\u00fc anlatt\u0131. \u201cNe\u015fet Erta\u015f kimdir?\u201d sorusunun \u00f6tesine ge\u00e7erek \u201cNe\u015fet Erta\u015f\u2019\u0131n g\u00f6nl\u00fcnde neler sakl\u0131d\u0131r?\u201d sorusuna yan\u0131t arayan Sava\u015f \u015e. Bark\u00e7in, Ne\u015fet Erta\u015f\u2019\u0131n t\u00fcrk\u00fclerinin ard\u0131ndaki gizemleri, ruhundaki derinli\u011fi ve ya\u015fam\u0131ndaki hik\u00e2yeleri, her d\u00f6neme \u0131\u015f\u0131k tutan anekdotlarla G\u00f6n\u00fcl Da\u011f\u0131\u2019nda bir araya getiriyor. <\/p>\n","protected":false},"excerpt":{"rendered":"<p>T\u00fcrk\u00fcleriyle Anadolu\u2019nun h\u00fcz\u00fcnl\u00fc ve sevin\u00e7li sesini d\u00fcnyaya duyuran, g\u00f6n\u00fcllere dokunan bir halk ozan\u0131 Ne\u015fet Erta\u015f\u2026 Hayat\u0131 boyunca saz\u0131n\u0131 ve s\u00f6z\u00fcn\u00fc yolda\u015f\u0131 edinerek insanlara sevday\u0131, hasreti, gurbeti,<span class=\"excerpt-hellip\"> [\u2026]<\/span><\/p>\n","protected":false},"featured_media":0,"template":"","meta":{"_monsterinsights_skip_tracking":false,"_monsterinsights_sitenote_active":false,"_monsterinsights_sitenote_note":"","_monsterinsights_sitenote_category":0},"product_brand":[],"product_cat":[12777,12291],"product_tag":[],"class_list":{"0":"post-763846","1":"product","2":"type-product","3":"status-publish","5":"product_cat-deneme","6":"product_cat-edebiyat","7":"pa_cilt-ciltsiz","8":"pa_tur-kitap","9":"pa_yayinevi-ketebe-yayinlari","10":"pa_yazar-savas-s-barkcin","12":"first","13":"instock","14":"sale","15":"shipping-taxable","16":"purchasable","17":"product-type-simple"},"_links":{"self":[{"href":"https:\/\/roveyayinevi.com.tr\/index.php\/wp-json\/wp\/v2\/product\/763846","targetHints":{"allow":["GET"]}}],"collection":[{"href":"https:\/\/roveyayinevi.com.tr\/index.php\/wp-json\/wp\/v2\/product"}],"about":[{"href":"https:\/\/roveyayinevi.com.tr\/index.php\/wp-json\/wp\/v2\/types\/product"}],"wp:attachment":[{"href":"https:\/\/roveyayinevi.com.tr\/index.php\/wp-json\/wp\/v2\/media?parent=763846"}],"wp:term":[{"taxonomy":"product_brand","embeddable":true,"href":"https:\/\/roveyayinevi.com.tr\/index.php\/wp-json\/wp\/v2\/product_brand?post=763846"},{"taxonomy":"product_cat","embeddable":true,"href":"https:\/\/roveyayinevi.com.tr\/index.php\/wp-json\/wp\/v2\/product_cat?post=763846"},{"taxonomy":"product_tag","embeddable":true,"href":"https:\/\/roveyayinevi.com.tr\/index.php\/wp-json\/wp\/v2\/product_tag?post=763846"}],"curies":[{"name":"wp","href":"https:\/\/api.w.org\/{rel}","templated":true}]}}