{"id":763844,"date":"2025-08-28T10:53:49","date_gmt":"2025-08-28T07:53:49","guid":{"rendered":"https:\/\/roveyayinevi.com.tr\/index.php\/urun\/kullan-at-gezegenimiz-yegane-evimiz\/"},"modified":"2026-04-15T03:29:45","modified_gmt":"2026-04-15T00:29:45","slug":"kullan-at-gezegenimiz-yegane-evimiz","status":"publish","type":"product","link":"https:\/\/roveyayinevi.com.tr\/index.php\/urun\/kullan-at-gezegenimiz-yegane-evimiz\/","title":{"rendered":"Kullan-At: Gezegenimiz, Yegane Evimiz"},"content":{"rendered":"<p>Ekolojik y\u0131k\u0131m\u0131n sorumlulu\u011funu &#8220;musluklar\u0131 fazla a\u00e7\u0131k tutan&#8221;lar\u0131n omuzlar\u0131na y\u00fckleyerek bireyleri daimi bir vicdan muhasebesine s\u00fcr\u00fckleyen k\u00fcresel kapitalizmin lokomotif \u015firketleri vergi indirimi ve \u00e7e\u015fitli fonlardan faydalanmak i\u00e7in; karbon ayak izini, &#8220;s\u00fcrd\u00fcr\u00fclebilir&#8221; ama di\u011ferlerinden daha pahal\u0131 o k\u0131yafetleri, bambu pipetleri, end\u00fcstriyel vegan g\u0131dalar\u0131 ve dahi ineklerin &#8220;metan gaz\u0131 sal\u0131n\u0131m hacmini&#8221; l\u00fcgat\u0131m\u0131za sokmadan \u00e7ok \u00f6nce, Eduardo Galeano, insanlar\u0131 oldu\u011fu kadar tabiat\u0131 da yiyip bitiren ve bir kenara t\u00fck\u00fcren sistemin a\u00e7g\u00f6zl\u00fcl\u00fc\u011f\u00fc ve k\u00fcstahl\u0131\u011f\u0131 hakk\u0131nda uyar\u0131da bulunmu\u015ftu.Hem daha \u00f6nce \u00e7e\u015fitli kitaplar\u0131nda yay\u0131nlanan hem de bu antoloji i\u00e7in kaleme ald\u0131\u011f\u0131 b\u00fct\u00fcn &#8220;ye\u015fil&#8221; metinleri bir araya getiren Kullan-At, \u00e7evre sorununu ekolojiyi dert ediyormu\u015f g\u00f6r\u00fcnen pop\u00fclist sloganlardan uzak, tutarl\u0131 bir siyasi perspektiften ele al\u0131yor ve \u00e7evresel y\u0131k\u0131m\u0131n ger\u00e7ek sorumlular\u0131n\u0131 i\u015faret ediyor.Galeano, her zaman oldu\u011fu gibi, gezegenimizin f\u0131s\u0131lt\u0131lar\u0131na kulak verenlerin tan\u0131kl\u0131klar\u0131 ve  ya\u011fmalanmas\u0131na kar\u015f\u0131 \u00e7\u0131kanlar\u0131n hayk\u0131r\u0131\u015flar\u0131yla kol kola topra\u011f\u0131n nabz\u0131n\u0131 tutuyor.<\/p>\n","protected":false},"excerpt":{"rendered":"<p>Ekolojik y\u0131k\u0131m\u0131n sorumlulu\u011funu &#8220;musluklar\u0131 fazla a\u00e7\u0131k tutan&#8221;lar\u0131n omuzlar\u0131na y\u00fckleyerek bireyleri daimi bir vicdan muhasebesine s\u00fcr\u00fckleyen k\u00fcresel kapitalizmin lokomotif \u015firketleri vergi indirimi ve \u00e7e\u015fitli fonlardan faydalanmak i\u00e7in;<span class=\"excerpt-hellip\"> [\u2026]<\/span><\/p>\n","protected":false},"featured_media":0,"template":"","meta":{"_monsterinsights_skip_tracking":false,"_monsterinsights_sitenote_active":false,"_monsterinsights_sitenote_note":"","_monsterinsights_sitenote_category":0},"product_brand":[],"product_cat":[23323,12364],"product_tag":[],"class_list":{"0":"post-763844","1":"product","2":"type-product","3":"status-publish","5":"product_cat-ekoloji","6":"product_cat-genel-konular","7":"pa_cilt-ciltsiz","8":"pa_tur-kitap","9":"pa_yayinevi-sel-yayincilik","10":"pa_yazar-eduardo-galeano","12":"first","13":"instock","14":"sale","15":"shipping-taxable","16":"purchasable","17":"product-type-simple"},"_links":{"self":[{"href":"https:\/\/roveyayinevi.com.tr\/index.php\/wp-json\/wp\/v2\/product\/763844","targetHints":{"allow":["GET"]}}],"collection":[{"href":"https:\/\/roveyayinevi.com.tr\/index.php\/wp-json\/wp\/v2\/product"}],"about":[{"href":"https:\/\/roveyayinevi.com.tr\/index.php\/wp-json\/wp\/v2\/types\/product"}],"wp:attachment":[{"href":"https:\/\/roveyayinevi.com.tr\/index.php\/wp-json\/wp\/v2\/media?parent=763844"}],"wp:term":[{"taxonomy":"product_brand","embeddable":true,"href":"https:\/\/roveyayinevi.com.tr\/index.php\/wp-json\/wp\/v2\/product_brand?post=763844"},{"taxonomy":"product_cat","embeddable":true,"href":"https:\/\/roveyayinevi.com.tr\/index.php\/wp-json\/wp\/v2\/product_cat?post=763844"},{"taxonomy":"product_tag","embeddable":true,"href":"https:\/\/roveyayinevi.com.tr\/index.php\/wp-json\/wp\/v2\/product_tag?post=763844"}],"curies":[{"name":"wp","href":"https:\/\/api.w.org\/{rel}","templated":true}]}}