{"id":763831,"date":"2025-08-28T10:53:23","date_gmt":"2025-08-28T07:53:23","guid":{"rendered":"https:\/\/roveyayinevi.com.tr\/index.php\/urun\/calikusu-yeni-kapak\/"},"modified":"2026-04-15T03:29:44","modified_gmt":"2026-04-15T00:29:44","slug":"calikusu-yeni-kapak","status":"publish","type":"product","link":"https:\/\/roveyayinevi.com.tr\/index.php\/urun\/calikusu-yeni-kapak\/","title":{"rendered":"\u00c7al\u0131ku\u015fu (Yeni Kapak)"},"content":{"rendered":"<p>\u201cY\u00fczlerinden yalanc\u0131 maskeleri s\u0131y\u0131rmak, azametli g\u00f6steri\u015fler alt\u0131nda gizlenen \u00e7irkinlikleri, hi\u00e7likleri meydana \u00e7\u0131karmak \u00c7al\u0131ku\u015fu\u2019nun en b\u00fcy\u00fck e\u011flencesiydi.\u201d \u00c7al\u0131ku\u015fu Feride\u2019nin gen\u00e7 k\u0131z ruhundaki tatl\u0131 muamman\u0131n, bitmez t\u00fckenmez ne\u015fesinin ve t\u00fcrl\u00fc zorluklara g\u00fcler y\u00fczle g\u00f6\u011f\u00fcs germesindeki kararl\u0131l\u0131\u011f\u0131n ruhlara temas eden hik\u00e2yesi, a\u015fka ve kad\u0131n-erkek ili\u015fkilerine dair klasik anlat\u0131ya g\u00fc\u00e7l\u00fc bir itiraz niteli\u011fi ta\u015f\u0131yor. Re\u015fat Nuri G\u00fcntekin\u2019in bir as\u0131r \u00f6nce kaleme ald\u0131\u011f\u0131 fakat bug\u00fcn dahi de\u011ferinden hi\u00e7bir \u015fey kaybetmemi\u015f olan eseri, \u00fcslubundaki yal\u0131nl\u0131k ile kuvvetin yan\u0131 s\u0131ra toplumu ve Anadolu insan\u0131n\u0131 tasvir etmekteki maharetiyle ku\u015faktan ku\u015fa\u011fa aktar\u0131lan bir edebi lezzet sunuyor. Feride\u2019nin \u015fahs\u0131nda sevginin t\u00fcrl\u00fc zorluklar\u0131 a\u015fabilecek bir g\u00fc\u00e7 bar\u0131nd\u0131rd\u0131\u011f\u0131na \u015fahitlik ederken, Anadolu\u2019daki geri kalm\u0131\u015fl\u0131\u011fa, b\u00fcrokratik yap\u0131n\u0131n kusurlar\u0131na ve ta\u015fradaki kapal\u0131 ya\u015fam tarz\u0131na da canl\u0131 bir bak\u0131\u015f atmak m\u00fcmk\u00fcn oluyor. Yakup Kadri Karaosmano\u011flu\u2019nun ifadesiyle G\u00fcntekin, \u00c7al\u0131ku\u015fu\u2019nda T\u00fcrk edebiyat\u0131n\u0131n ilk ideal kahraman\u0131n\u0131 yaratm\u0131\u015f ve ilk karakter roman\u0131m\u0131z\u0131 ortaya \u00e7\u0131karm\u0131\u015ft\u0131r. Karaosmano\u011flu buradan hareketle Re\u015fat Nuri\u2019nin ilk idealist yazar\u0131m\u0131z oldu\u011funu da ifade etmi\u015ftir. Hen\u00fcz hayattayken T\u00fcrk yaz\u0131n\u0131n\u0131n b\u00fcy\u00fck ustalar\u0131 aras\u0131na ad\u0131n\u0131 yazd\u0131ran Re\u015fat Nuri G\u00fcntekin\u2019in en \u00fcnl\u00fc roman\u0131 \u00c7al\u0131ku\u015fu, edebiyat\u0131m\u0131z\u0131n \u00f6l\u00fcms\u00fcz eserleri aras\u0131nda m\u00fcstesna bir yere sahip. <\/p>\n","protected":false},"excerpt":{"rendered":"<p>\u201cY\u00fczlerinden yalanc\u0131 maskeleri s\u0131y\u0131rmak, azametli g\u00f6steri\u015fler alt\u0131nda gizlenen \u00e7irkinlikleri, hi\u00e7likleri meydana \u00e7\u0131karmak \u00c7al\u0131ku\u015fu\u2019nun en b\u00fcy\u00fck e\u011flencesiydi.\u201d \u00c7al\u0131ku\u015fu Feride\u2019nin gen\u00e7 k\u0131z ruhundaki tatl\u0131 muamman\u0131n, bitmez t\u00fckenmez ne\u015fesinin<span class=\"excerpt-hellip\"> [\u2026]<\/span><\/p>\n","protected":false},"featured_media":0,"template":"","meta":{"_monsterinsights_skip_tracking":false,"_monsterinsights_sitenote_active":false,"_monsterinsights_sitenote_note":"","_monsterinsights_sitenote_category":0},"product_brand":[],"product_cat":[12291,12292],"product_tag":[],"class_list":{"0":"post-763831","1":"product","2":"type-product","3":"status-publish","5":"product_cat-edebiyat","6":"product_cat-turk-edebiyati","7":"pa_cilt-ciltsiz","8":"pa_tur-kitap","9":"pa_yayinevi-resat-nuri-guntekin-yayinlari","10":"pa_yazar-resat-nuri-guntekin","12":"first","13":"instock","14":"sale","15":"shipping-taxable","16":"purchasable","17":"product-type-simple"},"_links":{"self":[{"href":"https:\/\/roveyayinevi.com.tr\/index.php\/wp-json\/wp\/v2\/product\/763831","targetHints":{"allow":["GET"]}}],"collection":[{"href":"https:\/\/roveyayinevi.com.tr\/index.php\/wp-json\/wp\/v2\/product"}],"about":[{"href":"https:\/\/roveyayinevi.com.tr\/index.php\/wp-json\/wp\/v2\/types\/product"}],"wp:attachment":[{"href":"https:\/\/roveyayinevi.com.tr\/index.php\/wp-json\/wp\/v2\/media?parent=763831"}],"wp:term":[{"taxonomy":"product_brand","embeddable":true,"href":"https:\/\/roveyayinevi.com.tr\/index.php\/wp-json\/wp\/v2\/product_brand?post=763831"},{"taxonomy":"product_cat","embeddable":true,"href":"https:\/\/roveyayinevi.com.tr\/index.php\/wp-json\/wp\/v2\/product_cat?post=763831"},{"taxonomy":"product_tag","embeddable":true,"href":"https:\/\/roveyayinevi.com.tr\/index.php\/wp-json\/wp\/v2\/product_tag?post=763831"}],"curies":[{"name":"wp","href":"https:\/\/api.w.org\/{rel}","templated":true}]}}