{"id":763816,"date":"2025-08-28T10:52:50","date_gmt":"2025-08-28T07:52:50","guid":{"rendered":"https:\/\/roveyayinevi.com.tr\/index.php\/urun\/kar-yaginca-2\/"},"modified":"2026-04-15T03:29:44","modified_gmt":"2026-04-15T00:29:44","slug":"kar-yaginca-2","status":"publish","type":"product","link":"https:\/\/roveyayinevi.com.tr\/index.php\/urun\/kar-yaginca-2\/","title":{"rendered":"Kar Ya\u011f\u0131nca"},"content":{"rendered":"<p>G\u00f6z al\u0131c\u0131 resimlerle s\u00fcsl\u00fc bu kitap, \u00e7ocuklar\u0131 do\u011fan\u0131n k\u0131\u015f mevsimindeki g\u00fczellikleri aras\u0131nda bir gezintiye \u00e7\u0131kar\u0131yor. Bir tilkinin, karl\u0131 bir k\u0131\u015f gecesinin sabah\u0131nda yuvas\u0131ndan \u00e7\u0131k\u0131\u015f\u0131n\u0131 ve ormanda kendi halinde ya\u015fam\u0131n\u0131 s\u00fcrd\u00fcren bir\u00e7ok hayvan\u0131n aras\u0131ndan ge\u00e7ip gidi\u015fini izliyoruz.   Rich Lo\u2019nun kendine \u00f6zg\u00fc tarz\u0131n\u0131 yans\u0131tan benzersiz bir eser. <\/p>\n","protected":false},"excerpt":{"rendered":"<p>G\u00f6z al\u0131c\u0131 resimlerle s\u00fcsl\u00fc bu kitap, \u00e7ocuklar\u0131 do\u011fan\u0131n k\u0131\u015f mevsimindeki g\u00fczellikleri aras\u0131nda bir gezintiye \u00e7\u0131kar\u0131yor. Bir tilkinin, karl\u0131 bir k\u0131\u015f gecesinin sabah\u0131nda yuvas\u0131ndan \u00e7\u0131k\u0131\u015f\u0131n\u0131 ve ormanda<span class=\"excerpt-hellip\"> [\u2026]<\/span><\/p>\n","protected":false},"featured_media":0,"template":"","meta":{"_monsterinsights_skip_tracking":false,"_monsterinsights_sitenote_active":false,"_monsterinsights_sitenote_note":"","_monsterinsights_sitenote_category":0},"product_brand":[],"product_cat":[12274,12518],"product_tag":[],"class_list":{"0":"post-763816","1":"product","2":"type-product","3":"status-publish","5":"product_cat-cocuk-ve-genclik-kitaplari","6":"product_cat-okul-oncesi-kitaplar","7":"pa_cilt-ciltsiz","8":"pa_tur-kitap","9":"pa_yayinevi-koc-universitesi-yayinlari","10":"pa_yazar-rich-lo","12":"first","13":"instock","14":"sale","15":"shipping-taxable","16":"purchasable","17":"product-type-simple"},"_links":{"self":[{"href":"https:\/\/roveyayinevi.com.tr\/index.php\/wp-json\/wp\/v2\/product\/763816","targetHints":{"allow":["GET"]}}],"collection":[{"href":"https:\/\/roveyayinevi.com.tr\/index.php\/wp-json\/wp\/v2\/product"}],"about":[{"href":"https:\/\/roveyayinevi.com.tr\/index.php\/wp-json\/wp\/v2\/types\/product"}],"wp:attachment":[{"href":"https:\/\/roveyayinevi.com.tr\/index.php\/wp-json\/wp\/v2\/media?parent=763816"}],"wp:term":[{"taxonomy":"product_brand","embeddable":true,"href":"https:\/\/roveyayinevi.com.tr\/index.php\/wp-json\/wp\/v2\/product_brand?post=763816"},{"taxonomy":"product_cat","embeddable":true,"href":"https:\/\/roveyayinevi.com.tr\/index.php\/wp-json\/wp\/v2\/product_cat?post=763816"},{"taxonomy":"product_tag","embeddable":true,"href":"https:\/\/roveyayinevi.com.tr\/index.php\/wp-json\/wp\/v2\/product_tag?post=763816"}],"curies":[{"name":"wp","href":"https:\/\/api.w.org\/{rel}","templated":true}]}}