{"id":763799,"date":"2025-08-28T10:52:18","date_gmt":"2025-08-28T07:52:18","guid":{"rendered":"https:\/\/roveyayinevi.com.tr\/index.php\/urun\/hayallerim-ve-sevdam\/"},"modified":"2026-04-15T03:29:43","modified_gmt":"2026-04-15T00:29:43","slug":"hayallerim-ve-sevdam","status":"publish","type":"product","link":"https:\/\/roveyayinevi.com.tr\/index.php\/urun\/hayallerim-ve-sevdam\/","title":{"rendered":"Hayallerim ve Sevdam"},"content":{"rendered":"<p>Kendi hayat\u0131m\u0131n i\u00e7indeki sevin\u00e7li ya da h\u00fcz\u00fcnl\u00fc an\u0131lar\u0131mdan \u00e7\u0131kard\u0131\u011f\u0131m dersleri, \u015fahit olduklar\u0131m\u0131, ibret al\u0131nacak, hisse \u00e7\u0131kart\u0131lacak hadiseleri belki birilerine \u0131\u015f\u0131k tutar niyetiyle yazarak anlatmaya \u00e7al\u0131\u015ft\u0131m. \u00c7\u00fcnk\u00fc hak ve hakikat ad\u0131na hi\u00e7bir maddi \u00e7\u0131kar g\u00f6zetmeden insanlara yararl\u0131 olmay\u0131, dilim d\u00f6nd\u00fc\u011f\u00fcnce hakikatleri anlatmay\u0131 \u00e7ok seviyorum. Bunu Rabb\u2019imin bana y\u00fcklemi\u015f oldu\u011fu bir g\u00f6rev olarak kabul ediyorum. \u0130nsan \u00e7ok sevdi\u011fi \u015feyin sevdal\u0131s\u0131d\u0131r. Benim sevdam da Avrupa\u2019da ya\u015fayan \u00f6zellikle gen\u00e7lere, Allah\u2019\u0131, onun resul\u00fcn\u00fc ve Allah\u2019\u0131n resul\u00fc vas\u0131tas\u0131yla bize \u00f6\u011fretti\u011fi g\u00fczel ahlak\u0131, azim ve sab\u0131rla anlatmak ve \u00f6\u011fretmek. <\/p>\n","protected":false},"excerpt":{"rendered":"<p>Kendi hayat\u0131m\u0131n i\u00e7indeki sevin\u00e7li ya da h\u00fcz\u00fcnl\u00fc an\u0131lar\u0131mdan \u00e7\u0131kard\u0131\u011f\u0131m dersleri, \u015fahit olduklar\u0131m\u0131, ibret al\u0131nacak, hisse \u00e7\u0131kart\u0131lacak hadiseleri belki birilerine \u0131\u015f\u0131k tutar niyetiyle yazarak anlatmaya \u00e7al\u0131\u015ft\u0131m. \u00c7\u00fcnk\u00fc<span class=\"excerpt-hellip\"> [\u2026]<\/span><\/p>\n","protected":false},"featured_media":0,"template":"","meta":{"_monsterinsights_skip_tracking":false,"_monsterinsights_sitenote_active":false,"_monsterinsights_sitenote_note":"","_monsterinsights_sitenote_category":0},"product_brand":[],"product_cat":[14009,12291],"product_tag":[],"class_list":{"0":"post-763799","1":"product","2":"type-product","3":"status-publish","5":"product_cat-biyografi-otobiyografi-edebiyat","6":"product_cat-edebiyat","7":"pa_cilt-ciltsiz","8":"pa_tur-kitap","9":"pa_yayinevi-gulnar-yayinlari","10":"pa_yazar-yasemin-elvan-sahin","12":"first","13":"instock","14":"sale","15":"shipping-taxable","16":"purchasable","17":"product-type-simple"},"_links":{"self":[{"href":"https:\/\/roveyayinevi.com.tr\/index.php\/wp-json\/wp\/v2\/product\/763799","targetHints":{"allow":["GET"]}}],"collection":[{"href":"https:\/\/roveyayinevi.com.tr\/index.php\/wp-json\/wp\/v2\/product"}],"about":[{"href":"https:\/\/roveyayinevi.com.tr\/index.php\/wp-json\/wp\/v2\/types\/product"}],"wp:attachment":[{"href":"https:\/\/roveyayinevi.com.tr\/index.php\/wp-json\/wp\/v2\/media?parent=763799"}],"wp:term":[{"taxonomy":"product_brand","embeddable":true,"href":"https:\/\/roveyayinevi.com.tr\/index.php\/wp-json\/wp\/v2\/product_brand?post=763799"},{"taxonomy":"product_cat","embeddable":true,"href":"https:\/\/roveyayinevi.com.tr\/index.php\/wp-json\/wp\/v2\/product_cat?post=763799"},{"taxonomy":"product_tag","embeddable":true,"href":"https:\/\/roveyayinevi.com.tr\/index.php\/wp-json\/wp\/v2\/product_tag?post=763799"}],"curies":[{"name":"wp","href":"https:\/\/api.w.org\/{rel}","templated":true}]}}