{"id":763794,"date":"2025-08-28T10:52:11","date_gmt":"2025-08-28T07:52:11","guid":{"rendered":"https:\/\/roveyayinevi.com.tr\/index.php\/urun\/hacim-fiyat-analizi\/"},"modified":"2026-04-15T03:29:43","modified_gmt":"2026-04-15T00:29:43","slug":"hacim-fiyat-analizi","status":"publish","type":"product","link":"https:\/\/roveyayinevi.com.tr\/index.php\/urun\/hacim-fiyat-analizi\/","title":{"rendered":"Hacim Fiyat Analizi"},"content":{"rendered":"<p>Borsa tarihinin \u00fcnl\u00fc isimleri Charles Dow, Jesse Livermore ve Richard Ney\u2019in ortak noktas\u0131 nedir? Bu isimlerin t\u00fcm\u00fc, hacim ve fiyat analizinden faydalanarak b\u00fcy\u00fck servetler elde ettiler. Peki, bizi onlardan ay\u0131ran nedir? Onlar fiyatlar\u0131 kaydeden k\u00e2\u011f\u0131t \u015feritlerden faydalan\u0131rken bizler dijital ekranlar\u0131 kullan\u0131yoruz. \u0130\u015fte, aradaki tek fark bu. Traderlar, yat\u0131r\u0131mc\u0131lar veya spek\u00fclat\u00f6rler olarak yapmaya\u00e7al\u0131\u015ft\u0131\u011f\u0131m\u0131z \u015fey piyasan\u0131n ak\u0131betini tahmin etmektir. Sizler dehacmi etkin bir \u015fekilde kullanarak t\u0131pk\u0131 onlar gibi ba\u015far\u0131ya ula\u015fabilirsiniz. Hacim, borsada \u00f6nc\u00fc bir g\u00f6stergedir. \u0130kinci ve tek\u00f6nc\u00fc g\u00f6stergeyse fiyatt\u0131r. Bu iki g\u00fcc\u00fc birle\u015ftirdi\u011finizde ortaya\u00e7\u0131kan sonu\u00e7, sizlere piyasan\u0131n y\u00f6n\u00fcn\u00fc g\u00fcvenle tahmin etmeyey\u00f6nelik g\u00fc\u00e7l\u00fc bir analitik yakla\u015f\u0131m sunar. Anna Coulling&#8217;in deneyimlerinden yola \u00e7\u0131karak kaleme ald\u0131\u011f\u0131 bu kitap, ister g\u00fcnl\u00fck al\u0131m sat\u0131m yap\u0131yor olun ister herhangi bir piyasada, enstr\u00fcmanda veya zaman diliminde uzun vadelibir yat\u0131r\u0131mc\u0131 olun, ba\u015far\u0131ya giden yolda en b\u00fcy\u00fck yard\u0131mc\u0131n\u0131zolacak!<\/p>\n","protected":false},"excerpt":{"rendered":"<p>Borsa tarihinin \u00fcnl\u00fc isimleri Charles Dow, Jesse Livermore ve Richard Ney\u2019in ortak noktas\u0131 nedir? Bu isimlerin t\u00fcm\u00fc, hacim ve fiyat analizinden faydalanarak b\u00fcy\u00fck servetler elde ettiler.<span class=\"excerpt-hellip\"> [\u2026]<\/span><\/p>\n","protected":false},"featured_media":0,"template":"","meta":{"_monsterinsights_skip_tracking":false,"_monsterinsights_sitenote_active":false,"_monsterinsights_sitenote_note":"","_monsterinsights_sitenote_category":0},"product_brand":[],"product_cat":[17249,13043],"product_tag":[],"class_list":{"0":"post-763794","1":"product","2":"type-product","3":"status-publish","5":"product_cat-borsa-finans","6":"product_cat-ekonomi","7":"pa_cilt-ciltsiz","8":"pa_tur-kitap","9":"pa_yayinevi-epsilon-yayinlari","10":"pa_yazar-anna-coulling","12":"first","13":"instock","14":"sale","15":"shipping-taxable","16":"purchasable","17":"product-type-simple"},"_links":{"self":[{"href":"https:\/\/roveyayinevi.com.tr\/index.php\/wp-json\/wp\/v2\/product\/763794","targetHints":{"allow":["GET"]}}],"collection":[{"href":"https:\/\/roveyayinevi.com.tr\/index.php\/wp-json\/wp\/v2\/product"}],"about":[{"href":"https:\/\/roveyayinevi.com.tr\/index.php\/wp-json\/wp\/v2\/types\/product"}],"wp:attachment":[{"href":"https:\/\/roveyayinevi.com.tr\/index.php\/wp-json\/wp\/v2\/media?parent=763794"}],"wp:term":[{"taxonomy":"product_brand","embeddable":true,"href":"https:\/\/roveyayinevi.com.tr\/index.php\/wp-json\/wp\/v2\/product_brand?post=763794"},{"taxonomy":"product_cat","embeddable":true,"href":"https:\/\/roveyayinevi.com.tr\/index.php\/wp-json\/wp\/v2\/product_cat?post=763794"},{"taxonomy":"product_tag","embeddable":true,"href":"https:\/\/roveyayinevi.com.tr\/index.php\/wp-json\/wp\/v2\/product_tag?post=763794"}],"curies":[{"name":"wp","href":"https:\/\/api.w.org\/{rel}","templated":true}]}}