{"id":763793,"date":"2025-08-28T10:52:09","date_gmt":"2025-08-28T07:52:09","guid":{"rendered":"https:\/\/roveyayinevi.com.tr\/index.php\/urun\/sivriburun-ucurtmanin-yolculugu\/"},"modified":"2026-04-15T03:29:43","modified_gmt":"2026-04-15T00:29:43","slug":"sivriburun-ucurtmanin-yolculugu","status":"publish","type":"product","link":"https:\/\/roveyayinevi.com.tr\/index.php\/urun\/sivriburun-ucurtmanin-yolculugu\/","title":{"rendered":"Sivriburun U\u00e7urtman\u0131n Yolculu\u011fu"},"content":{"rendered":"<p>&#8220;U\u00e7urtmalar r\u00fczg\u00e2ra direnebildi\u011fi i\u00e7in u\u00e7ar. Direndik\u00e7e y\u00fckselir, y\u00fckseldik\u00e7e yeni yerler g\u00f6rme hevesi sarar i\u00e7lerini.&#8221; Sivriburun, merakl\u0131 ve \u00f6zg\u00fcr ruhlu bir u\u00e7urtmad\u0131r. Hayali, ku\u015flar gibi istedi\u011fi yere gitmek ve ke\u015fif yapmakt\u0131r. H\u00fclyal\u0131 g\u00f6ky\u00fcz\u00fcnde s\u00fcz\u00fcld\u00fc\u011f\u00fc g\u00fcnlerin birinde beklenmedik bir \u015fey olur. \u0130pi kopar u\u00e7urtman\u0131n. B\u00f6ylece serbest kalan Sivriburun, arad\u0131\u011f\u0131 maceran\u0131n i\u00e7inde bulur kendisini. U\u00e7urtma M\u00fczesi\u2019nin kurucusu Mehmet Naci Ak\u00f6z, unutulmaya y\u00fcz tutmu\u015f bir u\u00e7urtma \u00e7e\u015fidini hik\u00e2yesine ba\u015fkahraman yaparak bug\u00fcn\u00fcn \u00e7ocuklar\u0131na k\u00fclt\u00fcrel bir miras aktar\u0131yor. \u00dcsk\u00fcdar\u2019\u0131n semalar\u0131nda ge\u00e7en \u201cSivriburun U\u00e7urtman\u0131n Yolculu\u011fu\u201d u\u00e7maya dair hik\u00e2yeleri ve akt\u00f6rleri bir araya getirerek okurlar\u0131 masmavi bir ser\u00fcvene \u00e7\u0131kar\u0131yor. \u00d6\u011frenme sevgisinin ve cesaretin vurguland\u0131\u011f\u0131 bu eserde u\u00e7urtmalar\u0131 daha yak\u0131ndan tan\u0131yacak ve onlar\u0131n bir oyuncaktan \u00e7ok daha fazlas\u0131 oldu\u011funu ke\u015ffedeceksiniz! <\/p>\n","protected":false},"excerpt":{"rendered":"<p>&#8220;U\u00e7urtmalar r\u00fczg\u00e2ra direnebildi\u011fi i\u00e7in u\u00e7ar. Direndik\u00e7e y\u00fckselir, y\u00fckseldik\u00e7e yeni yerler g\u00f6rme hevesi sarar i\u00e7lerini.&#8221; Sivriburun, merakl\u0131 ve \u00f6zg\u00fcr ruhlu bir u\u00e7urtmad\u0131r. Hayali, ku\u015flar gibi istedi\u011fi yere<span class=\"excerpt-hellip\"> [\u2026]<\/span><\/p>\n","protected":false},"featured_media":0,"template":"","meta":{"_monsterinsights_skip_tracking":false,"_monsterinsights_sitenote_active":false,"_monsterinsights_sitenote_note":"","_monsterinsights_sitenote_category":0},"product_brand":[],"product_cat":[12274,12518],"product_tag":[],"class_list":{"0":"post-763793","1":"product","2":"type-product","3":"status-publish","5":"product_cat-cocuk-ve-genclik-kitaplari","6":"product_cat-okul-oncesi-kitaplar","7":"pa_cilt-ciltsiz","8":"pa_tur-kitap","9":"pa_yayinevi-profil-kitap","10":"pa_yazar-mehmet-naci-akoz","12":"first","13":"instock","14":"sale","15":"shipping-taxable","16":"purchasable","17":"product-type-simple"},"_links":{"self":[{"href":"https:\/\/roveyayinevi.com.tr\/index.php\/wp-json\/wp\/v2\/product\/763793","targetHints":{"allow":["GET"]}}],"collection":[{"href":"https:\/\/roveyayinevi.com.tr\/index.php\/wp-json\/wp\/v2\/product"}],"about":[{"href":"https:\/\/roveyayinevi.com.tr\/index.php\/wp-json\/wp\/v2\/types\/product"}],"wp:attachment":[{"href":"https:\/\/roveyayinevi.com.tr\/index.php\/wp-json\/wp\/v2\/media?parent=763793"}],"wp:term":[{"taxonomy":"product_brand","embeddable":true,"href":"https:\/\/roveyayinevi.com.tr\/index.php\/wp-json\/wp\/v2\/product_brand?post=763793"},{"taxonomy":"product_cat","embeddable":true,"href":"https:\/\/roveyayinevi.com.tr\/index.php\/wp-json\/wp\/v2\/product_cat?post=763793"},{"taxonomy":"product_tag","embeddable":true,"href":"https:\/\/roveyayinevi.com.tr\/index.php\/wp-json\/wp\/v2\/product_tag?post=763793"}],"curies":[{"name":"wp","href":"https:\/\/api.w.org\/{rel}","templated":true}]}}