{"id":763788,"date":"2025-08-28T10:51:59","date_gmt":"2025-08-28T07:51:59","guid":{"rendered":"https:\/\/roveyayinevi.com.tr\/index.php\/urun\/holly\/"},"modified":"2026-04-15T03:29:43","modified_gmt":"2026-04-15T00:29:43","slug":"holly","status":"publish","type":"product","link":"https:\/\/roveyayinevi.com.tr\/index.php\/urun\/holly\/","title":{"rendered":"Holly"},"content":{"rendered":"<p>&#8220;Bazen evren sana tutunacak bir dal uzat\u0131r.&#8221;- Bill HodgesStephen King&#8217;in en ilgin\u00e7, en becerikli karakterlerinden Holly Gibney, bir kasabada ya\u015fanan kaybolma vakalar\u0131n\u0131n ard\u0131ndaki korkun\u00e7 ger\u00e7e\u011fi \u00e7\u00f6zmek i\u00e7in geri d\u00f6n\u00fcyor.Penny Dahl, kay\u0131p k\u0131z\u0131 Bonnie&#8217;yi bulmak i\u00e7in Finders Keepers dedektiflik b\u00fcrosuna m\u00fcracaat etti\u011finde Holly, \u00f6nce davay\u0131 kabul etmek istemez. \u00c7\u00fcnk\u00fc ya\u015fad\u0131\u011f\u0131 kay\u0131plarla zor bir d\u00f6nemden ge\u00e7mektedir ve orta\u011f\u0131 Pete de Covid kapm\u0131\u015ft\u0131r. Ancak Penny Dahl&#8217;\u0131n \u00e7aresiz sesindeki bir \u015fey y\u00fcz\u00fcnden Holly bu teklifi reddedemez.Bonnie Dahl&#8217;\u0131n kayboldu\u011fu yerden sadece birka\u00e7 sokak \u00f6tede Profes\u00f6r Rodney ve Emily Harris ya\u015famaktad\u0131r. Bu \u00e7ift sayg\u0131nl\u0131\u011f\u0131n resmi gibidir: evli, seksenlerinde, birbirine sad\u0131k ve \u00f6m\u00fcr boyu akademisyen. Fakat bak\u0131ml\u0131, kitaplarla dolu evlerinin bodrumunda, Bonnie&#8217;nin kaybolu\u015fuyla ilgili olabilecek \u015feytani bir s\u0131r saklamaktad\u0131rlar.Holly, Stephen King&#8217;in bu t\u00fcyler \u00fcrperten yeni ba\u015fyap\u0131t\u0131nda, sapk\u0131n profes\u00f6rleri alt etmek i\u00e7in t\u00fcm ola\u011fan\u00fcst\u00fc yeteneklerini bir araya getirmek zorundad\u0131r.<\/p>\n","protected":false},"excerpt":{"rendered":"<p>&#8220;Bazen evren sana tutunacak bir dal uzat\u0131r.&#8221;- Bill HodgesStephen King&#8217;in en ilgin\u00e7, en becerikli karakterlerinden Holly Gibney, bir kasabada ya\u015fanan kaybolma vakalar\u0131n\u0131n ard\u0131ndaki korkun\u00e7 ger\u00e7e\u011fi \u00e7\u00f6zmek<span class=\"excerpt-hellip\"> [\u2026]<\/span><\/p>\n","protected":false},"featured_media":0,"template":"","meta":{"_monsterinsights_skip_tracking":false,"_monsterinsights_sitenote_active":false,"_monsterinsights_sitenote_note":"","_monsterinsights_sitenote_category":0},"product_brand":[],"product_cat":[12291,12711],"product_tag":[],"class_list":{"0":"post-763788","1":"product","2":"type-product","3":"status-publish","5":"product_cat-edebiyat","6":"product_cat-roman-oyku","7":"pa_cilt-ciltsiz","8":"pa_tur-kitap","9":"pa_yayinevi-altin-kitaplar","10":"pa_yazar-stephen-king","12":"first","13":"instock","14":"sale","15":"shipping-taxable","16":"purchasable","17":"product-type-simple"},"_links":{"self":[{"href":"https:\/\/roveyayinevi.com.tr\/index.php\/wp-json\/wp\/v2\/product\/763788","targetHints":{"allow":["GET"]}}],"collection":[{"href":"https:\/\/roveyayinevi.com.tr\/index.php\/wp-json\/wp\/v2\/product"}],"about":[{"href":"https:\/\/roveyayinevi.com.tr\/index.php\/wp-json\/wp\/v2\/types\/product"}],"wp:attachment":[{"href":"https:\/\/roveyayinevi.com.tr\/index.php\/wp-json\/wp\/v2\/media?parent=763788"}],"wp:term":[{"taxonomy":"product_brand","embeddable":true,"href":"https:\/\/roveyayinevi.com.tr\/index.php\/wp-json\/wp\/v2\/product_brand?post=763788"},{"taxonomy":"product_cat","embeddable":true,"href":"https:\/\/roveyayinevi.com.tr\/index.php\/wp-json\/wp\/v2\/product_cat?post=763788"},{"taxonomy":"product_tag","embeddable":true,"href":"https:\/\/roveyayinevi.com.tr\/index.php\/wp-json\/wp\/v2\/product_tag?post=763788"}],"curies":[{"name":"wp","href":"https:\/\/api.w.org\/{rel}","templated":true}]}}