{"id":763771,"date":"2025-08-28T10:51:28","date_gmt":"2025-08-28T07:51:28","guid":{"rendered":"https:\/\/roveyayinevi.com.tr\/index.php\/urun\/gercek-kotuler-futbol-takimi\/"},"modified":"2026-04-15T03:29:43","modified_gmt":"2026-04-15T00:29:43","slug":"gercek-kotuler-futbol-takimi","status":"publish","type":"product","link":"https:\/\/roveyayinevi.com.tr\/index.php\/urun\/gercek-kotuler-futbol-takimi\/","title":{"rendered":"Ger\u00e7ek K\u00f6tu\u0308ler Futbol Tak\u0131m\u0131"},"content":{"rendered":"<p>\u0130\u015fler Zorla\u015f\u0131nca, Harika Sonu\u00e7lar Ortaya \u00c7\u0131kabilir!   Unicorn K\u0131v\u0131lc\u0131m\u2019\u0131n tek istedi\u011fi \u015fey futbol oynamakt\u0131r ama kul\u00fcb\u00fc onun yeteneklerini hi\u00e7bir zaman takdir etmemi\u015ftir. \u00dcstelikbir de onu kul\u00fcpten KOVMU\u015eTUR! Bunun \u00fczerine K\u0131v\u0131lc\u0131m birg\u00fcn, GER\u00c7EK K\u00d6T\u00dcLER FUTBOL KUL\u00dcB\u00dc\u2019n\u00fcn ilan\u0131n\u0131 g\u00f6r\u00fcr. Bu, onun i\u00e7in yeniden bir tak\u0131ma d\u00e2hil olmak ve \u00e7ok sevdi\u011fi oyunu oynamak i\u00e7in bir  \u015fanst\u0131r! Peki GER\u00c7EK K\u00d6T\u00dcLER FUTBOL TAKIMI oyuncular\u0131, bu lige ait olduklar\u0131n\u0131 kan\u0131tlayabilmek i\u00e7in g\u00fc\u00e7lerini, yeteneklerini ve k\u00f6t\u00fc kokular\u0131n\u0131 bir araya getirip uyum i\u00e7in de oynayabilecek midir? <\/p>\n","protected":false},"excerpt":{"rendered":"<p>\u0130\u015fler Zorla\u015f\u0131nca, Harika Sonu\u00e7lar Ortaya \u00c7\u0131kabilir! Unicorn K\u0131v\u0131lc\u0131m\u2019\u0131n tek istedi\u011fi \u015fey futbol oynamakt\u0131r ama kul\u00fcb\u00fc onun yeteneklerini hi\u00e7bir zaman takdir etmemi\u015ftir. \u00dcstelikbir de onu kul\u00fcpten KOVMU\u015eTUR!<span class=\"excerpt-hellip\"> [\u2026]<\/span><\/p>\n","protected":false},"featured_media":0,"template":"","meta":{"_monsterinsights_skip_tracking":false,"_monsterinsights_sitenote_active":false,"_monsterinsights_sitenote_note":"","_monsterinsights_sitenote_category":0},"product_brand":[],"product_cat":[12274,12284],"product_tag":[],"class_list":{"0":"post-763771","1":"product","2":"type-product","3":"status-publish","5":"product_cat-cocuk-ve-genclik-kitaplari","6":"product_cat-hikayeler","7":"pa_cilt-ciltsiz","8":"pa_tur-kitap","9":"pa_yayinevi-say-cocuk","10":"pa_yazar-louise-forshaw","12":"first","13":"instock","14":"sale","15":"shipping-taxable","16":"purchasable","17":"product-type-simple"},"_links":{"self":[{"href":"https:\/\/roveyayinevi.com.tr\/index.php\/wp-json\/wp\/v2\/product\/763771","targetHints":{"allow":["GET"]}}],"collection":[{"href":"https:\/\/roveyayinevi.com.tr\/index.php\/wp-json\/wp\/v2\/product"}],"about":[{"href":"https:\/\/roveyayinevi.com.tr\/index.php\/wp-json\/wp\/v2\/types\/product"}],"wp:attachment":[{"href":"https:\/\/roveyayinevi.com.tr\/index.php\/wp-json\/wp\/v2\/media?parent=763771"}],"wp:term":[{"taxonomy":"product_brand","embeddable":true,"href":"https:\/\/roveyayinevi.com.tr\/index.php\/wp-json\/wp\/v2\/product_brand?post=763771"},{"taxonomy":"product_cat","embeddable":true,"href":"https:\/\/roveyayinevi.com.tr\/index.php\/wp-json\/wp\/v2\/product_cat?post=763771"},{"taxonomy":"product_tag","embeddable":true,"href":"https:\/\/roveyayinevi.com.tr\/index.php\/wp-json\/wp\/v2\/product_tag?post=763771"}],"curies":[{"name":"wp","href":"https:\/\/api.w.org\/{rel}","templated":true}]}}