{"id":763768,"date":"2025-08-28T10:51:23","date_gmt":"2025-08-28T07:51:23","guid":{"rendered":"https:\/\/roveyayinevi.com.tr\/index.php\/urun\/karakalem-2\/"},"modified":"2026-04-15T03:29:43","modified_gmt":"2026-04-15T00:29:43","slug":"karakalem-2","status":"publish","type":"product","link":"https:\/\/roveyayinevi.com.tr\/index.php\/urun\/karakalem-2\/","title":{"rendered":"Karakalem"},"content":{"rendered":"<p>G\u00fczel \u00e7izimler yapmak istiyorsunuz ama nereden ba\u015flayaca\u011f\u0131n\u0131z\u0131 bilmiyorsunuz. Bu kitab\u0131 elinize almakla en do\u011fru yerden ba\u015flad\u0131n\u0131z. B\u00f6yle bir kitab\u0131 haz\u0131rlama fikri; \u00d6zellikle son y\u0131llarda birlikte \u00e7al\u0131\u015ft\u0131\u011f\u0131m\u0131z her ya\u015ftan \u00f6\u011frenciye kaynak g\u00f6sterme ihtiyac\u0131ndan do\u011fdu. Temel amac\u0131m\u0131zsa; \u0130nceleyip ara\u015ft\u0131rd\u0131\u011f\u0131m\u0131z konular\u0131 basitten zora do\u011fru s\u0131ralayarak d\u00fczenlemek ve bir \u00e7izim rehberi sunmak&#8230; <\/p>\n","protected":false},"excerpt":{"rendered":"<p>G\u00fczel \u00e7izimler yapmak istiyorsunuz ama nereden ba\u015flayaca\u011f\u0131n\u0131z\u0131 bilmiyorsunuz. Bu kitab\u0131 elinize almakla en do\u011fru yerden ba\u015flad\u0131n\u0131z. B\u00f6yle bir kitab\u0131 haz\u0131rlama fikri; \u00d6zellikle son y\u0131llarda birlikte \u00e7al\u0131\u015ft\u0131\u011f\u0131m\u0131z<span class=\"excerpt-hellip\"> [\u2026]<\/span><\/p>\n","protected":false},"featured_media":0,"template":"","meta":{"_monsterinsights_skip_tracking":false,"_monsterinsights_sitenote_active":false,"_monsterinsights_sitenote_note":"","_monsterinsights_sitenote_category":0},"product_brand":[],"product_cat":[15563],"product_tag":[],"class_list":{"0":"post-763768","1":"product","2":"type-product","3":"status-publish","5":"product_cat-hobi","6":"pa_cilt-ciltsiz","7":"pa_tur-kitap","8":"pa_yayinevi-say-yayinlari","9":"pa_yazar-ilknur-bozkurt-dengiz-deniz-cobankent","11":"first","12":"instock","13":"sale","14":"shipping-taxable","15":"purchasable","16":"product-type-simple"},"_links":{"self":[{"href":"https:\/\/roveyayinevi.com.tr\/index.php\/wp-json\/wp\/v2\/product\/763768","targetHints":{"allow":["GET"]}}],"collection":[{"href":"https:\/\/roveyayinevi.com.tr\/index.php\/wp-json\/wp\/v2\/product"}],"about":[{"href":"https:\/\/roveyayinevi.com.tr\/index.php\/wp-json\/wp\/v2\/types\/product"}],"wp:attachment":[{"href":"https:\/\/roveyayinevi.com.tr\/index.php\/wp-json\/wp\/v2\/media?parent=763768"}],"wp:term":[{"taxonomy":"product_brand","embeddable":true,"href":"https:\/\/roveyayinevi.com.tr\/index.php\/wp-json\/wp\/v2\/product_brand?post=763768"},{"taxonomy":"product_cat","embeddable":true,"href":"https:\/\/roveyayinevi.com.tr\/index.php\/wp-json\/wp\/v2\/product_cat?post=763768"},{"taxonomy":"product_tag","embeddable":true,"href":"https:\/\/roveyayinevi.com.tr\/index.php\/wp-json\/wp\/v2\/product_tag?post=763768"}],"curies":[{"name":"wp","href":"https:\/\/api.w.org\/{rel}","templated":true}]}}