{"id":763766,"date":"2025-08-28T10:51:20","date_gmt":"2025-08-28T07:51:20","guid":{"rendered":"https:\/\/roveyayinevi.com.tr\/index.php\/urun\/dunyayi-degistiren-10-yil\/"},"modified":"2026-04-15T03:29:43","modified_gmt":"2026-04-15T00:29:43","slug":"dunyayi-degistiren-10-yil","status":"publish","type":"product","link":"https:\/\/roveyayinevi.com.tr\/index.php\/urun\/dunyayi-degistiren-10-yil\/","title":{"rendered":"D\u00fcnyay\u0131 De\u011fi\u015ftiren 10 Y\u0131l"},"content":{"rendered":"<p>Frans\u0131z Devrimi, k\u00f6kenleri bak\u0131m\u0131ndan, bir ulusun tarihinin \u00fcr\u00fcn\u00fc; do\u011furdu\u011fu sonu\u00e7lar\u0131 ise, hem Fransa \u00e7ap\u0131nda, hem de d\u00fcnya \u00e7ap\u0131nda. Ulusal, bir o kadar da evrensel bir olay. T\u0131pk\u0131 1917 Ekim Devrimi gibi. Ne getirdi Fransa\u2019ya devrim? Fransa i\u00e7in de ve d\u0131\u015f\u0131nda, inatla s\u00fcrd\u00fcrd\u00fc\u011f\u00fc kavga neydi? Ya gelece\u011fe yollad\u0131\u011f\u0131 mesaj? \u015eu kadar\u0131n\u0131 s\u00f6yleyeyim: Frans\u0131z Devrimi, ortaya \u00e7\u0131kt\u0131\u011f\u0131 y\u0131llarla s\u0131n\u0131rl\u0131 bir olay de\u011fi\u015f; bir burjuva devrimi de olsa, yap\u0131s\u0131ndaki \u00f6zelliklerin sonucu olarak, sonraki y\u0131llarda da ta\u015f\u0131yor etkileri ve b\u00fct\u00fcn \u00e7a\u011fda\u015f tarihi kapl\u0131yor. \u00c7a\u011f\u0131m\u0131z\u0131 tan\u0131mak bir bak\u0131ma ba\u015fta onu tan\u0131makla m\u00fcmk\u00fcn; Ayd\u0131nlanma hareketlerimizi iyi kavrayabilmekse, Frans\u0131z Devrimi\u2019ni yeterince anlamaktan ge\u00e7iyor. Devrim, k\u00f6hnele\u015fmi\u015f bir d\u00fcnyan\u0131n de\u011ferlerine kar\u015f\u0131, insan haklar\u0131, e\u015fitlik, ak\u0131lc\u0131l\u0131k ve laiklik ad\u0131nayd\u0131. Bastille\u2019i y\u0131kanlar ba\u015fta bunlar i\u00e7in y\u0131kt\u0131lar. Bizim de karanl\u0131k g\u00fc\u00e7lere kar\u015f\u0131 nicedir s\u00fcrd\u00fcrd\u00fc\u011f\u00fcm\u00fcz b\u00fcy\u00fck kavgan\u0131n g\u00fcndeminde \u00f6nce bunlar yaz\u0131l\u0131 de\u011fil mi? Frans\u0131z Devrimi\u2019nin slogan\u0131 \u015fuydu; \u201c\u00d6zg\u00fcrl\u00fck, E\u015fitlik, Karde\u015flik!\u201d \u00d6zg\u00fcrl\u00fck, E\u015fitlik ve Karde\u015flik d\u00fc\u015fmanlar\u0131n\u0131n h\u00e2l\u00e2 kol gezdi\u011fi d\u00fcnyam\u0131zda bug\u00fcnk\u00fc slogan\u0131m\u0131z da bu de\u011fil mi bir bak\u0131ma? Frans\u0131z Devrimi g\u00fcnceldir de; okuyunuz g\u00f6receksiniz\u2026 <\/p>\n","protected":false},"excerpt":{"rendered":"<p>Frans\u0131z Devrimi, k\u00f6kenleri bak\u0131m\u0131ndan, bir ulusun tarihinin \u00fcr\u00fcn\u00fc; do\u011furdu\u011fu sonu\u00e7lar\u0131 ise, hem Fransa \u00e7ap\u0131nda, hem de d\u00fcnya \u00e7ap\u0131nda. Ulusal, bir o kadar da evrensel bir olay.<span class=\"excerpt-hellip\"> [\u2026]<\/span><\/p>\n","protected":false},"featured_media":0,"template":"","meta":{"_monsterinsights_skip_tracking":false,"_monsterinsights_sitenote_active":false,"_monsterinsights_sitenote_note":"","_monsterinsights_sitenote_category":0},"product_brand":[],"product_cat":[12370,12304],"product_tag":[],"class_list":{"0":"post-763766","1":"product","2":"type-product","3":"status-publish","5":"product_cat-arastirma-inceleme","6":"product_cat-tarih","7":"pa_cilt-ciltsiz","8":"pa_tur-kitap","9":"pa_yayinevi-cumhuriyet-kitaplari","10":"pa_yazar-server-tanilli","12":"first","13":"instock","14":"sale","15":"shipping-taxable","16":"purchasable","17":"product-type-simple"},"_links":{"self":[{"href":"https:\/\/roveyayinevi.com.tr\/index.php\/wp-json\/wp\/v2\/product\/763766","targetHints":{"allow":["GET"]}}],"collection":[{"href":"https:\/\/roveyayinevi.com.tr\/index.php\/wp-json\/wp\/v2\/product"}],"about":[{"href":"https:\/\/roveyayinevi.com.tr\/index.php\/wp-json\/wp\/v2\/types\/product"}],"wp:attachment":[{"href":"https:\/\/roveyayinevi.com.tr\/index.php\/wp-json\/wp\/v2\/media?parent=763766"}],"wp:term":[{"taxonomy":"product_brand","embeddable":true,"href":"https:\/\/roveyayinevi.com.tr\/index.php\/wp-json\/wp\/v2\/product_brand?post=763766"},{"taxonomy":"product_cat","embeddable":true,"href":"https:\/\/roveyayinevi.com.tr\/index.php\/wp-json\/wp\/v2\/product_cat?post=763766"},{"taxonomy":"product_tag","embeddable":true,"href":"https:\/\/roveyayinevi.com.tr\/index.php\/wp-json\/wp\/v2\/product_tag?post=763766"}],"curies":[{"name":"wp","href":"https:\/\/api.w.org\/{rel}","templated":true}]}}