{"id":763756,"date":"2025-08-28T10:50:59","date_gmt":"2025-08-28T07:50:59","guid":{"rendered":"https:\/\/roveyayinevi.com.tr\/index.php\/urun\/gurur-krali\/"},"modified":"2026-04-15T03:29:42","modified_gmt":"2026-04-15T00:29:42","slug":"gurur-krali","status":"publish","type":"product","link":"https:\/\/roveyayinevi.com.tr\/index.php\/urun\/gurur-krali\/","title":{"rendered":"Gurur Kral\u0131"},"content":{"rendered":"<p>O, akla gelebilecek her y\u00f6nden kendisine z\u0131tt\u0131\u2026 ve kar\u015f\u0131s\u0131na \u00e7\u0131kan en cezbedici kad\u0131nd\u0131.   Onurlu. Kendine h\u00e2kim. Terbiyeli. Kai Young\u2019\u0131n hayat\u0131nda kaosa yer yoktu. Mor sa\u00e7lar\u0131 olan ve uygunsuz \u015fakalar yapan Isabella ise adeta kaosun v\u00fccut bulmu\u015f haliydi. Hem yakla\u015fan CEO se\u00e7imleri hem de elinden her an kay\u0131p gidebilecek medya imparatorlu\u011fu s\u00f6z konusuyken dikkatinin da\u011f\u0131lmas\u0131n\u0131 g\u00f6ze alamazd\u0131. Isabella asla istememesi gereken her \u015feydi. Fakat Kai her bak\u0131\u015f ve dokunu\u015fla kurallar\u0131n\u0131 \u00e7i\u011fnemeye\u2026 onu hayat\u0131na almaya bir ad\u0131m daha yakla\u015f\u0131yordu.   Cesur. Hayat dolu. Fevri. Isabella Valencia hayat\u0131 boyunca etkileyemedi\u011fi bir erkekle kar\u015f\u0131la\u015fmam\u0131\u015ft\u0131&#8230; Ta ki Kai Young\u2019la tan\u0131\u015fana kadar. Gen\u00e7 kad\u0131n bunu d\u00fc\u015f\u00fcnecek de\u011fildi. E\u011flenmek i\u00e7in klasikleri Latinceye \u00e7eviren biri kesinlikle onun tipi olamazd\u0131. Ayr\u0131ca bu adam \u00e7al\u0131\u015ft\u0131\u011f\u0131 se\u00e7kin kul\u00fcb\u00fcn bir \u00fcyesi oldu\u011fu i\u00e7in yasak b\u00f6lge say\u0131l\u0131rd\u0131. Fakat Isabella, o so\u011fuk maskenin alt\u0131nda tek bir dokunu\u015fla onu eritebilecek bir adam\u0131n sakland\u0131\u011f\u0131n\u0131 ink\u00e2r edemezdi. Aksi i\u00e7in ne kadar \u00e7abalasalar da yasak arzular\u0131na kap\u0131lmalar\u0131 zamanla ka\u00e7\u0131n\u0131lmaz oldu. Sonunda her \u015feyi kaybedecekleri anlam\u0131na gelse bile.<\/p>\n","protected":false},"excerpt":{"rendered":"<p>O, akla gelebilecek her y\u00f6nden kendisine z\u0131tt\u0131\u2026 ve kar\u015f\u0131s\u0131na \u00e7\u0131kan en cezbedici kad\u0131nd\u0131. Onurlu. Kendine h\u00e2kim. Terbiyeli. Kai Young\u2019\u0131n hayat\u0131nda kaosa yer yoktu. Mor sa\u00e7lar\u0131 olan<span class=\"excerpt-hellip\"> [\u2026]<\/span><\/p>\n","protected":false},"featured_media":0,"template":"","meta":{"_monsterinsights_skip_tracking":false,"_monsterinsights_sitenote_active":false,"_monsterinsights_sitenote_note":"","_monsterinsights_sitenote_category":0},"product_brand":[],"product_cat":[12291,12711],"product_tag":[],"class_list":{"0":"post-763756","1":"product","2":"type-product","3":"status-publish","5":"product_cat-edebiyat","6":"product_cat-roman-oyku","7":"pa_cilt-ciltsiz","8":"pa_tur-kitap","9":"pa_yayinevi-marti-yayinlari","10":"pa_yazar-ana-huang","12":"first","13":"instock","14":"sale","15":"shipping-taxable","16":"purchasable","17":"product-type-simple"},"_links":{"self":[{"href":"https:\/\/roveyayinevi.com.tr\/index.php\/wp-json\/wp\/v2\/product\/763756","targetHints":{"allow":["GET"]}}],"collection":[{"href":"https:\/\/roveyayinevi.com.tr\/index.php\/wp-json\/wp\/v2\/product"}],"about":[{"href":"https:\/\/roveyayinevi.com.tr\/index.php\/wp-json\/wp\/v2\/types\/product"}],"wp:attachment":[{"href":"https:\/\/roveyayinevi.com.tr\/index.php\/wp-json\/wp\/v2\/media?parent=763756"}],"wp:term":[{"taxonomy":"product_brand","embeddable":true,"href":"https:\/\/roveyayinevi.com.tr\/index.php\/wp-json\/wp\/v2\/product_brand?post=763756"},{"taxonomy":"product_cat","embeddable":true,"href":"https:\/\/roveyayinevi.com.tr\/index.php\/wp-json\/wp\/v2\/product_cat?post=763756"},{"taxonomy":"product_tag","embeddable":true,"href":"https:\/\/roveyayinevi.com.tr\/index.php\/wp-json\/wp\/v2\/product_tag?post=763756"}],"curies":[{"name":"wp","href":"https:\/\/api.w.org\/{rel}","templated":true}]}}