{"id":763751,"date":"2025-08-28T10:50:51","date_gmt":"2025-08-28T07:50:51","guid":{"rendered":"https:\/\/roveyayinevi.com.tr\/index.php\/urun\/bilincli-aile\/"},"modified":"2026-04-15T03:29:42","modified_gmt":"2026-04-15T00:29:42","slug":"bilincli-aile","status":"publish","type":"product","link":"https:\/\/roveyayinevi.com.tr\/index.php\/urun\/bilincli-aile\/","title":{"rendered":"Bilin\u00e7li Aile"},"content":{"rendered":"<p>Bir \u00e7ocu\u011fun maddi manevi pek \u00e7ok ihtiyac\u0131 vard\u0131r. Ancak g\u00fcn\u00fcm\u00fcz anne babalar\u0131 \u00e7ocuklar\u0131n\u0131n ihtiyac\u0131n\u0131 maddiyata indirgemi\u015f durumdad\u0131r. Anne baba olarak \u00e7ocu\u011fun her iste\u011fini yerine getirerek, onu iyi okullara g\u00f6ndererek vazifenizi yapt\u0131\u011f\u0131n\u0131z\u0131 d\u00fc\u015f\u00fcn\u00fcrseniz ileriki y\u0131llarda bunun s\u0131k\u0131nt\u0131s\u0131n\u0131 ya\u015fars\u0131n\u0131z. Anne babal\u0131k bundan \u00e7ok daha fazlas\u0131d\u0131r. Anne baba olarak iyi evlat yeti\u015ftirmek istiyorsan\u0131z onun g\u00f6zlerinin i\u00e7ine bakarak onu ne kadar sevdi\u011finizi s\u00f6ylemeli, ba\u015f\u0131n\u0131 ok\u015famal\u0131, onun de\u011ferli oldu\u011funu dile getirmelisiniz.\u0130yi bir \u00e7ocuk yeti\u015ftirmenin yolu iyi bir anne baba olmaktan ge\u00e7er. Siz insanlara iyi davran\u0131rsan\u0131z, insanlara kar\u015f\u0131 d\u00fcr\u00fcst davran\u0131rsan\u0131z, b\u00fct\u00fcn canl\u0131lara ve do\u011faya sayg\u0131 duyarsan\u0131z \u00e7ocu\u011funuz da bu g\u00fczellikleri \u00f6\u011frenir. Nezaketi \u00e7ocu\u011funuza \u00f6\u011fretebilmeniz i\u00e7in kendiniz nazik olmal\u0131s\u0131n\u0131z.\u00c7ocuklar\u0131m\u0131z\u0131 nas\u0131l e\u011fitmemiz gerekti\u011fi ile ilgili pek \u00e7ok kitap bulunmaktad\u0131r. Bu kitap sade bir dille anne baba ve \u00e7ocuk aras\u0131ndaki ili\u015fkilerin nas\u0131l olmas\u0131 gerekti\u011fi, \u00e7ocuklar\u0131n davran\u0131\u015f problemlerinin nas\u0131l \u00e7\u00f6z\u00fclebilece\u011fi ile ilgili bilgiler sunmaktad\u0131r.***\u00c7ocuklar\u0131m\u0131z\u0131 nas\u0131l e\u011fitmemiz gerekti\u011fi ile ilgili pek \u00e7ok kitap bulunmaktad\u0131r. Bu kitap sade bir dille anne baba ve \u00e7ocuk aras\u0131ndaki ili\u015fkilerin nas\u0131l olmas\u0131 gerekti\u011fi, \u00e7ocuklar\u0131n davran\u0131\u015f problemlerinin nas\u0131l \u00e7\u00f6z\u00fclebilece\u011fi ile ilgili bilgiler sunmaktad\u0131r.<\/p>\n","protected":false},"excerpt":{"rendered":"<p>Bir \u00e7ocu\u011fun maddi manevi pek \u00e7ok ihtiyac\u0131 vard\u0131r. Ancak g\u00fcn\u00fcm\u00fcz anne babalar\u0131 \u00e7ocuklar\u0131n\u0131n ihtiyac\u0131n\u0131 maddiyata indirgemi\u015f durumdad\u0131r. Anne baba olarak \u00e7ocu\u011fun her iste\u011fini yerine getirerek, onu<span class=\"excerpt-hellip\"> [\u2026]<\/span><\/p>\n","protected":false},"featured_media":0,"template":"","meta":{"_monsterinsights_skip_tracking":false,"_monsterinsights_sitenote_active":false,"_monsterinsights_sitenote_note":"","_monsterinsights_sitenote_category":0},"product_brand":[],"product_cat":[17996,12364],"product_tag":[],"class_list":{"0":"post-763751","1":"product","2":"type-product","3":"status-publish","5":"product_cat-ebeveyn-kitaplari","6":"product_cat-genel-konular","7":"pa_cilt-ciltsiz","8":"pa_tur-kitap","9":"pa_yayinevi-mosquito-yayinlari","10":"pa_yazar-sitki-aslanhan","12":"first","13":"instock","14":"sale","15":"shipping-taxable","16":"purchasable","17":"product-type-simple"},"_links":{"self":[{"href":"https:\/\/roveyayinevi.com.tr\/index.php\/wp-json\/wp\/v2\/product\/763751","targetHints":{"allow":["GET"]}}],"collection":[{"href":"https:\/\/roveyayinevi.com.tr\/index.php\/wp-json\/wp\/v2\/product"}],"about":[{"href":"https:\/\/roveyayinevi.com.tr\/index.php\/wp-json\/wp\/v2\/types\/product"}],"wp:attachment":[{"href":"https:\/\/roveyayinevi.com.tr\/index.php\/wp-json\/wp\/v2\/media?parent=763751"}],"wp:term":[{"taxonomy":"product_brand","embeddable":true,"href":"https:\/\/roveyayinevi.com.tr\/index.php\/wp-json\/wp\/v2\/product_brand?post=763751"},{"taxonomy":"product_cat","embeddable":true,"href":"https:\/\/roveyayinevi.com.tr\/index.php\/wp-json\/wp\/v2\/product_cat?post=763751"},{"taxonomy":"product_tag","embeddable":true,"href":"https:\/\/roveyayinevi.com.tr\/index.php\/wp-json\/wp\/v2\/product_tag?post=763751"}],"curies":[{"name":"wp","href":"https:\/\/api.w.org\/{rel}","templated":true}]}}