{"id":763742,"date":"2025-08-28T10:50:29","date_gmt":"2025-08-28T07:50:29","guid":{"rendered":"https:\/\/roveyayinevi.com.tr\/index.php\/urun\/papagana-silah-cekme\/"},"modified":"2026-04-15T03:29:42","modified_gmt":"2026-04-15T00:29:42","slug":"papagana-silah-cekme","status":"publish","type":"product","link":"https:\/\/roveyayinevi.com.tr\/index.php\/urun\/papagana-silah-cekme\/","title":{"rendered":"Papa\u011fana Silah \u00c7ekme!"},"content":{"rendered":"<p>\u201c\u0130lk bask\u0131s\u0131 1998\u2019de yap\u0131lan Papa\u011fana Silah \u00c7ekme!, k\u00fc\u00e7\u00fck \u0130skender\u2019in sekizinci \u015fiir kitab\u0131. \u015eair, bu kitapta 1987 ile 1997 y\u0131llar\u0131 aras\u0131nda yazd\u0131\u011f\u0131 80\u2019den fazla \u015fiiri, \u2018tehlikeli oyna\u015fma\u2019, \u2018gelecek sal\u0131 sonbahar\u2019, \u2018kaknus\u2019 ve \u201818 numaral\u0131 kay\u0131p valiz\u2019 ba\u015fl\u0131kl\u0131 d\u00f6rt b\u00f6l\u00fcmde toplam\u0131\u015ft\u0131r. Burada yine deli\u015fmen, sorgulay\u0131c\u0131, \u015fa\u015f\u0131rt\u0131c\u0131, k\u0131vrak, p\u0131trakl\u0131, akortsuz, diri \u015fiirlerle kar\u015f\u0131l\u0131yor bizi. Okurunu da de\u011fi\u015ftiren, d\u00f6n\u00fc\u015ft\u00fcren \u015fiirler bunlar. Yine a\u015fk\u0131n, pervas\u0131z, arzulu, k\u0131\u015fk\u0131rt\u0131c\u0131, atak, oyunbozan bir \u015fairleyiz. \u0130skender, bu kapsaml\u0131 kitab\u0131yla \u015fiirinin gezindi\u011fi alanlar\u0131, kurcalad\u0131\u011f\u0131 meseleleri, \u00e7omak soktu\u011fu ar\u0131 kovanlar\u0131n\u0131 iyiden \u00e7e\u015fitlendiriyor. \u00d6zellikle \u2018\u00e7in lokantas\u0131\u2019, \u2018porsche\u2019, \u2018tam macera a\u015fk masklar\u0131\u2019, \u2018\u015feyh zenne\u2019, \u2018paris\u2019, \u2018bakir\u2019, \u2018jiujitsu ekselanslar\u0131\u2019, \u2018k\u00f6t\u00fc \u00e7ocuklar \u00f6lmeyecekler\u2019, \u2018orain istambol\u2019, \u2018isabel, senden bunu beklemezdik\u2019 adl\u0131 \u015fiirler unutulmaz.\u201d<\/p>\n","protected":false},"excerpt":{"rendered":"<p>\u201c\u0130lk bask\u0131s\u0131 1998\u2019de yap\u0131lan Papa\u011fana Silah \u00c7ekme!, k\u00fc\u00e7\u00fck \u0130skender\u2019in sekizinci \u015fiir kitab\u0131. \u015eair, bu kitapta 1987 ile 1997 y\u0131llar\u0131 aras\u0131nda yazd\u0131\u011f\u0131 80\u2019den fazla \u015fiiri, \u2018tehlikeli oyna\u015fma\u2019,<span class=\"excerpt-hellip\"> [\u2026]<\/span><\/p>\n","protected":false},"featured_media":0,"template":"","meta":{"_monsterinsights_skip_tracking":false,"_monsterinsights_sitenote_active":false,"_monsterinsights_sitenote_note":"","_monsterinsights_sitenote_category":0},"product_brand":[],"product_cat":[12291,12509],"product_tag":[],"class_list":{"0":"post-763742","1":"product","2":"type-product","3":"status-publish","5":"product_cat-edebiyat","6":"product_cat-siir","7":"pa_cilt-ciltsiz","8":"pa_tur-kitap","9":"pa_yayinevi-can-yayinlari","10":"pa_yazar-kucuk-iskender","12":"first","13":"instock","14":"sale","15":"shipping-taxable","16":"purchasable","17":"product-type-simple"},"_links":{"self":[{"href":"https:\/\/roveyayinevi.com.tr\/index.php\/wp-json\/wp\/v2\/product\/763742","targetHints":{"allow":["GET"]}}],"collection":[{"href":"https:\/\/roveyayinevi.com.tr\/index.php\/wp-json\/wp\/v2\/product"}],"about":[{"href":"https:\/\/roveyayinevi.com.tr\/index.php\/wp-json\/wp\/v2\/types\/product"}],"wp:attachment":[{"href":"https:\/\/roveyayinevi.com.tr\/index.php\/wp-json\/wp\/v2\/media?parent=763742"}],"wp:term":[{"taxonomy":"product_brand","embeddable":true,"href":"https:\/\/roveyayinevi.com.tr\/index.php\/wp-json\/wp\/v2\/product_brand?post=763742"},{"taxonomy":"product_cat","embeddable":true,"href":"https:\/\/roveyayinevi.com.tr\/index.php\/wp-json\/wp\/v2\/product_cat?post=763742"},{"taxonomy":"product_tag","embeddable":true,"href":"https:\/\/roveyayinevi.com.tr\/index.php\/wp-json\/wp\/v2\/product_tag?post=763742"}],"curies":[{"name":"wp","href":"https:\/\/api.w.org\/{rel}","templated":true}]}}