{"id":763738,"date":"2025-08-28T10:50:20","date_gmt":"2025-08-28T07:50:20","guid":{"rendered":"https:\/\/roveyayinevi.com.tr\/index.php\/urun\/franco\/"},"modified":"2026-04-15T03:29:42","modified_gmt":"2026-04-15T00:29:42","slug":"franco","status":"publish","type":"product","link":"https:\/\/roveyayinevi.com.tr\/index.php\/urun\/franco\/","title":{"rendered":"Franco"},"content":{"rendered":"<p>\u201cFranco, fa\u015fist damgas\u0131n\u0131 ta\u015f\u0131yan diktat\u00f6rler aras\u0131nda [fa\u015fizmlerin] \u00e7\u00f6k\u00fc\u015f\u00fcnden yara almadan kurtulan ve pek \u00e7ok ki\u015fi taraf\u0131ndan \u2018Bat\u0131\u2018n\u0131n muhaf\u0131z\u0131\u2018 olarak hat\u0131rlanan tek ki\u015fiydi.\u201c CARLOS COLLADO SEIDEL \u201cFl\u00fct\u00fc and\u0131ran tiz sesi\u201d ile hi\u00e7 de karizmatik g\u00f6r\u00fcnmeyen, ta\u015fral\u0131, kompleksli bir subay, nas\u0131l oldu da \u0130spanya\u2019y\u0131 36 y\u0131l boyunca diktat\u00f6r olarak y\u00f6netebildi? Hatta, bir rejime ve ideolojik \u201csisteme\u201d, Frankizme ad\u0131n\u0131 verebildi? Carlos Collado Seidel, ayr\u0131nt\u0131l\u0131 \u00e7al\u0131\u015fmas\u0131nda, Francisco Franco Bahamonde\u2019nin, yani General Franco\u2019nun hayat\u0131n\u0131, asker\u00ee ve siyasi eylemlerini, fikriyat\u0131n\u0131, zihniyet d\u00fcnyas\u0131n\u0131 ve \u00f6zel hayat\u0131n\u0131 anlat\u0131yor. Franco biyografisi, modern \u0130spanya\u2019n\u0131n tarihidir ve \u0130spanya \u0130\u00e7 Sava\u015f\u0131\u2019n\u0131n da tarihidir. Franco\u2019nun bi\u00e7imlenmesinde b\u00fcy\u00fck etkisi olan Fas\u2019taki s\u00f6m\u00fcrgeci gayri nizami \u201ckirli\u201d sava\u015f\u0131n, \u0130spanya \u0130\u00e7 Sava\u015f\u0131\u2019n\u0131 nas\u0131l do\u011frudan do\u011fruya etkiledi\u011fini g\u00f6r\u00fcr\u00fcz. Frankizm, \u201cklasik\u201d fa\u015fizmlerden daha uzun \u00f6m\u00fcrl\u00fc olmu\u015f bir t\u00fcr fa\u015fizmdi. Franco\u2019nun fa\u015fizmi, korporatist Falanjist ideoloji ile din\u00ee (Katolik) unsurlar\u0131 eklektik bi\u00e7imde bir araya getirmi\u015fti. Franco\u2019nun So\u011fuk Sava\u015f d\u00f6neminde \u0130spanya\u2019ya d\u00fcnya siyasetinin kuytusunda nas\u0131l bir yer a\u00e7t\u0131\u011f\u0131n\u0131, \u201cMason-Yahudi komplosu\u201d tak\u0131nt\u0131s\u0131yla nas\u0131l kapitalizmi \u201ckontrol alt\u0131nda\u201d tutmaya \u00e7al\u0131\u015ft\u0131\u011f\u0131n\u0131n yan\u0131 s\u0131ra, \u0130spanya&#8217;n\u0131n Frankizmden \u00e7\u0131k\u0131\u015f hik\u00e2yesini ve bu a\u011f\u0131r ge\u00e7mi\u015fle hesapla\u015fma deneyimini de g\u00f6r\u00fcyoruz.<\/p>\n","protected":false},"excerpt":{"rendered":"<p>\u201cFranco, fa\u015fist damgas\u0131n\u0131 ta\u015f\u0131yan diktat\u00f6rler aras\u0131nda [fa\u015fizmlerin] \u00e7\u00f6k\u00fc\u015f\u00fcnden yara almadan kurtulan ve pek \u00e7ok ki\u015fi taraf\u0131ndan \u2018Bat\u0131\u2018n\u0131n muhaf\u0131z\u0131\u2018 olarak hat\u0131rlanan tek ki\u015fiydi.\u201c CARLOS COLLADO SEIDEL \u201cFl\u00fct\u00fc<span class=\"excerpt-hellip\"> [\u2026]<\/span><\/p>\n","protected":false},"featured_media":0,"template":"","meta":{"_monsterinsights_skip_tracking":false,"_monsterinsights_sitenote_active":false,"_monsterinsights_sitenote_note":"","_monsterinsights_sitenote_category":0},"product_brand":[],"product_cat":[13946,12304],"product_tag":[],"class_list":{"0":"post-763738","1":"product","2":"type-product","3":"status-publish","5":"product_cat-biyografi-otobiyografi","6":"product_cat-tarih","7":"pa_cilt-ciltsiz","8":"pa_tur-kitap","9":"pa_yayinevi-iletisim-yayinlari","10":"pa_yazar-carlos-collado-seidel","12":"first","13":"instock","14":"sale","15":"shipping-taxable","16":"purchasable","17":"product-type-simple"},"_links":{"self":[{"href":"https:\/\/roveyayinevi.com.tr\/index.php\/wp-json\/wp\/v2\/product\/763738","targetHints":{"allow":["GET"]}}],"collection":[{"href":"https:\/\/roveyayinevi.com.tr\/index.php\/wp-json\/wp\/v2\/product"}],"about":[{"href":"https:\/\/roveyayinevi.com.tr\/index.php\/wp-json\/wp\/v2\/types\/product"}],"wp:attachment":[{"href":"https:\/\/roveyayinevi.com.tr\/index.php\/wp-json\/wp\/v2\/media?parent=763738"}],"wp:term":[{"taxonomy":"product_brand","embeddable":true,"href":"https:\/\/roveyayinevi.com.tr\/index.php\/wp-json\/wp\/v2\/product_brand?post=763738"},{"taxonomy":"product_cat","embeddable":true,"href":"https:\/\/roveyayinevi.com.tr\/index.php\/wp-json\/wp\/v2\/product_cat?post=763738"},{"taxonomy":"product_tag","embeddable":true,"href":"https:\/\/roveyayinevi.com.tr\/index.php\/wp-json\/wp\/v2\/product_tag?post=763738"}],"curies":[{"name":"wp","href":"https:\/\/api.w.org\/{rel}","templated":true}]}}

<p>“Franco, faşist damgasını taşıyan diktatörler arasında [faşizmlerin] çöküşünden yara almadan kurtulan ve pek çok kişi tarafından ‘Batı‘nın muhafızı‘ olarak hatırlanan tek kişiydi.“ CARLOS COLLADO SEIDEL “Flütü andıran tiz sesi” ile hiç de karizmatik görünmeyen, taşralı, kompleksli bir subay, nasıl oldu da İspanya’yı 36 yıl boyunca diktatör olarak yönetebildi? Hatta, bir rejime ve ideolojik “sisteme”, Frankizme adını verebildi? Carlos Collado Seidel, ayrıntılı çalışmasında, Francisco Franco Bahamonde’nin, yani General Franco’nun hayatını, askerî ve siyasi eylemlerini, fikriyatını, zihniyet dünyasını ve özel hayatını anlatıyor. Franco biyografisi, modern İspanya’nın tarihidir ve İspanya İç Savaşı’nın da tarihidir. Franco’nun biçimlenmesinde büyük etkisi olan Fas’taki sömürgeci gayri nizami “kirli” savaşın, İspanya İç Savaşı’nı nasıl doğrudan doğruya etkilediğini görürüz. Frankizm, “klasik” faşizmlerden daha uzun ömürlü olmuş bir tür faşizmdi. Franco’nun faşizmi, korporatist Falanjist ideoloji ile dinî (Katolik) unsurları eklektik biçimde bir araya getirmişti. Franco’nun Soğuk Savaş döneminde İspanya’ya dünya siyasetinin kuytusunda nasıl bir yer açtığını, “Mason-Yahudi komplosu” takıntısıyla nasıl kapitalizmi “kontrol altında” tutmaya çalıştığının yanı sıra, İspanya&#8217;nın Frankizmden çıkış hikâyesini ve bu ağır geçmişle hesaplaşma deneyimini de görüyoruz.</p>

<p>“Franco, faşist damgasını taşıyan diktatörler arasında [faşizmlerin] çöküşünden yara almadan kurtulan ve pek çok kişi tarafından ‘Batı‘nın muhafızı‘ olarak hatırlanan tek kişiydi.“ CARLOS COLLADO SEIDEL “Flütü<span class="excerpt-hellip"> […]</span></p>
