{"id":763734,"date":"2025-08-28T10:50:12","date_gmt":"2025-08-28T07:50:12","guid":{"rendered":"https:\/\/roveyayinevi.com.tr\/index.php\/urun\/buz-gezegeni-barbarlari-2-barbar-uzayli\/"},"modified":"2026-04-15T03:29:42","modified_gmt":"2026-04-15T00:29:42","slug":"buz-gezegeni-barbarlari-2-barbar-uzayli","status":"publish","type":"product","link":"https:\/\/roveyayinevi.com.tr\/index.php\/urun\/buz-gezegeni-barbarlari-2-barbar-uzayli\/","title":{"rendered":"Buz Gezegeni Barbarlar\u0131 2: Barbar Uzayl\u0131"},"content":{"rendered":"<p>M\u0130LYONLARCA HAYRANA ULA\u015eAN ROMANT\u0130K B\u0130L\u0130MKURGU SER\u0130S\u0130 \u0130K\u0130NC\u0130 K\u0130TABI \u0130LE OKUYUCUYLA BULU\u015eUYOR!   BARBAR UZAYLI ekstra b\u00f6l\u00fcmler ve \u00f6zel bir sons\u00f6z ile!   Liz Cramer, s\u0131k\u0131\u015f\u0131p kald\u0131\u011f\u0131 buz gezegeninden bir \u00e7\u0131k\u0131\u015f yolu bulaca\u011f\u0131na yemin ederken kendini onu rahat b\u0131rakmayan, as\u0131k suratl\u0131 ve inat\u00e7\u0131 uzayl\u0131 Raahosh ile ba\u015f ba\u015fa bulur&#8230;   \u201cOn iki insan, buzdan bir gezegende mahsur kalm\u0131\u015ft\u0131k. Hayatta kalmak i\u00e7in bedenlerimizi yeniden yap\u0131land\u0131rmak isteyen bir ortakya\u015farla payla\u015fmak zorundayd\u0131k. Ben ona kene demeyi seviyorum. Ve benim kenem tam bir pislik, \u00e7\u00fcnk\u00fc grubun en b\u00fcy\u00fck, en asabi uzayl\u0131s\u0131n\u0131n e\u015fi oldu\u011fumu d\u00fc\u015f\u00fcn\u00fcyor.\u201d Barbar Uzayl\u0131, Buz Gezegeni Barbarlar\u0131n\u0131n devam\u0131 ama her ikisini de okuman\u0131za gerek yok,tabii okursan\u0131z hik\u00e2ye daha zengin olacak! \u201cRaahosh ve Liz\u2019in alev alan bir kimyas\u0131 var hem de birbirlerinin g\u00fc\u00e7l\u00fc y\u00f6nlerine sayg\u0131 duymay\u0131 \u00f6\u011freniyorlar. Liz \u00e7ok \u00e7ekici bir karakter: duyarl\u0131, cesur ve inat\u00e7\u0131. Kendisi oldu\u011fu i\u00e7in sevilmek isteyen suskun Raahosh\u2019a m\u00fckemmel uyum sa\u011fl\u0131yor&#8230; Seksi ve h\u0131zl\u0131 tempolu e\u015fsiz bir uzayl\u0131 romantizmi.\u201d Kirkus <\/p>\n","protected":false},"excerpt":{"rendered":"<p>M\u0130LYONLARCA HAYRANA ULA\u015eAN ROMANT\u0130K B\u0130L\u0130MKURGU SER\u0130S\u0130 \u0130K\u0130NC\u0130 K\u0130TABI \u0130LE OKUYUCUYLA BULU\u015eUYOR! BARBAR UZAYLI ekstra b\u00f6l\u00fcmler ve \u00f6zel bir sons\u00f6z ile! Liz Cramer, s\u0131k\u0131\u015f\u0131p kald\u0131\u011f\u0131 buz gezegeninden<span class=\"excerpt-hellip\"> [\u2026]<\/span><\/p>\n","protected":false},"featured_media":0,"template":"","meta":{"_monsterinsights_skip_tracking":false,"_monsterinsights_sitenote_active":false,"_monsterinsights_sitenote_note":"","_monsterinsights_sitenote_category":0},"product_brand":[],"product_cat":[12540,12291],"product_tag":[],"class_list":{"0":"post-763734","1":"product","2":"type-product","3":"status-publish","5":"product_cat-bilim-kurgu","6":"product_cat-edebiyat","7":"pa_cilt-ciltsiz","8":"pa_tur-kitap","9":"pa_yayinevi-dex-yayinevi","10":"pa_yazar-ruby-dixon","12":"first","13":"instock","14":"sale","15":"shipping-taxable","16":"purchasable","17":"product-type-simple"},"_links":{"self":[{"href":"https:\/\/roveyayinevi.com.tr\/index.php\/wp-json\/wp\/v2\/product\/763734","targetHints":{"allow":["GET"]}}],"collection":[{"href":"https:\/\/roveyayinevi.com.tr\/index.php\/wp-json\/wp\/v2\/product"}],"about":[{"href":"https:\/\/roveyayinevi.com.tr\/index.php\/wp-json\/wp\/v2\/types\/product"}],"wp:attachment":[{"href":"https:\/\/roveyayinevi.com.tr\/index.php\/wp-json\/wp\/v2\/media?parent=763734"}],"wp:term":[{"taxonomy":"product_brand","embeddable":true,"href":"https:\/\/roveyayinevi.com.tr\/index.php\/wp-json\/wp\/v2\/product_brand?post=763734"},{"taxonomy":"product_cat","embeddable":true,"href":"https:\/\/roveyayinevi.com.tr\/index.php\/wp-json\/wp\/v2\/product_cat?post=763734"},{"taxonomy":"product_tag","embeddable":true,"href":"https:\/\/roveyayinevi.com.tr\/index.php\/wp-json\/wp\/v2\/product_tag?post=763734"}],"curies":[{"name":"wp","href":"https:\/\/api.w.org\/{rel}","templated":true}]}}