{"id":763727,"date":"2025-08-28T10:49:58","date_gmt":"2025-08-28T07:49:58","guid":{"rendered":"https:\/\/roveyayinevi.com.tr\/index.php\/urun\/hanako-ve-balinanin-sarkisi\/"},"modified":"2026-04-15T03:29:42","modified_gmt":"2026-04-15T00:29:42","slug":"hanako-ve-balinanin-sarkisi","status":"publish","type":"product","link":"https:\/\/roveyayinevi.com.tr\/index.php\/urun\/hanako-ve-balinanin-sarkisi\/","title":{"rendered":"Hanako ve Balinan\u0131n \u015eark\u0131s\u0131"},"content":{"rendered":"<p>D\u00fcnyadaki t\u00fcm canl\u0131larla konu\u015fabilen do\u011fa \u00e2\u015f\u0131\u011f\u0131 k\u00fc\u00e7\u00fck Hanako,karaya vuran dev balina Riyu\u00e7i\u2019ye yard\u0131m etmek istiyor.Ama Riyu\u00e7i \u00f6yle kocaman ki onu denize geri ta\u015f\u0131mak neredeyse imk\u00e2ns\u0131z.Hanako\u2019nun insanlar\u0131n yard\u0131m\u0131na, Riyu\u00e7i\u2019nin de sesini \u015fimdi \u00e7ok uzaklardaolan ailesine duyurmaya ihtiyac\u0131 var.Hanako ve Balinan\u0131n \u015eark\u0131s\u0131, bizlere do\u011fa sevgisinin de\u011ferini \u00f6\u011fretirken,canl\u0131lar\u0131n birbirileriyle olan ba\u011f\u0131n\u0131n ve yard\u0131mla\u015fman\u0131n \u00f6nemini g\u00f6steriyor.<\/p>\n","protected":false},"excerpt":{"rendered":"<p>D\u00fcnyadaki t\u00fcm canl\u0131larla konu\u015fabilen do\u011fa \u00e2\u015f\u0131\u011f\u0131 k\u00fc\u00e7\u00fck Hanako,karaya vuran dev balina Riyu\u00e7i\u2019ye yard\u0131m etmek istiyor.Ama Riyu\u00e7i \u00f6yle kocaman ki onu denize geri ta\u015f\u0131mak neredeyse imk\u00e2ns\u0131z.Hanako\u2019nun insanlar\u0131n<span class=\"excerpt-hellip\"> [\u2026]<\/span><\/p>\n","protected":false},"featured_media":0,"template":"","meta":{"_monsterinsights_skip_tracking":false,"_monsterinsights_sitenote_active":false,"_monsterinsights_sitenote_note":"","_monsterinsights_sitenote_category":0},"product_brand":[],"product_cat":[12274,12284],"product_tag":[],"class_list":{"0":"post-763727","1":"product","2":"type-product","3":"status-publish","5":"product_cat-cocuk-ve-genclik-kitaplari","6":"product_cat-hikayeler","7":"pa_cilt-ciltsiz","8":"pa_tur-kitap","9":"pa_yayinevi-masalperest-ozel-urun","10":"pa_yazar-akasya-asilturkmen","12":"first","13":"instock","14":"sale","15":"shipping-taxable","16":"purchasable","17":"product-type-simple"},"_links":{"self":[{"href":"https:\/\/roveyayinevi.com.tr\/index.php\/wp-json\/wp\/v2\/product\/763727","targetHints":{"allow":["GET"]}}],"collection":[{"href":"https:\/\/roveyayinevi.com.tr\/index.php\/wp-json\/wp\/v2\/product"}],"about":[{"href":"https:\/\/roveyayinevi.com.tr\/index.php\/wp-json\/wp\/v2\/types\/product"}],"wp:attachment":[{"href":"https:\/\/roveyayinevi.com.tr\/index.php\/wp-json\/wp\/v2\/media?parent=763727"}],"wp:term":[{"taxonomy":"product_brand","embeddable":true,"href":"https:\/\/roveyayinevi.com.tr\/index.php\/wp-json\/wp\/v2\/product_brand?post=763727"},{"taxonomy":"product_cat","embeddable":true,"href":"https:\/\/roveyayinevi.com.tr\/index.php\/wp-json\/wp\/v2\/product_cat?post=763727"},{"taxonomy":"product_tag","embeddable":true,"href":"https:\/\/roveyayinevi.com.tr\/index.php\/wp-json\/wp\/v2\/product_tag?post=763727"}],"curies":[{"name":"wp","href":"https:\/\/api.w.org\/{rel}","templated":true}]}}