{"id":763726,"date":"2025-08-28T10:49:56","date_gmt":"2025-08-28T07:49:56","guid":{"rendered":"https:\/\/roveyayinevi.com.tr\/index.php\/urun\/keske-tanimasaydim-seni\/"},"modified":"2026-04-15T03:29:42","modified_gmt":"2026-04-15T00:29:42","slug":"keske-tanimasaydim-seni","status":"publish","type":"product","link":"https:\/\/roveyayinevi.com.tr\/index.php\/urun\/keske-tanimasaydim-seni\/","title":{"rendered":"Ke\u015fke Tan\u0131masayd\u0131m Seni"},"content":{"rendered":"<p>Sen bana \u201c\u00dc\u015f\u00fcd\u00fcm,\u201d dedin diye ben kendimi yakt\u0131m, biliyor musun? Ama sen bunun de\u011ferini bilmedin. Ben evimde seni hayal ettim, \u00e7ocuklar\u0131m\u0131z\u0131 hayal ettim, d\u00fcnyan\u0131n seninle daha g\u00fczel olabilece\u011fini hayal ettim. Ama sen i\u00e7eri girmeyi reddettin, evimi ba\u015f\u0131ma y\u0131kt\u0131n ve ben alt\u0131nda kald\u0131m. Ama \u00f6nemli de\u011fil, \u00e7\u00fcnk\u00fc ne ev kald\u0131, ne de enkaz. Ben o enkazdan \u00e7\u0131kt\u0131m. Sen bana sevgisizli\u011fi \u00f6\u011frettin. Ke\u015fke seni hi\u00e7 tan\u0131masayd\u0131m&#8230; Yan\u0131ld\u0131m bu hayatta, bir\u00e7ok kez yan\u0131ld\u0131m. Ama en \u00e7ok sana yan\u0131ld\u0131m. Sende yan\u0131ld\u0131m. Belki d\u00f6nersin diye d\u00fc\u015f\u00fcnd\u00fcm, olmad\u0131. B\u0131rakt\u0131\u011f\u0131n yerde \u00f6ylece duruyorum, ne bir ad\u0131m ileri gittim, ne geri. Yapbozun kay\u0131p par\u00e7alar\u0131 olur ya, bir tanesi kaybolur. Asla tamamlanamaz. O kay\u0131p par\u00e7a sen de\u011filsin, benim. Sen geri kalan\u0131s\u0131n. Ve sen yoksun. Ben yapbozun o tek par\u00e7as\u0131 olarak ge\u00e7iriyorum hayat\u0131m\u0131. Ve galiba birisinin beni bulmas\u0131n\u0131 istiyorum, birisi \u00e7\u0131ksa da bulsa beni, diyorum. Bu d\u00fcnyada belki bir\u00e7ok insana sevgiyi anlatt\u0131m, bir tek sana anlatamad\u0131m. Ben ol ki anla! Kendi de\u011ferini anlad\u0131\u011f\u0131n zaman anlayacaks\u0131n ne demek istedi\u011fimi. G\u00fcn gelecek, herkese \u201cKe\u015fke tan\u0131masayd\u0131m sizi,\u201d diyeceksin. Ben diyor muyum? Dedim. Ve demesi bir \u00f6m\u00fcr s\u00fcrd\u00fc.<\/p>\n","protected":false},"excerpt":{"rendered":"<p>Sen bana \u201c\u00dc\u015f\u00fcd\u00fcm,\u201d dedin diye ben kendimi yakt\u0131m, biliyor musun? Ama sen bunun de\u011ferini bilmedin. Ben evimde seni hayal ettim, \u00e7ocuklar\u0131m\u0131z\u0131 hayal ettim, d\u00fcnyan\u0131n seninle daha<span class=\"excerpt-hellip\"> [\u2026]<\/span><\/p>\n","protected":false},"featured_media":0,"template":"","meta":{"_monsterinsights_skip_tracking":false,"_monsterinsights_sitenote_active":false,"_monsterinsights_sitenote_note":"","_monsterinsights_sitenote_category":0},"product_brand":[],"product_cat":[12777,12291],"product_tag":[],"class_list":{"0":"post-763726","1":"product","2":"type-product","3":"status-publish","5":"product_cat-deneme","6":"product_cat-edebiyat","7":"pa_cilt-ciltsiz","8":"pa_tur-kitap","9":"pa_yayinevi-hayykitap","10":"pa_yazar-zeus-kabadayi","12":"first","13":"instock","14":"sale","15":"shipping-taxable","16":"purchasable","17":"product-type-simple"},"_links":{"self":[{"href":"https:\/\/roveyayinevi.com.tr\/index.php\/wp-json\/wp\/v2\/product\/763726","targetHints":{"allow":["GET"]}}],"collection":[{"href":"https:\/\/roveyayinevi.com.tr\/index.php\/wp-json\/wp\/v2\/product"}],"about":[{"href":"https:\/\/roveyayinevi.com.tr\/index.php\/wp-json\/wp\/v2\/types\/product"}],"wp:attachment":[{"href":"https:\/\/roveyayinevi.com.tr\/index.php\/wp-json\/wp\/v2\/media?parent=763726"}],"wp:term":[{"taxonomy":"product_brand","embeddable":true,"href":"https:\/\/roveyayinevi.com.tr\/index.php\/wp-json\/wp\/v2\/product_brand?post=763726"},{"taxonomy":"product_cat","embeddable":true,"href":"https:\/\/roveyayinevi.com.tr\/index.php\/wp-json\/wp\/v2\/product_cat?post=763726"},{"taxonomy":"product_tag","embeddable":true,"href":"https:\/\/roveyayinevi.com.tr\/index.php\/wp-json\/wp\/v2\/product_tag?post=763726"}],"curies":[{"name":"wp","href":"https:\/\/api.w.org\/{rel}","templated":true}]}}