{"id":763711,"date":"2025-08-28T10:49:25","date_gmt":"2025-08-28T07:49:25","guid":{"rendered":"https:\/\/roveyayinevi.com.tr\/index.php\/urun\/gencler-icin-nutuk-6\/"},"modified":"2026-04-15T03:29:41","modified_gmt":"2026-04-15T00:29:41","slug":"gencler-icin-nutuk-6","status":"publish","type":"product","link":"https:\/\/roveyayinevi.com.tr\/index.php\/urun\/gencler-icin-nutuk-6\/","title":{"rendered":"Gen\u00e7ler \u0130\u00e7in Nutuk"},"content":{"rendered":"<p>\u201cEy y\u00fckselen yeni nesil! \u0130stikbal sizsiniz. Cumhuriyeti biz kurduk, onu y\u00fckseltecek ve ya\u015fatacak sizsiniz.\u201d Mustafa Kemal Atat\u00fcrk   Nutuk, sadece bir tarih kitab\u0131 de\u011fil, ayn\u0131 zamanda bir ilham kayna\u011f\u0131d\u0131r. Atat\u00fcrk\u2019\u00fcn vizyonu ve liderli\u011fi bize cesaret verir. T\u00fcrkiye\u2019nin ge\u00e7mi\u015ften ald\u0131\u011f\u0131 g\u00fc\u00e7le gelece\u011fe dair bir inanc\u0131 peki\u015ftirir. Bu kitap, gelecek nesillere T\u00fcrk milletinin m\u00fccadele azmini, iradesini ve kararl\u0131l\u0131\u011f\u0131n\u0131 anlat\u0131rken, ayn\u0131 zamanda onlara Cumhuriyet\u2019in de\u011ferleri ile \u00f6nemini de hat\u0131rlatmay\u0131 ama\u00e7lar.Bu \u00f6zel uyarlamada, Nutuk\u2019un karma\u015f\u0131k konular\u0131n\u0131 ve olaylar\u0131n\u0131 gen\u00e7ler i\u00e7in daha kolay anla\u015f\u0131l\u0131r hale getirmek i\u00e7in \u00e7aba g\u00f6sterdik. Atat\u00fcrk\u2019\u00fcn anlatt\u0131\u011f\u0131 kahramanl\u0131k hik\u00e2yelerini ve Cumhuriyet\u2019in kurulu\u015funun zorluklar\u0131n\u0131 sizlere aktarmaya \u00e7al\u0131\u015ft\u0131k.Umar\u0131z bu kitap, Atat\u00fcrk\u2019\u00fcn bak\u0131\u015f a\u00e7\u0131s\u0131n\u0131 anlaman\u0131za ve Cumhuriyet\u2019in temellerini kavraman\u0131za yard\u0131mc\u0131 olur. Gen\u00e7ler \u0130\u00e7in Nutuk, T\u00fcrk milletinin tarihini anlamak ve Cumhuriyet&#8217;in \u00f6nemini kavramak isteyen t\u00fcm \u00e7ocuklar i\u00e7in bir ba\u015flang\u0131\u00e7 noktas\u0131 olacakt\u0131r. <\/p>\n","protected":false},"excerpt":{"rendered":"<p>\u201cEy y\u00fckselen yeni nesil! \u0130stikbal sizsiniz. Cumhuriyeti biz kurduk, onu y\u00fckseltecek ve ya\u015fatacak sizsiniz.\u201d Mustafa Kemal Atat\u00fcrk Nutuk, sadece bir tarih kitab\u0131 de\u011fil, ayn\u0131 zamanda bir<span class=\"excerpt-hellip\"> [\u2026]<\/span><\/p>\n","protected":false},"featured_media":0,"template":"","meta":{"_monsterinsights_skip_tracking":false,"_monsterinsights_sitenote_active":false,"_monsterinsights_sitenote_note":"","_monsterinsights_sitenote_category":0},"product_brand":[],"product_cat":[12304],"product_tag":[],"class_list":{"0":"post-763711","1":"product","2":"type-product","3":"status-publish","5":"product_cat-tarih","6":"pa_cilt-ciltsiz","7":"pa_tur-kitap","8":"pa_yayinevi-fom-kitap","9":"pa_yazar-fuat-altay","11":"first","12":"instock","13":"sale","14":"shipping-taxable","15":"purchasable","16":"product-type-simple"},"_links":{"self":[{"href":"https:\/\/roveyayinevi.com.tr\/index.php\/wp-json\/wp\/v2\/product\/763711","targetHints":{"allow":["GET"]}}],"collection":[{"href":"https:\/\/roveyayinevi.com.tr\/index.php\/wp-json\/wp\/v2\/product"}],"about":[{"href":"https:\/\/roveyayinevi.com.tr\/index.php\/wp-json\/wp\/v2\/types\/product"}],"wp:attachment":[{"href":"https:\/\/roveyayinevi.com.tr\/index.php\/wp-json\/wp\/v2\/media?parent=763711"}],"wp:term":[{"taxonomy":"product_brand","embeddable":true,"href":"https:\/\/roveyayinevi.com.tr\/index.php\/wp-json\/wp\/v2\/product_brand?post=763711"},{"taxonomy":"product_cat","embeddable":true,"href":"https:\/\/roveyayinevi.com.tr\/index.php\/wp-json\/wp\/v2\/product_cat?post=763711"},{"taxonomy":"product_tag","embeddable":true,"href":"https:\/\/roveyayinevi.com.tr\/index.php\/wp-json\/wp\/v2\/product_tag?post=763711"}],"curies":[{"name":"wp","href":"https:\/\/api.w.org\/{rel}","templated":true}]}}